NOAA-Style Climate Reports


NOAA Climate Reports are updated by Weatherlink v6.0.3 once per hour from this station.
2007-2019 Summary

Report for 2020 May
                   MONTHLY CLIMATOLOGICAL SUMMARY for MAY. 2020

NAME: CW6839   CITY: Country Meadow, Clay   STATE: New York 
ELEV:   410 ft  LAT:  43° 10' 16" N  LONG:  76° 09' 44" W

                   TEMPERATURE (°F), RAIN  (in), WIND SPEED (mph)

                                      HEAT  COOL        AVG
    MEAN                              DEG   DEG         WIND                 DOM
DAY TEMP  HIGH   TIME   LOW    TIME   DAYS  DAYS  RAIN  SPEED HIGH   TIME    DIR
------------------------------------------------------------------------------------
 1  49.9  52.8  12:10a  41.4  12:00m  15.1   0.0  0.17   1.0  12.0   2:30p   NNW
 2  52.7  67.7   1:50p  36.4   5:50a  12.4   0.1  0.03   1.1  13.0   1:10p   WSW
 3  60.3  75.8   4:00p  47.1   5:10a   6.5   1.9  0.00   1.8  17.0   5:40p   WNW
 4  46.4  51.0   1:20a  42.7  12:00m  18.6   0.0  0.03   2.2  15.0   1:50p   WNW
 5  40.3  47.4   5:30p  31.0   6:10a  24.7   0.0  0.00   2.1  16.0  12:40a    NW
 6  42.8  54.9   4:20p  30.1   6:20a  22.2   0.0  0.00   1.1  12.0   4:50p    NW
 7  44.1  59.1  12:40p  30.0   6:10a  20.9   0.0  0.14   1.7  21.0   2:40p    SW
 8  38.5  44.6  10:10a  31.7  12:00m  26.5   0.0  0.00   2.1  15.0  10:20p    NW
 9  33.5  38.2   6:40p  29.0   6:20a  31.5   0.0  0.06   3.7  21.0   6:20p   WNW
10  41.5  49.8   3:20p  33.9   1:50a  23.5   0.0  0.04   1.7  14.0  12:10p   WSW
11  42.2  52.5   1:00p  38.6   3:40p  22.8   0.0  0.00   1.8  15.0   2:20p    NW
12  38.9  48.3   2:10p  32.6  12:00m  26.1   0.0  0.02   3.0  21.0   5:40p   WNW
13  41.9  53.7   3:00p  28.7   3:40a  23.1   0.0  0.00   1.3  16.0   3:10p    NW
14  49.3  66.2   4:30p  29.3   5:40a  15.7   0.0  0.04   0.9  10.0  10:20a   ENE
15  60.9  80.4   2:40p  53.5  12:10a   6.3   2.1  1.12   1.7  21.0   3:20p   ENE
16  55.1  63.3   3:10p  46.9  12:00m   9.9   0.0  0.00   1.5  13.0   2:40p   NNW
17  57.5  71.7   4:50p  40.9   5:40a   8.8   1.2  0.01   0.9  10.0   8:30p     N
18  58.7  62.7   4:00p  55.3   8:40a   6.3   0.0  0.29   2.0  13.0   9:10a   ENE
19  60.5  68.8   5:00p  50.6   6:10a   5.1   0.6  0.00   2.8  17.0   2:10p   ENE
20  60.1  72.1   4:20p  43.3   5:30a   6.6   1.7  0.00   2.6  16.0   1:00p   ENE
21  61.4  78.0   4:40p  43.6   6:00a   6.9   3.3  0.00   0.9  11.0   4:10p   SSE
22  68.2  80.4   5:20p  51.2   5:50a   2.9   6.0  0.00   0.7  11.0   2:20p    SW
23  70.5  80.7   2:10p  61.4  12:00m   0.4   5.9  0.28   1.3  14.0   2:50p   WNW
24  70.0  82.0   4:20p  56.2   6:00a   1.3   5.4  0.00   2.7  21.0   6:10p   SSE
25
26
27
28
29
30
31
-------------------------------------------------------------------------------------
    51.9  82.0    24    28.7    13   344.1  28.2  2.23   1.8  21.0     7     WNW

Max >=  90.0:  0
Max <=  32.0:  0
Min <=  32.0:  7
Min <=   0.0:  0
Max Rain: 1.12 ON 05/15/20
Days of Rain: 11 (>.01 in) 5 (>.1 in) 1 (>1 in)
Heat Base:  65.0  Cool Base:  65.0  Method: Integration