NOAA-Style Climate Reports


NOAA Climate Reports are updated by Weatherlink v6.0.3 once per hour from this station.
2007-2018 Summary

Report for 2019 May
                   MONTHLY CLIMATOLOGICAL SUMMARY for MAY. 2019

NAME: CW6839   CITY: Country Meadow, Clay   STATE: New York 
ELEV:   410 ft  LAT:  43° 10' 16" N  LONG:  76° 09' 44" W

                   TEMPERATURE (°F), RAIN  (in), WIND SPEED (mph)

                                      HEAT  COOL        AVG
    MEAN                              DEG   DEG         WIND                 DOM
DAY TEMP  HIGH   TIME   LOW    TIME   DAYS  DAYS  RAIN  SPEED HIGH   TIME    DIR
------------------------------------------------------------------------------------
 1  49.7  64.0   3:50p  42.6   4:00a  15.3   0.0  0.40   2.6  18.0  12:00p   ENE
 2  51.0  55.6   3:10p  45.9   8:40a  14.0   0.0  0.01   0.8   8.0   5:20a   NNW
 3  53.3  64.6   2:10p  46.0   2:20a  11.7   0.0  0.23   1.0  11.0   5:00a   NNW
 4  50.2  57.8   3:30p  45.0  12:00m  14.8   0.0  0.00   0.5   8.0   1:20p   NNW
 5  52.2  63.8   4:10p  42.1   6:00a  12.8   0.0  0.12   0.8   9.0   3:50p   ENE
 6  60.9  72.1   4:20p  53.3   7:00a   5.6   1.5  0.13   0.5  10.0   1:40p   ENE
 7  52.1  61.5  12:30a  42.8  11:40p  12.9   0.0  0.26   0.3   7.0   8:10a   WNW
 8  48.4  59.4   4:00p  37.1   5:20a  16.6   0.0  0.00   1.4  11.0   6:20p   NNW
 9  57.5  69.6   4:00p  46.0  12:10a   8.1   0.6  0.05   5.1  25.0  11:20p   SSE
10  57.7  71.4   1:00p  46.9  12:00m   7.7   0.3  0.86   3.3  20.0  12:20a    NW
11  49.1  58.7   4:40p  43.9   6:00a  15.9   0.0  0.00   1.3  12.0   2:50p    NW
12  43.6  49.7   3:40a  40.9  10:40p  21.4   0.0  0.48   2.3  17.0   3:10p     E
13  43.2  47.1  12:10p  40.5  12:00m  21.8   0.0  0.83   2.2  12.0  10:10a   ENE
14  42.7  48.2   5:30p  40.1  11:40p  22.3   0.0  0.21   1.9  13.0   4:00p   NNW
15  51.9  65.6   4:00p  37.7   2:10a  13.1   0.0  0.06   0.8  12.0   2:40p    NW
16  54.7  64.9   3:20p  46.0   6:10a  10.3   0.0  0.08   0.8  13.0   3:40p   NNW
17  57.0  67.9   9:50a  49.9  12:00m   8.1   0.1  0.06   1.3  17.0   3:20p    NW
18  54.1  66.4   3:10p  38.3   6:10a  10.9   0.0  0.00   0.7   9.0  12:10p     N
19  66.5  84.8  12:40p  52.3   4:50a   3.7   5.2  1.15   1.2  23.0   3:30p   ENE
20  63.1  75.0   1:30p  48.8  12:00m   3.6   1.7  0.07   2.4  23.0   5:10p    NW
21  52.3  62.5   4:20p  43.6   6:00a  12.7   0.0  0.00   1.6  17.0   4:10p    NW
22  56.6  69.5   4:00p  39.4   5:50a   8.9   0.5  0.00   0.6   9.0   9:40a   ENE
23  65.0  76.9   5:20p  53.5   5:10a   3.0   3.0  0.26   1.4  20.0   7:40p     S
24  57.9  64.2   4:50p  49.6  12:00m   7.1   0.0  0.00   1.4  15.0   2:30p    NW
25  54.6  68.8  11:40a  46.7   6:10a   5.9   0.3  0.03   1.2  14.0  10:00a   SSE
26
27
28
29
30
31
-------------------------------------------------------------------------------------
    53.8  84.8    19    37.1     8   288.2  13.2  5.29   1.5  25.0     9     NNW

Max >=  90.0:  0
Max <=  32.0:  0
Min <=  32.0:  0
Min <=   0.0:  0
Max Rain: 1.15 ON 05/19/19
Days of Rain: 17 (>.01 in) 11 (>.1 in) 1 (>1 in)
Heat Base:  65.0  Cool Base:  65.0  Method: Integration