NOAA-Style Climate Reports


NOAA Climate Reports are updated by Weatherlink v6.0.3 once per hour from this station.
2007-2017 Summary

Report for 2007
                            ANNUAL CLIMATOLOGICAL SUMMARY

NAME: CW6839  CITY: Country Meadow, Clay   STATE: New York  
ELEV:   125 m  LAT:  43° 10' 16" N  LONG:  76° 09' 44" W

               TEMPERATURE (°F), HEAT BASE 65.0, COOL BASE 65.0
                          DEP.  HEAT  COOL                                          
        MEAN  MEAN        FROM  DEG   DEG                        MAX  MAX  MIN  MIN 
 YR MO  MAX   MIN   MEAN  NORM  DAYS  DAYS  HI  DATE  LOW  DATE  >=90 <=32 <=32 <=0 
------------------------------------------------------------------------------------
 07  1  34.7  17.8  27.1   0.0  1175     0  61.3   5  -8.4   26    0   15   25    3
 07  2  25.8  10.3  19.1   0.0  1286     0  45.7  20 -11.7   19    0   21   28    3
 07  3  41.2  21.1  31.7   0.0  1031     0  65.2  14  -6.1    8    0    9   25    4
 07  4  52.6  34.4  43.3   0.0   662    11  82.8  23  21.9   11    0    1    8    0
 07  5  71.4  44.0  58.3   0.0   282    72  89.7  31  32.2    7    0    0    0    0
 07  6  80.7  54.7  67.7   0.0    97   179  92.9   8  39.5    7    4    0    0    0
 07  7  80.7  57.8  68.9   0.0    64   184  94.7   9  44.8    2    2    0    0    0
 07  8  81.7  58.9  70.1   0.0    60   218  95.9   2  45.5   19    6    0    0    0
 07  9  76.6  52.2  63.7   0.0   159   120  94.3   7  37.8   17    2    0    0    0
 07 10  67.6  47.9  57.1   0.0   290    46  85.5   5  27.8   29    0    0    1    0
 07 11  46.0  30.1  38.0   0.0   811     0  62.0   1  14.6   24    0    1   20    0
 07 12  34.1  21.6  28.5   0.0  1132     0  52.3  23   4.7    6    0   11   29    0
------------------------------------------------------------------------------------
        57.9  37.7  48.0   0.0  7048   831  95.9 AUG -11.7  FEB   14   58  136   10

                                PRECIPITATION (in)

               DEP.   MAX        DAYS OF RAIN 
               FROM   OBS.          OVER
 YR MO  TOTAL  NORM   DAY  DATE .01   .1   1
---------------------------------------------
 07  1  3.25   0.00  1.25    5   15    8    1
 07  2  1.04   0.00  0.49   20    6    3    0
 07  3  2.71   0.00  1.18   26   12    6    1
 07  4  4.51   0.00  0.81   16   17   11    0
 07  5  0.59   0.00  0.20   27    5    3    0
 07  6  2.85   0.00  1.68   19    8    5    1
 07  7  2.20   0.00  0.38   11   15    7    0
 07  8  1.18   0.00  0.28   23    5    5    0
 07  9  3.24   0.00  0.73   27   10    7    0
 07 10  4.28   0.00  1.72   23   12    9    1
 07 11  4.36   0.00  0.98   26   20   10    0
 07 12  4.11   0.00  0.93    3   14    9    0
---------------------------------------------
       34.32  0.00  1.72  OCT  139   83    4

                                WIND SPEED (mph)
                          DOM
 YR MO   AVG.  HI   DATE  DIR
---------------------------------
 07  1   2.2  30.0    8   WNW
 07  2   3.3  28.0    3   WNW
 07  3   2.7  32.0    5   WNW
 07  4   2.9  34.0   23   WNW
 07  5   1.6  31.0   27   WNW
 07  6   1.7  32.0    8   WNW
 07  7   1.3  21.0    9   WNW
 07  8   1.5  29.0   17   WNW
 07  9   1.3  29.0   14   WNW
 07 10   1.5  25.0   28   WNW
 07 11   2.4  33.0   29   WNW
 07 12   2.7  33.0    3   WNW
---------------------------------
         2.1  34.0  APR  WNW