NOAA-Style Climate Reports


NOAA Climate Reports are updated by Weatherlink v6.0.3 once per hour from this station.
2007-2017 Summary

Report for 2007 February
                   MONTHLY CLIMATOLOGICAL SUMMARY for FEB. 2007

NAME: CW6839   CITY: Country Meadow, Clay   STATE: New York 
ELEV:   125 m  LAT:  43° 10' 16" N  LONG:  76° 09' 44" W

                   TEMPERATURE (°F), RAIN  (in), WIND SPEED (mph)

                                      HEAT  COOL        AVG
    MEAN                              DEG   DEG         WIND                 DOM
DAY TEMP  HIGH   TIME   LOW    TIME   DAYS  DAYS  RAIN  SPEED HIGH   TIME    DIR
------------------------------------------------------------------------------------
 1  24.5  33.4   2:10p  19.7   8:00p  40.5   0.0  0.00   2.0  19.0  11:10a   SSW
 2  27.8  33.8   1:40p  22.1  12:10a  37.2   0.0  0.00   1.5  23.0  11:50p   ENE
 3  18.4  24.2   2:30p  12.1   7:10a  46.6   0.0  0.00   4.3  28.0   2:30a   WNW
 4   9.8  15.2  12:50p   5.0  10:30p  55.2   0.0  0.00   4.9  22.0  12:20a   WNW
 5   8.9  13.1   4:30p   5.0   3:10a  56.1   0.0  0.00   7.0  26.0   7:40a   WNW
 6  12.0  18.1   1:30p   6.9   8:50p  53.0   0.0  0.00   4.5  23.0  10:30a   WNW
 7  13.1  21.1   2:50p   7.0  12:50a  51.9   0.0  0.00   5.2  25.0   6:30p   WNW
 8  17.8  23.3   2:30p  15.4   7:50a  47.2   0.0  0.00   6.3  26.0   2:10a   WNW
 9  18.5  23.0   5:10p  13.6   8:00a  46.5   0.0  0.00   4.9  22.0   6:10a   WNW
10  21.3  26.4   1:20p  17.8  12:20a  43.7   0.0  0.00   5.0  23.0   6:10p   WNW
11  21.9  27.6   2:00p  15.6   7:30a  43.1   0.0  0.00   3.1  17.0   3:30a   WNW
12  21.7  28.1   1:00p   5.8  12:00m  43.3   0.0  0.00   2.6  14.0  12:10a   WNW
13   4.3  10.5   4:10p  -3.3   5:40a  60.7   0.0  0.00   1.3   9.0  11:40a     N
14   8.7  12.8  11:10p   6.1   4:40p  56.3   0.0  0.00   3.2  19.0  11:40p    NW
15  10.1  13.5  12:00m   7.0   4:40a  54.9   0.0  0.00   5.5  25.0  12:30p   WNW
16  16.1  22.5   2:40p   1.7  12:00m  48.9   0.0  0.00   4.2  26.0   2:10p   WNW
17  16.3  30.1   2:50p  -3.7   4:00a  48.7   0.0  0.03   1.0  15.0  12:20p     W
18  19.2  24.1  12:10a   7.6  12:00m  45.5   0.0  0.00   5.1  21.0   2:20p   WNW
19   7.1  16.2   2:50p -11.7   7:00a  57.9   0.0  0.00   2.0  12.0  12:20a     E
20  37.3  45.7   2:40p  14.9  12:10a  27.7   0.0  0.49   1.7  15.0   2:00a   SSW
21  30.9  40.6   2:40p  18.8  12:00m  34.1   0.0  0.07   1.1  10.0  11:40a   WNW
22  28.7  39.8  12:00p  16.4   2:30a  36.3   0.0  0.21   2.3  25.0   8:30p   WNW
23  20.0  25.0  12:10a  15.1  12:00m  44.7   0.0  0.01   5.7  22.0   4:00p   WNW
24  18.4  23.3  11:00p  11.6   5:40a  46.6   0.0  0.00   2.8  15.0  12:10a   WNW
25  20.7  30.9   7:10p   5.0   6:40a  44.3   0.0  0.01   1.8  12.0   3:00p   ENE
26  27.3  28.7   1:00p  26.1   3:30a  37.7   0.0  0.00   2.5  13.0  11:30a     E
27  28.1  33.4  12:10p  19.4  10:20p  36.9   0.0  0.15   0.6   7.0   5:00p   WNW
28  24.7  38.9   2:20p  10.5  12:00m  40.3   0.0  0.07   1.3  12.0   1:40p   WNW
-------------------------------------------------------------------------------------
    19.1  45.7    20   -11.7    19  1285.8   0.0  1.04   3.3  28.0     3     WNW

Max >=  90.0:  0
Max <=  32.0: 21
Min <=  32.0: 28
Min <=   0.0:  3
Max Rain: 0.49 ON 02/20/07
Days of Rain: 6 (>.01 in) 3 (>.1 in) 0 (>1 in)
Heat Base:  65.0  Cool Base:  65.0  Method: Integration