NOAA-Style Climate Reports


NOAA Climate Reports are updated by Weatherlink v6.0.3 once per hour from this station.
2007-2017 Summary

Report for 2007 March
                   MONTHLY CLIMATOLOGICAL SUMMARY for MAR. 2007

NAME: CW6839   CITY: Country Meadow, Clay   STATE: New York 
ELEV:   125 m  LAT:  43° 10' 16" N  LONG:  76° 09' 44" W

                   TEMPERATURE (°F), RAIN  (in), WIND SPEED (mph)

                                      HEAT  COOL        AVG
    MEAN                              DEG   DEG         WIND                 DOM
DAY TEMP  HIGH   TIME   LOW    TIME   DAYS  DAYS  RAIN  SPEED HIGH   TIME    DIR
------------------------------------------------------------------------------------
 1  21.0  31.8   4:00p   4.7   4:20a  44.0   0.0  0.00   3.2  20.0   8:30p     E
 2  33.3  39.3   2:40p  29.0  12:10a  31.7   0.0  0.36   1.5  16.0  12:10a    SE
 3  34.7  44.8  12:20p  27.9   5:10a  30.3   0.0  0.00   3.1  20.0   6:30p   WNW
 4  28.3  30.7  10:40a  26.7   3:00p  36.7   0.0  0.01   4.9  22.0   4:20p   WNW
 5  23.2  29.1   8:40a   9.5  12:00m  41.8   0.0  0.00   7.1  32.0   3:10p   WNW
 6   4.3  11.1   3:30p  -1.0   6:50a  60.7   0.0  0.00   4.0  19.0   3:30a   WNW
 7  12.4  22.9   2:50p  -3.1   6:30a  52.6   0.0  0.01   1.4  13.0  10:10p   WNW
 8  11.4  18.1   8:10a  -6.1  10:30p  53.6   0.0  0.00   2.1  16.0   2:20p   NNW
 9  12.5  29.3   3:30p  -6.1   3:30a  52.5   0.0  0.00   2.4  12.0  12:10p   ESE
10  31.3  40.6  11:50a  17.8  12:20a  33.7   0.0  0.03   1.7   9.0   4:10a   ENE
11  34.4  40.3   3:40p  23.9  12:00m  29.3   0.0  0.01   2.9  23.0   6:00a   WNW
12  34.0  51.7   1:50p  17.0   7:00a  31.0   0.0  0.00   0.6   7.0   4:20p   WNW
13  48.5  63.4   4:30p  35.0   2:00a  16.4   0.0  0.00   1.4  13.0  11:40a   SSW
14  55.6  65.2  11:10a  47.4   2:40a   9.4   0.0  0.22   2.1  14.0   1:30p   SSW
15  35.3  48.0  12:10a  23.2  12:00m  29.7   0.0  0.31   2.7  14.0   4:30p   WNW
16  24.0  30.6   3:30p  18.0   5:40a  41.0   0.0  0.00   2.1  13.0   1:20p     N
17  21.6  25.7   1:00p  17.2   6:30a  43.4   0.0  0.05   2.8  16.0   3:40p   WNW
18  27.2  32.4   4:00p  22.2   5:20a  37.8   0.0  0.07   5.4  26.0   4:30p   WNW
19  29.8  38.8  11:00p  17.3   6:40a  35.2   0.0  0.05   3.2  21.0   1:40p   SSW
20  27.3  37.5  12:10a  14.4  11:30p  37.7   0.0  0.02   4.9  24.0   8:40a   WNW
21  28.4  47.0   3:50p  10.0   6:20a  36.6   0.0  0.03   3.2  20.0  10:50p   ESE
22  49.8  63.2   1:00p  39.8   6:50a  15.2   0.0  0.12   4.7  31.0  12:00p   SSW
23  41.1  53.1   4:10p  29.4   6:40a  23.9   0.0  0.00   1.5  11.0  10:20a   WNW
24  35.0  42.2  12:50p  26.7   6:00a  30.0   0.0  0.22   2.3  15.0  12:10p     E
25  36.1  41.3   5:40p  32.5   7:40a  28.9   0.0  0.01   2.2  16.0   6:00p   WNW
26  42.6  48.2   6:50p  35.6  12:10a  22.4   0.0  1.18   2.4  12.0  12:00p     E
27  48.2  53.8   5:20p  41.2   2:00a  16.8   0.0  0.01   1.0  10.0   2:40p   WNW
28  40.8  48.5  12:20a  29.0  12:00m  24.2   0.0  0.00   2.6  14.0  10:10a   NNW
29  35.7  45.8   4:20p  26.7   7:00a  29.3   0.0  0.00   1.7  15.0  12:50p   NNW
30  37.0  52.2   1:30p  23.2   6:00a  28.0   0.0  0.00   1.0  11.0   1:00p    NW
31  38.0  51.4   5:30p  26.3   5:40a  27.0   0.0  0.00   1.3  14.0   4:10p   ENE
-------------------------------------------------------------------------------------
    31.7  65.2    14    -6.1     8  1030.8   0.0  2.71   2.7  32.0     5     WNW

Max >=  90.0:  0
Max <=  32.0:  9
Min <=  32.0: 25
Min <=   0.0:  4
Max Rain: 1.18 ON 03/26/07
Days of Rain: 12 (>.01 in) 6 (>.1 in) 1 (>1 in)
Heat Base:  65.0  Cool Base:  65.0  Method: Integration