NOAA-Style Climate Reports


NOAA Climate Reports are updated by Weatherlink v6.0.3 once per hour from this station.
2007-2017 Summary

Report for 2007 May
                   MONTHLY CLIMATOLOGICAL SUMMARY for MAY. 2007

NAME: CW6839   CITY: Country Meadow, Clay   STATE: New York 
ELEV:   125 m  LAT:  43° 10' 16" N  LONG:  76° 09' 44" W

                   TEMPERATURE (°F), RAIN  (in), WIND SPEED (mph)

                                      HEAT  COOL        AVG
    MEAN                              DEG   DEG         WIND                 DOM
DAY TEMP  HIGH   TIME   LOW    TIME   DAYS  DAYS  RAIN  SPEED HIGH   TIME    DIR
------------------------------------------------------------------------------------
 1  49.9  59.2   2:00p  37.8   6:30a  15.1   0.0  0.00   0.9   9.0   2:40p   WNW
 2  52.8  62.1   5:30p  42.8  11:40p  12.2   0.0  0.00   2.4  19.0   4:20p   NNW
 3  49.6  63.1   4:20p  33.8   6:00a  15.4   0.0  0.00   1.6  13.0  12:20p   NNW
 4  51.1  64.3   5:50p  33.8   5:20a  13.9   0.0  0.00   1.9  21.0  12:20p   NNW
 5  51.5  64.5  12:30p  36.5   5:10a  13.5   0.0  0.00   2.5  24.0   3:40p   NNW
 6  49.3  62.7   2:50p  35.3   4:20a  15.7   0.0  0.00   2.5  19.0   6:20p     N
 7  53.6  75.3   4:50p  32.2   6:00a  13.0   1.6  0.00   0.9  10.0  10:40a    SE
 8  65.0  83.8   4:50p  42.5   5:20a   6.4   6.3  0.00   1.4  12.0  10:50a   SSW
 9  69.3  86.5   2:40p  51.9   5:50a   3.0   7.3  0.00   0.7  13.0   2:50p   NNE
10  66.4  76.0   9:30a  58.3  11:50p   1.5   2.8  0.03   1.2  15.0  10:10a   ESE
11  61.4  73.7   3:40p  51.4   5:40a   5.0   1.5  0.00   1.4  14.0   1:50p   WNW
12  52.9  63.9   2:00p  41.6   6:00a  12.1   0.0  0.00   1.7  19.0   3:50p   WNW
13  47.8  59.6   4:00p  34.6   5:20a  17.2   0.0  0.00   1.5  16.0   1:10p   WNW
14  54.8  72.7   5:20p  32.2   5:50a  11.5   1.3  0.00   1.3  15.0   3:00p   SSW
15  69.6  83.2   4:40p  54.4   5:20a   1.6   6.1  0.14   3.3  24.0  11:50a   WNW
16  56.1  65.6   9:30a  45.1  11:10p   8.9   0.0  0.19   2.4  22.0  12:20p   WNW
17  47.9  53.9   1:50p  39.1  12:00m  17.1   0.0  0.03   1.1  12.0   2:50p   WNW
18  46.5  58.1   3:30p  33.8   6:00a  18.5   0.0  0.00   0.9  10.0   3:30p   WNW
19  52.7  66.6   2:30p  34.0   6:00a  12.4   0.1  0.00   1.8  15.0  12:20p   WNW
20  51.9  60.9  12:10p  42.1   4:50a  13.1   0.0  0.00   2.8  18.0  10:40a   WNW
21  51.9  62.7   5:00p  40.1   6:20a  13.1   0.0  0.00   1.9  16.0  12:30p   WNW
22  55.5  72.7   5:10p  36.6   6:10a  11.1   1.6  0.00   1.0  10.0   2:40p   ENE
23  63.8  83.8   5:10p  45.7   5:40a   5.6   4.7  0.00   1.3  12.0   2:50p    NE
24  67.0  72.1   9:00p  64.2  12:00m   0.0   0.3  0.00   0.0   1.0  11:10p     E
25  73.6  87.8  12:50p  58.3   5:50a   1.2   9.8  0.00   1.2  14.0   3:50p   WNW
26  64.3  74.7   3:20p  53.9  11:40p   2.7   2.1  0.00   1.7  13.0   2:20p   WNW
27  66.4  81.4   4:50p  54.5  12:10a   3.1   4.4  0.20   1.3  31.0   6:10p     W
28  64.1  72.0   1:50p  50.2  12:00m   2.8   1.9  0.00   2.9  23.0   2:00p   WNW
29  59.6  74.0   5:30p  44.5   5:30a   7.8   2.3  0.00   1.0  11.0   2:50p   WNW
30  66.9  86.3   4:00p  46.2   5:50a   5.6   7.5  0.00   0.8  10.0   1:00p   WNW
31  73.9  89.7   4:20p  57.6   6:10a   1.8  10.6  0.00   0.8  10.0   3:50p   WNW
-------------------------------------------------------------------------------------
    58.3  89.7    31    32.2     7   281.9  72.2  0.59   1.6  31.0    27     WNW

Max >=  90.0:  0
Max <=  32.0:  0
Min <=  32.0:  0
Min <=   0.0:  0
Max Rain: 0.20 ON 05/27/07
Days of Rain: 5 (>.01 in) 3 (>.1 in) 0 (>1 in)
Heat Base:  65.0  Cool Base:  65.0  Method: Integration