NOAA-Style Climate Reports


NOAA Climate Reports are updated by Weatherlink v6.0.3 once per hour from this station.
2007-2017 Summary

Report for 2007 June
                   MONTHLY CLIMATOLOGICAL SUMMARY for JUN. 2007

NAME: CW6839   CITY: Country Meadow, Clay   STATE: New York 
ELEV:   125 m  LAT:  43° 10' 16" N  LONG:  76° 09' 44" W

                   TEMPERATURE (°F), RAIN  (in), WIND SPEED (mph)

                                      HEAT  COOL        AVG
    MEAN                              DEG   DEG         WIND                 DOM
DAY TEMP  HIGH   TIME   LOW    TIME   DAYS  DAYS  RAIN  SPEED HIGH   TIME    DIR
------------------------------------------------------------------------------------
 1  73.8  87.4   1:50p  61.8   5:20a   0.4   9.2  0.00   1.0  12.0   6:40p   WNW
 2  76.3  89.5   2:30p  62.4   6:10a   0.1  11.4  0.00   0.7  10.0   2:10p   WNW
 3  69.9  82.6  12:00p  61.8   4:50a   0.4   5.3  0.17   1.6  24.0   2:30p    SE
 4  64.1  67.4   6:00p  62.3   5:50a   1.2   0.4  0.64   1.8  14.0   1:10a   ESE
 5  59.4  73.9  12:20p  46.7  11:50p   6.5   0.9  0.04   3.5  28.0   3:30p   WNW
 6  51.4  62.3   4:10p  42.9  12:00m  13.6   0.0  0.00   2.6  16.0   5:20p   WNW
 7  61.0  81.8   5:40p  39.5   4:30a   8.6   4.6  0.00   1.7  12.0   1:10p    SE
 8  75.5  92.9   4:30p  60.2   3:10a   1.1  11.6  0.12   2.5  32.0   8:10p   SSW
 9  62.6  74.9   4:10p  51.6  12:00m   4.5   2.1  0.00   2.1  15.0   2:40a   WNW
10  63.9  78.1   5:00p  48.3   5:40a   5.6   4.5  0.00   1.1  15.0   1:20p   WNW
11  67.5  82.0   5:00p  52.2   1:40a   3.3   5.8  0.00   1.0  12.0   4:20p   WNW
12  71.9  86.5   4:30p  55.3   5:30a   2.0   9.0  0.00   1.3  17.0   1:50p   WNW
13  72.3  87.6   2:30p  58.4   6:00a   1.4   8.7  0.00   1.6  14.0   2:50p   WNW
14  65.3  77.0   5:40p  53.6   5:50a   2.3   2.7  0.00   2.3  14.0   9:10a   ESE
15  66.5  80.1   1:20p  51.9   6:00a   3.7   5.1  0.00   0.6   9.0   3:10p   WNW
16  69.1  83.6   2:00p  52.9   5:40a   3.2   7.4  0.00   1.2  14.0   3:40p   WNW
17  71.1  82.0   2:00p  59.2   1:40a   1.3   7.4  0.01   1.4  14.0  10:00a   WNW
18  72.0  86.5   4:00p  56.0   6:00a   1.7   8.7  0.00   0.7   7.0  12:10p    NE
19  73.6  90.1  11:00a  63.5   2:30a   0.1   8.6  1.68   1.4  25.0   3:10p   ESE
20  65.1  70.6   3:30p  55.4  12:00m   1.9   2.0  0.04   3.9  28.0  12:20p   WNW
21  65.1  80.5   3:40p  51.9   4:20a   4.1   4.2  0.03   1.8  17.0   4:30p   WNW
22  59.9  68.6   4:20p  51.3  12:00m   5.4   0.4  0.00   2.6  18.0   4:00p   WNW
23  57.0  67.8   6:00p  44.2   5:30a   8.3   0.3  0.00   2.0  18.0   1:10p   WNW
24  65.7  82.4   5:30p  48.2  12:40a   4.6   5.3  0.00   1.1  14.0   4:30p   WNW
25  73.4  88.8   3:20p  56.0   6:00a   1.9  10.3  0.00   0.9  12.0   3:30p   WNW
26  77.4  92.3   5:00p  60.2   5:10a   0.7  13.1  0.00   1.0  13.0  11:40a   WNW
27  79.6  92.5   1:20p  69.1   6:00a   0.0  14.6  0.12   1.7  16.0   2:00p   WNW
28  74.3  81.6   4:30p  62.9  11:30p   0.1   9.4  0.00   2.2  15.0   4:50p   WNW
29  64.2  73.5   2:40p  52.9  12:00m   3.3   2.6  0.00   1.2  14.0   2:50p   WNW
30  62.7  75.8   2:50p  49.4   3:30a   5.4   3.2  0.00   1.4  15.0   2:50p   WNW
-------------------------------------------------------------------------------------
    67.7  92.9     8    39.5     7    96.7 178.8  2.85   1.7  32.0     8     WNW

Max >=  90.0:  4
Max <=  32.0:  0
Min <=  32.0:  0
Min <=   0.0:  0
Max Rain: 1.68 ON 06/19/07
Days of Rain: 8 (>.01 in) 5 (>.1 in) 1 (>1 in)
Heat Base:  65.0  Cool Base:  65.0  Method: Integration