NOAA-Style Climate Reports


NOAA Climate Reports are updated by Weatherlink v6.0.3 once per hour from this station.
2007-2017 Summary

Report for 2007 July
                   MONTHLY CLIMATOLOGICAL SUMMARY for JUL. 2007

NAME: CW6839   CITY: Country Meadow, Clay   STATE: New York 
ELEV:   125 m  LAT:  43° 10' 16" N  LONG:  76° 09' 44" W

                   TEMPERATURE (°F), RAIN  (in), WIND SPEED (mph)

                                      HEAT  COOL        AVG
    MEAN                              DEG   DEG         WIND                 DOM
DAY TEMP  HIGH   TIME   LOW    TIME   DAYS  DAYS  RAIN  SPEED HIGH   TIME    DIR
------------------------------------------------------------------------------------
 1  58.1  67.9   5:10p  48.6   4:10a   7.1   0.2  0.00   1.6  16.0   1:20p   WNW
 2  60.0  73.3   5:10p  44.8   5:30a   7.0   2.0  0.00   1.2  15.0  12:00p   WNW
 3  65.2  80.5   3:10p  48.8   4:00a   5.1   5.3  0.00   1.0  10.0   2:00p   WNW
 4  65.1  71.6   9:40a  55.9   2:00a   1.4   1.5  0.06   1.8  14.0  11:50a    SE
 5  69.1  78.5   5:40p  62.9   6:10a   0.4   4.5  0.02   0.5   6.0   9:50a   WNW
 6  67.8  79.8   4:10p  57.5  12:00m   2.2   5.0  0.00   1.9  17.0   3:00p   WNW
 7  71.4  83.4   3:30p  56.7   4:00a   1.9   8.3  0.00   2.3  17.0   1:00p   WNW
 8  74.4  83.4   4:10p  65.8   1:30a   0.0   9.4  0.29   1.8  17.0   9:50a     W
 9  78.5  94.7   4:30p  67.4   4:30a   0.0  13.5  0.03   2.3  21.0   6:10p   WNW
10  79.0  93.4   2:30p  67.1   3:40a   0.0  14.0  0.00   1.1  13.0   2:00p   NNE
11  73.6  85.1   1:10p  59.5  12:00m   0.3   8.9  0.38   2.2  19.0  12:50p   SSW
12  65.9  78.6   4:10p  54.7   4:30a   3.2   4.1  0.00   1.8  17.0   5:40p   WNW
13  64.3  74.2   3:00p  55.4   5:40a   3.3   2.6  0.24   1.7  17.0   2:00a   WNW
14  66.3  78.8   4:40p  55.3   4:10a   2.8   4.1  0.04   1.2  16.0   2:40p   SSW
15  67.3  75.3   3:50p  55.7  12:00m   1.4   3.8  0.12   1.5  14.0   2:50p   WNW
16  65.1  79.2   3:10p  53.2   5:50a   3.9   4.0  0.00   0.6  11.0   1:40p   WNW
17  70.3  84.7   3:10p  54.5   5:10a   2.5   7.8  0.06   0.8  11.0   1:50p     W
18  70.3  80.3   4:00p  64.5   3:20a   0.0   5.3  0.09   1.1   9.0   3:50p   ESE
19  68.6  77.4   4:00p  62.1   4:50a   0.5   4.0  0.23   1.2  13.0   1:30p   WNW
20  63.5  68.4   6:10p  57.8  12:00m   1.7   0.2  0.30   2.7  19.0   9:40a   WNW
21  66.5  77.7   4:30p  55.3   6:10a   3.2   4.7  0.00   1.3  14.0   3:00p   WNW
22  67.0  82.2   3:10p  51.1   5:30a   4.1   6.1  0.00   0.6  11.0   3:40p   NNE
23  63.9  75.6   3:30p  53.3   5:30a   3.5   2.4  0.15   0.6   9.0   7:40p   WNW
24  66.1  75.4   6:00p  60.4   7:50a   1.6   2.7  0.08   1.3  11.0  11:00a     W
25  70.8  86.5   4:10p  57.5   5:40a   1.6   7.4  0.00   0.9   9.0  11:50a    NE
26  76.1  88.2   4:50p  62.6   6:00a   0.2  11.3  0.00   1.6  15.0   2:00p   SSW
27  72.2  85.5   1:30p  64.2  11:50p   0.0   7.2  0.10   1.1  12.0   2:00p     E
28  71.6  82.8   4:00p  61.8   6:00a   0.7   7.2  0.01   0.8  12.0   4:10p   WNW
29  73.3  85.5   2:40p  62.4  12:00m   0.1   8.4  0.00   0.7  12.0   2:50p   WNW
30  71.2  84.9   4:00p  58.3   5:50a   1.9   8.1  0.00   0.8  12.0   2:00p   WNW
31  72.6  88.4   3:40p  56.2   5:40a   2.1   9.7  0.00   1.1  14.0   3:50p   WNW
-------------------------------------------------------------------------------------
    68.9  94.7     9    44.8     2    63.7 183.7  2.20   1.3  21.0     9     WNW

Max >=  90.0:  2
Max <=  32.0:  0
Min <=  32.0:  0
Min <=   0.0:  0
Max Rain: 0.38 ON 07/11/07
Days of Rain: 15 (>.01 in) 7 (>.1 in) 0 (>1 in)
Heat Base:  65.0  Cool Base:  65.0  Method: Integration