NOAA-Style Climate Reports


NOAA Climate Reports are updated by Weatherlink v6.0.3 once per hour from this station.
2007-2017 Summary

Report for 2007 August
                   MONTHLY CLIMATOLOGICAL SUMMARY for AUG. 2007

NAME: CW6839   CITY: Country Meadow, Clay   STATE: New York 
ELEV:   125 m  LAT:  43° 10' 16" N  LONG:  76° 09' 44" W

                   TEMPERATURE (°F), RAIN  (in), WIND SPEED (mph)

                                      HEAT  COOL        AVG
    MEAN                              DEG   DEG         WIND                 DOM
DAY TEMP  HIGH   TIME   LOW    TIME   DAYS  DAYS  RAIN  SPEED HIGH   TIME    DIR
------------------------------------------------------------------------------------
 1  75.5  91.8   4:20p  60.9   6:00a   0.7  11.2  0.00   0.7  11.0   4:00p   WNW
 2  80.0  95.9   3:00p  63.2   5:40a   0.2  15.2  0.00   1.1  12.0   3:20p   SSW
 3  80.4  93.8   3:20p  67.8   6:10a   0.0  15.4  0.00   1.9  15.0  12:20a   WNW
 4  71.3  81.8   1:40p  58.3  12:00m   1.0   7.4  0.00   1.6  17.0   3:30p   WNW
 5  69.9  81.6   4:50p  53.5   6:10a   2.8   7.7  0.00   1.8  12.0   1:10p   ESE
 6  76.9  84.7   2:40p  69.3  11:40p   0.0  11.9  0.00   2.5  16.0   5:30p   SSW
 7  74.0  86.1   3:00p  65.8   3:00a   0.0   9.0  0.16   0.8  21.0   8:50p   WNW
 8  77.4  85.5   3:30p  66.9  12:00m   0.0  12.4  0.00   3.1  20.0  10:40a   WNW
 9  71.5  82.0   2:00p  59.9   6:40a   0.6   7.1  0.01   0.9  11.0  11:10a   ENE
10  67.1  71.6   3:50p  61.8  12:00m   0.3   2.4  0.21   2.2  18.0   2:20p    NE
11  69.8  85.3   4:30p  54.7   5:30a   2.6   7.4  0.00   0.9  14.0   1:30p   WNW
12  73.1  87.8   4:10p  58.9   4:10a   1.6   9.6  0.00   1.3  16.0   7:20p   WNW
13  72.3  80.9   2:40p  62.0  12:00m   0.0   7.3  0.00   2.5  17.0   5:00p   WNW
14  65.9  79.0   4:20p  52.0   6:30a   3.0   3.9  0.00   0.8  12.0   2:10p   WNW
15  70.8  81.1   3:20p  59.5   2:10a   0.9   6.8  0.00   2.8  20.0  10:50a   WNW
16  72.4  88.4   3:00p  55.9   6:00a   2.0   9.4  0.00   1.8  15.0  11:30a   WNW
17  65.1  80.3   4:00p  53.8   2:40a   3.8   3.9  0.23   1.7  29.0   6:50p   WNW
18  57.8  68.9   5:20p  49.9   4:50a   6.9   0.4  0.01   2.0  19.0   1:50p   WNW
19  60.8  75.3   2:30p  45.5   6:00a   6.8   2.6  0.00   0.9  11.0   3:20p   NNE
20  57.6  63.4   4:40p  50.1   4:30a   7.4   0.0  0.00   1.0  11.0  10:00a     E
21  60.1  65.0   3:30p  53.2  12:50a   4.9   0.0  0.00   2.7  14.0   3:20p    SE
22  64.2  70.4   5:00p  59.3   2:20a   2.2   1.3  0.00   2.1  12.0   3:30a    SE
23  69.5  82.6   2:00p  60.7   2:50a   0.8   5.3  0.28   1.5  12.0  12:50p    SE
24  77.9  91.4   3:30p  67.8   1:20a   0.0  12.8  0.00   1.5  14.0  11:20a   SSW
25  78.4  91.6   1:20p  70.3   5:00a   0.0  13.4  0.28   1.5  16.0  12:50a   WNW
26  67.6  72.3  12:10a  62.9   9:30p   0.2   2.8  0.00   1.9  15.0  12:50a   WNW
27  68.0  82.6   5:10p  58.0   6:50a   2.1   5.2  0.00   0.5  10.0   5:40p   WNW
28  68.3  82.6   3:40p  54.1   6:20a   3.1   6.4  0.00   0.8   7.0   1:30p    NE
29  75.0  91.2   3:40p  59.6   5:00a   1.3  11.2  0.00   0.8  13.0   3:00p     W
30  69.4  79.8  11:30a  58.7  12:00m   0.4   4.9  0.00   0.9  13.0   1:30p   WNW
31  64.0  76.8   3:40p  51.4   6:00a   4.6   3.6  0.00   0.9  14.0   4:00p   WNW
-------------------------------------------------------------------------------------
    70.1  95.9     2    45.5    19    60.2 217.9  1.18   1.5  29.0    17     WNW

Max >=  90.0:  6
Max <=  32.0:  0
Min <=  32.0:  0
Min <=   0.0:  0
Max Rain: 0.28 ON 08/23/07
Days of Rain: 5 (>.01 in) 5 (>.1 in) 0 (>1 in)
Heat Base:  65.0  Cool Base:  65.0  Method: Integration