NOAA-Style Climate Reports


NOAA Climate Reports are updated by Weatherlink v6.0.3 once per hour from this station.
2007-2017 Summary

Report for 2007 September
                   MONTHLY CLIMATOLOGICAL SUMMARY for SEP. 2007

NAME: CW6839   CITY: Country Meadow, Clay   STATE: New York 
ELEV:   125 m  LAT:  43° 10' 16" N  LONG:  76° 09' 44" W

                   TEMPERATURE (°F), RAIN  (in), WIND SPEED (mph)

                                      HEAT  COOL        AVG
    MEAN                              DEG   DEG         WIND                 DOM
DAY TEMP  HIGH   TIME   LOW    TIME   DAYS  DAYS  RAIN  SPEED HIGH   TIME    DIR
------------------------------------------------------------------------------------
 1  61.2  73.7   2:40p  48.9  12:00m   5.9   2.1  0.00   0.9  13.0  11:10a   WNW
 2  60.5  79.9   4:00p  42.5   6:50a   8.3   3.8  0.00   0.8  12.0   3:30p   WNW
 3  67.8  83.4   5:20p  52.2   2:10a   4.0   6.7  0.00   1.5  15.0   3:50p   WNW
 4  63.5  74.4   1:20p  53.1   6:50a   3.8   2.3  0.00   0.8  10.0  12:50p   WNW
 5  63.1  76.1   2:40p  51.3   2:00a   4.5   2.6  0.00   1.0  10.0  12:40p    NE
 6  76.3  90.3   4:10p  61.2   4:40a   0.8  12.1  0.00   2.0  16.0   4:20p   SSW
 7  83.1  94.3   4:00p  69.3   5:20a   0.0  18.1  0.00   3.3  22.0   4:50p   SSW
 8  75.5  84.3   1:50p  63.5  11:00p   0.1  10.6  0.35   1.5  17.0  12:30a   WNW
 9  65.6  68.1   5:00p  63.2   4:30a   0.4   1.1  0.54   0.2   7.0  10:30a    SE
10  65.6  74.0   3:20p  58.3  11:40p   1.6   2.2  0.05   0.9  10.0   3:10p   WNW
11  63.4  74.9   3:10p  56.9  12:00m   3.0   1.4  0.40   1.4  23.0  11:50p   WNW
12  59.5  69.3   2:40p  52.3  12:00m   5.9   0.4  0.00   3.7  23.0   2:00p   WNW
13  60.3  73.9   4:40p  49.5   6:50a   6.5   1.8  0.00   0.9  10.0   4:50p    SE
14  65.3  76.1   2:30p  52.6   1:30a   4.1   4.4  0.09   4.1  29.0   2:40p   SSW
15  54.3  60.5   1:40p  49.2  12:00m  10.7   0.0  0.41   2.5  17.0   1:50p   WNW
16  52.1  64.2   4:30p  42.6   7:20a  12.9   0.0  0.05   0.5   7.0  12:00p     W
17  51.9  66.4   3:20p  37.8   6:40a  13.1   0.1  0.00   1.0  15.0  12:30p    NE
18  56.9  72.3   2:00p  43.1   7:00a   9.7   1.5  0.00   1.0  12.0   1:50p   ESE
19  60.8  77.9   2:50p  47.1   7:00a   7.2   3.0  0.00   1.0   9.0   1:20p   ESE
20  63.9  81.1   3:30p  50.8   3:20a   5.4   4.3  0.00   0.4  10.0   1:30p   WNW
21  65.9  81.4   1:40p  51.7   4:20a   4.1   5.0  0.00   0.7   7.0  10:00a   NNE
22  70.3  85.1   2:00p  53.6  12:00m   1.6   6.9  0.00   2.4  19.0   3:50p   SSW
23  58.6  72.5   1:40p  47.3   7:10a   8.0   1.6  0.00   0.9  14.0   2:00p   WNW
24  60.3  79.9   5:30p  43.8   5:30a   8.4   3.7  0.00   0.7   9.0   2:20p    NW
25  69.4  89.9   3:40p  47.7   6:00a   5.0   9.4  0.00   1.1  15.0   3:50p   SSW
26  75.3  85.5  12:50p  68.4   9:30p   0.0  10.3  0.37   1.2  14.0  11:10a   WNW
27  67.4  78.1  11:50a  60.4  11:30p   0.8   3.2  0.73   0.7  10.0  11:50a   WNW
28  59.3  68.9  12:20p  56.2   6:50a   5.8   0.1  0.25   1.6  25.0   5:10p   WNW
29  57.1  69.3   2:40p  47.1  12:00m   8.3   0.5  0.00   0.8  13.0   2:50p   WNW
30  56.9  73.2   3:50p  43.9   7:30a   9.4   1.2  0.00   0.9  12.0   3:00p    SE
-------------------------------------------------------------------------------------
    63.7  94.3     7    37.8    17   159.3 120.4  3.24   1.3  29.0    14     WNW

Max >=  90.0:  2
Max <=  32.0:  0
Min <=  32.0:  0
Min <=   0.0:  0
Max Rain: 0.73 ON 09/27/07
Days of Rain: 10 (>.01 in) 7 (>.1 in) 0 (>1 in)
Heat Base:  65.0  Cool Base:  65.0  Method: Integration