NOAA-Style Climate Reports


NOAA Climate Reports are updated by Weatherlink v6.0.3 once per hour from this station.
2007-2017 Summary

Report for 2007 October
                   MONTHLY CLIMATOLOGICAL SUMMARY for OCT. 2007

NAME: CW6839   CITY: Country Meadow, Clay   STATE: New York 
ELEV:   125 m  LAT:  43° 10' 16" N  LONG:  76° 09' 44" W

                   TEMPERATURE (°F), RAIN  (in), WIND SPEED (mph)

                                      HEAT  COOL        AVG
    MEAN                              DEG   DEG         WIND                 DOM
DAY TEMP  HIGH   TIME   LOW    TIME   DAYS  DAYS  RAIN  SPEED HIGH   TIME    DIR
------------------------------------------------------------------------------------
 1  62.5  75.4   3:10p  51.1   2:10a   5.5   3.0  0.00   2.6  18.0  12:40p    SE
 2  62.5  69.4   1:40p  52.9   7:10a   3.4   0.9  0.00   2.3  18.0   2:50p    SE
 3  70.6  80.9   3:00p  60.7   7:20a   0.1   5.7  0.00   3.4  20.0  12:30p   SSW
 4  66.2  79.2   4:00p  55.4  11:30p   2.4   3.6  0.00   0.3   7.0   2:10p     W
 5  66.8  85.5   3:10p  53.3   7:10a   3.7   5.5  0.00   0.4   6.0   1:20p   NNE
 6  68.5  85.5   1:30p  58.9   3:30a   1.7   5.3  0.33   0.7  23.0   2:50p   ESE
 7  63.7  71.8   2:50p  57.3   9:00a   2.6   1.3  0.05   0.9  13.0   2:10p   WNW
 8  66.9  77.9   1:30p  58.6   2:10a   1.7   3.6  0.43   0.5  11.0   1:40p   WNW
 9  62.5  69.3  12:10a  57.6  12:00m   3.0   0.5  0.16   1.1  12.0   2:20p   ENE
10  61.1  75.3   2:40p  52.2  11:40p   5.3   1.4  0.02   1.4  14.0   4:10p    SE
11  51.8  53.3   3:50p  50.8   7:20a  13.2   0.0  0.29   0.2   7.0   4:20p   WNW
12  47.1  52.0   2:10p  42.5  11:30p  17.9   0.0  0.00   2.0  18.0   1:50p   WNW
13  49.2  56.3  12:00p  41.2   7:10a  15.8   0.0  0.24   2.8  18.0  10:00a     W
14  50.0  57.5   3:00p  45.2   6:30a  15.0   0.0  0.02   1.5  17.0   3:30p   WNW
15  52.0  58.3   1:30p  44.9  10:20p  13.0   0.0  0.00   0.7  10.0  12:30p   WNW
16  48.3  62.1   3:00p  35.3   7:30a  16.7   0.0  0.00   0.5   7.0   1:40p    NE
17  56.9  71.6   2:40p  46.8   1:00a   8.8   0.7  0.00   0.8   9.0  11:50a   ENE
18  61.0  71.6   4:20p  51.4   6:20a   5.6   1.6  0.00   0.9  15.0  11:40p   ESE
19  68.6  73.9  10:40a  63.7  12:00m   0.1   3.7  0.38   2.5  20.0  10:40a   SSE
20  60.0  63.7  12:10a  56.3  12:00m   5.0   0.0  0.01   2.5  19.0   2:00p     W
21  63.0  77.6   3:00p  44.9   7:40a   5.6   3.6  0.00   1.5  15.0   5:20p   SSW
22  64.9  81.8   3:30p  47.1   7:40a   5.4   5.3  0.00   1.2  15.0  10:00p   SSW
23  58.4  69.4  12:10a  47.7  11:20p   6.7   0.2  1.72   2.3  20.0  12:30p   SSW
24  49.7  60.5   3:30p  41.3  12:00m  15.3   0.0  0.00   0.2   6.0  11:30a    NE
25  46.4  60.9   2:50p  34.9   7:40a  18.6   0.0  0.00   0.8  11.0  12:20p    NE
26  46.9  54.2  12:50p  38.8  12:40a  18.1   0.0  0.24   2.1  16.0   1:50p     E
27  55.9  61.6   1:50p  51.3  12:10a   9.1   0.0  0.38   2.6  23.0  11:40p   WNW
28  43.7  52.9  12:10a  34.4  10:50p  21.3   0.0  0.01   3.0  25.0   1:50a   WNW
29  41.0  52.5   2:20p  27.8   6:20a  24.0   0.0  0.00   0.9  14.0   2:40p   SSW
30  50.7  61.8   2:50p  41.5   8:20a  14.3   0.0  0.00   1.1  12.0   1:00p     W
31  54.6  70.4   3:20p  38.9   6:40a  11.0   0.6  0.00   2.5  20.0   8:30p   SSW
-------------------------------------------------------------------------------------
    57.1  85.5     5    27.8    29   289.9  46.5  4.28   1.5  25.0    28     WNW

Max >=  90.0:  0
Max <=  32.0:  0
Min <=  32.0:  1
Min <=   0.0:  0
Max Rain: 1.72 ON 10/23/07
Days of Rain: 12 (>.01 in) 9 (>.1 in) 1 (>1 in)
Heat Base:  65.0  Cool Base:  65.0  Method: Integration