NOAA-Style Climate Reports


NOAA Climate Reports are updated by Weatherlink v6.0.3 once per hour from this station.
2007-2017 Summary

Report for 2007 November
                   MONTHLY CLIMATOLOGICAL SUMMARY for NOV. 2007

NAME: CW6839   CITY: Country Meadow, Clay   STATE: New York 
ELEV:   125 m  LAT:  43° 10' 16" N  LONG:  76° 09' 44" W

                   TEMPERATURE (°F), RAIN  (in), WIND SPEED (mph)

                                      HEAT  COOL        AVG
    MEAN                              DEG   DEG         WIND                 DOM
DAY TEMP  HIGH   TIME   LOW    TIME   DAYS  DAYS  RAIN  SPEED HIGH   TIME    DIR
------------------------------------------------------------------------------------
 1  50.7  62.0   3:20a  44.2  11:50p  14.3   0.0  0.04   3.8  22.0   3:40a   WNW
 2  41.3  52.0   2:30p  30.6   8:10a  23.7   0.0  0.00   1.1  11.0  12:50p   ENE
 3  39.4  53.3   3:30p  26.4   6:30a  25.6   0.0  0.00   0.6   9.0   4:20p   ENE
 4  41.9  50.4  12:00p  34.4   5:20a  23.1   0.0  0.01   0.5  10.0  12:00p   WNW
 5  44.2  55.9   1:50p  30.3   6:40a  20.8   0.0  0.12   2.7  23.0  10:00p   SSW
 6  43.0  48.5   1:40a  39.2  12:00m  22.0   0.0  0.13   3.4  22.0   5:00p   SSW
 7  36.1  40.9  12:20p  31.9  11:00p  28.9   0.0  0.16   4.3  23.0   8:30a   WNW
 8  35.5  42.5  12:30p  30.4  12:00m  29.5   0.0  0.03   0.9   9.0   1:30a     W
 9  36.6  45.7   1:10p  27.3   5:00a  28.4   0.0  0.01   1.6  13.0   1:40p   ESE
10  35.9  46.1   1:30p  24.2  12:00m  29.1   0.0  0.01   1.1  10.0   2:50a   WNW
11  32.2  46.1   2:20p  20.3   6:10a  32.8   0.0  0.00   0.6   9.0   3:40p   ESE
12  41.9  48.6   2:30p  35.6  12:30a  23.1   0.0  0.22   2.0  12.0   2:10p     E
13  45.3  53.6  12:50p  33.7  11:00p  19.7   0.0  0.03   1.8  13.0   3:10a   WNW
14  49.9  61.5   1:00p  31.9   1:40a  15.1   0.0  0.10   2.8  23.0  11:00a   SSW
15  41.9  50.1  12:10a  37.6  10:30p  23.1   0.0  0.91   1.2  14.0   7:00a   WNW
16  34.5  38.8   1:10a  31.8   6:50p  30.5   0.0  0.08   4.2  25.0  11:30a   WNW
17  32.0  37.6   1:40p  27.0   9:30p  33.0   0.0  0.17   1.2  15.0   5:40a     W
18  31.5  42.3   2:10p  23.5   7:30a  33.5   0.0  0.05   0.8  11.0   1:10p     E
19  34.8  40.9   4:00p  24.2  12:20a  30.2   0.0  0.00   3.1  20.0  11:50p     E
20  42.5  48.3   3:30p  37.3  11:00p  22.5   0.0  0.79   2.1  26.0   1:30a    SE
21  41.9  48.0  12:20p  38.3  12:10a  23.1   0.0  0.18   1.7  11.0   5:40a   WNW
22  34.8  39.9  12:10a  28.4  12:00m  30.2   0.0  0.14   3.0  20.0   2:20p   WNW
23  25.6  29.5   2:10p  15.7  12:00m  39.4   0.0  0.00   3.7  19.0   3:20p   WNW
24  27.1  35.2   9:20p  14.6   1:00a  37.9   0.0  0.02   1.6  14.0   9:20p   SSW
25  37.3  46.5   2:00p  30.6   8:10p  27.7   0.0  0.02   2.1  17.0  11:10p   SSW
26  39.4  41.5   1:30p  36.6   2:10a  25.6   0.0  0.98   0.8   9.0  12:10a     E
27  38.8  44.2  12:50p  32.2  11:50p  26.2   0.0  0.09   5.5  29.0   7:30p   WNW
28  31.0  39.3  12:00m  27.8   8:30a  34.0   0.0  0.00   2.5  19.0  12:20a   ESE
29  39.9  48.3  12:10p  31.5  12:00m  25.1   0.0  0.07   6.5  33.0   2:00p   WNW
30  32.5  41.6   4:40p  26.3   7:40a  32.5   0.0  0.00   5.8  32.0   4:40p   WNW
-------------------------------------------------------------------------------------
    38.0  62.0     1    14.6    24   810.6   0.0  4.36   2.4  33.0    29     WNW

Max >=  90.0:  0
Max <=  32.0:  1
Min <=  32.0: 20
Min <=   0.0:  0
Max Rain: 0.98 ON 11/26/07
Days of Rain: 20 (>.01 in) 10 (>.1 in) 0 (>1 in)
Heat Base:  65.0  Cool Base:  65.0  Method: Integration