NOAA-Style Climate Reports


NOAA Climate Reports are updated by Weatherlink v6.0.3 once per hour from this station.
2007-2017 Summary

Report for 2007 December
                   MONTHLY CLIMATOLOGICAL SUMMARY for DEC. 2007

NAME: CW6839   CITY: Country Meadow, Clay   STATE: New York 
ELEV:   125 m  LAT:  43° 10' 16" N  LONG:  76° 09' 44" W

                   TEMPERATURE (°F), RAIN  (in), WIND SPEED (mph)

                                      HEAT  COOL        AVG
    MEAN                              DEG   DEG         WIND                 DOM
DAY TEMP  HIGH   TIME   LOW    TIME   DAYS  DAYS  RAIN  SPEED HIGH   TIME    DIR
------------------------------------------------------------------------------------
 1  17.7  26.6  12:20a   8.3   7:30p  47.3   0.0  0.01   3.1  19.0   2:50a   WNW
 2  19.6  31.9  11:50p  12.4  12:10a  45.4   0.0  0.00   3.6  18.0   7:40a   ESE
 3  30.1  41.6   5:20a  19.9  10:20p  34.9   0.0  0.93   6.8  33.0  11:30a   WNW
 4  23.1  25.0   1:50p  20.3  12:10a  41.9   0.0  0.00   3.8  19.0   2:40a   WNW
 5  20.5  24.2  12:10p   9.7  12:00m  44.5   0.0  0.00   1.3  11.0   1:10p   WNW
 6  19.7  29.4   2:00p   4.7   1:20a  45.3   0.0  0.06   1.6  18.0  12:20p     W
 7  26.0  33.7  11:20p  12.8  12:30a  39.0   0.0  0.00   1.3  14.0   1:50p   SSW
 8  33.3  37.3  10:20a  29.1  12:00m  31.7   0.0  0.06   2.8  20.0  11:10a   WNW
 9  26.6  29.1  12:10a  25.1   8:00a  38.4   0.0  0.00   1.6  11.0   4:10p   ENE
10  29.0  34.4   1:40p  24.5   6:50p  36.0   0.0  0.05   0.3   7.0   3:00p     W
11  33.2  36.9  12:10p  28.8  12:10a  31.8   0.0  0.45   1.1   9.0  12:50p   SSW
12  33.8  37.6   1:30a  26.0  12:00m  31.2   0.0  0.43   3.8  24.0   5:40p   WNW
13  23.3  26.9  12:00m  21.1   4:00a  41.7   0.0  0.00   2.4  15.0   4:10p     E
14  32.0  38.0  12:50p  17.3  12:00m  33.0   0.0  0.13   4.8  25.0   1:50p   WNW
15  13.6  18.4   6:30p   5.6   8:00a  51.4   0.0  0.00   2.5  19.0   9:10p     E
16  20.7  27.8   7:50p  14.1   2:00a  44.3   0.0  0.00   6.6  28.0   5:40a   ESE
17  20.8  25.0  12:00m  15.6   3:10a  44.2   0.0  0.01   4.9  24.0   2:30p   WNW
18  23.8  31.3   2:00p  14.8  11:50p  41.2   0.0  0.00   1.1  12.0  10:20a     E
19  27.5  34.4  11:40p  15.1  12:10a  37.5   0.0  0.00   1.2  20.0  12:10p   ENE
20  29.7  34.3  12:10a  24.5  11:40p  35.3   0.0  0.00   1.3  11.0  11:10a   WNW
21  29.7  37.0   3:20p  23.6   5:50a  35.3   0.0  0.01   2.0  16.0   3:40p   ESE
22  35.4  40.5  11:30p  27.3   7:10a  29.6   0.0  0.36   2.8  14.0   8:20p    SE
23  43.5  52.3   5:20p  29.7  11:30p  21.5   0.0  0.93   5.7  27.0  11:10p    SE
24  30.9  32.8   9:10a  27.5   5:00a  34.1   0.0  0.00   3.2  20.0   9:30a   WNW
25  32.8  34.9  11:50a  31.3  12:00m  32.2   0.0  0.01   1.9  17.0   5:50a     W
26  30.3  38.2   1:50p  21.1   7:50a  34.7   0.0  0.03   0.4   7.0   1:10p     E
27  34.4  38.3   7:00p  31.8   5:40a  30.6   0.0  0.26   1.9  15.0   7:00p   ESE
28  36.2  41.2  11:40p  34.6   6:10a  28.8   0.0  0.18   2.0  16.0  10:10p     W
29  39.6  44.8   2:50a  36.2  10:30p  25.4   0.0  0.06   3.7  24.0   1:20a   WNW
30  34.6  37.8   2:20p  30.7  10:30p  30.4   0.0  0.00   1.7  12.0   2:50a   WNW
31  31.4  37.0   1:50p  26.0   7:10p  33.6   0.0  0.14   1.9  20.0   1:50p   WNW
-------------------------------------------------------------------------------------
    28.5  52.3    23     4.7     6  1132.2   0.0  4.11   2.7  33.0     3     WNW

Max >=  90.0:  0
Max <=  32.0: 11
Min <=  32.0: 29
Min <=   0.0:  0
Max Rain: 0.93 ON 12/03/07
Days of Rain: 14 (>.01 in) 9 (>.1 in) 0 (>1 in)
Heat Base:  65.0  Cool Base:  65.0  Method: Integration