NOAA-Style Climate Reports


NOAA Climate Reports are updated by Weatherlink v6.0.3 once per hour from this station.
2007-2017 Summary

Report for 2008
                            ANNUAL CLIMATOLOGICAL SUMMARY

NAME: CW6839  CITY: Country Meadow, Clay   STATE: New York  
ELEV:   410 ft  LAT:  43° 10' 16" N  LONG:  76° 09' 44" W

               TEMPERATURE (°F), HEAT BASE 65.0, COOL BASE 65.0
                          DEP.  HEAT  COOL                                          
        MEAN  MEAN        FROM  DEG   DEG                        MAX  MAX  MIN  MIN 
 YR MO  MAX   MIN   MEAN  NORM  DAYS  DAYS  HI  DATE  LOW  DATE  >=90 <=32 <=32 <=0 
------------------------------------------------------------------------------------
 08  1  36.5  21.5  29.1   0.0  1112     0  68.4   8  -6.3    3    0   12   25    1
 08  2  32.9  18.0  25.7   0.0  1141     0  55.3  18  -4.3   29    0   11   27    1
 08  3  39.8  22.6  31.5   0.0  1036     0  61.6   3  10.5   10    0    2   29    0
 08  4  63.5  39.0  51.3   0.0   448    38  85.9  19  21.0    3    0    0    6    0
 08  5  65.8  41.1  53.9   0.0   369    26  83.8  26  28.5    1    0    0    1    0
 08  6  80.0  59.2  68.9   0.0    63   181  95.4   9  51.3   18    3    0    0    0
 08  7  82.0  59.9  71.0   0.0    39   227  91.0  12  49.5    5    3    0    0    0
 08  8  77.7  56.9  66.6   0.0    80   129  88.0  24  46.7   20    0    0    0    0
 08  9  73.5  51.9  62.2   0.0   169    84  91.6   5  37.8   19    1    0    0    0
 08 10  58.9  38.3  47.9   0.0   537     8  77.6  14  26.3   19    0    0    8    0
 08 11  45.5  31.1  38.1   0.0   807     1  68.4   6   6.9   23    0    5   12    0
 08 12  36.7  21.0  28.9   0.0  1103     0  60.5  28  -0.2    8    0   12   27    1
------------------------------------------------------------------------------------
        57.8  38.4  48.0   0.0  6903   694  95.4 JUN  -6.3  JAN    7   42  135    3

                                PRECIPITATION (in)

               DEP.   MAX        DAYS OF RAIN 
               FROM   OBS.          OVER
 YR MO  TOTAL  NORM   DAY  DATE .01   .1   1
---------------------------------------------
 08  1  1.65   0.00  0.56   11   14    4    0
 08  2  3.89   0.00  1.10    5   17    8    1
 08  3  4.90   0.00  0.78   31   22   11    0
 08  4  3.05   0.00  1.04   26    8    5    1
 08  5  1.71   0.00  0.30   22   12    7    0
 08  6  2.80   0.00  0.59    6   14    9    0
 08  7  4.81   0.00  1.35   13   11    8    2
 08  8  3.97   0.00  1.07    7   15   10    1
 08  9  2.35   0.00  0.64   12    7    6    0
 08 10  6.05   0.00  1.36   16   14    9    3
 08 11  3.31   0.00  0.79   25   16   10    0
 08 12  3.08   0.00  1.09   24   12    7    1
---------------------------------------------
       41.57  0.00  1.36  OCT  162   94    9

                                WIND SPEED (mph)
                          DOM
 YR MO   AVG.  HI   DATE  DIR
---------------------------------
 08  1   2.7  38.0    9   WNW
 08  2   2.4  32.0   17   WNW
 08  3   2.9  37.0   25   WNW
 08  4   2.9  34.0    1   WNW
 08  5   2.1  27.0    7   WNW
 08  6   1.5  23.0   10   WNW
 08  7   1.2  24.0   23     W
 08  8   1.0  19.0    3   WNW
 08  9   1.1  37.0   15   WNW
 08 10   1.4  29.0   28   WNW
 08 11   1.6  29.0   16     W
 08 12   3.2  40.0   30   WNW
---------------------------------
         2.0  40.0  DEC  WNW