NOAA-Style Climate Reports


NOAA Climate Reports are updated by Weatherlink v6.0.3 once per hour from this station.
2007-2017 Summary

Report for 2008 January
                   MONTHLY CLIMATOLOGICAL SUMMARY for JAN. 2008

NAME: CW6839   CITY: Country Meadow, Clay   STATE: New York 
ELEV:   125 m  LAT:  43° 10' 16" N  LONG:  76° 09' 44" W

                   TEMPERATURE (°F), RAIN  (in), WIND SPEED (mph)

                                      HEAT  COOL        AVG
    MEAN                              DEG   DEG         WIND                 DOM
DAY TEMP  HIGH   TIME   LOW    TIME   DAYS  DAYS  RAIN  SPEED HIGH   TIME    DIR
------------------------------------------------------------------------------------
 1  30.9  36.5   1:40p  25.3  12:00m  34.1   0.0  0.17   2.6  24.0  12:30p     E
 2  13.3  25.3  12:10a   5.8   7:10p  51.7   0.0  0.00   2.7  18.0  12:10a   NNW
 3   4.7  12.4   2:10p  -6.3   7:50a  60.3   0.0  0.00   0.6  10.0  12:10a   NNE
 4  21.7  31.9   2:40p  10.5  12:10a  43.3   0.0  0.00   1.1  18.0  12:00p    SW
 5  27.6  40.5   2:20p  13.6   1:50a  37.4   0.0  0.09   0.7  11.0  12:50p   SSW
 6  37.8  44.3   1:00p  33.8   7:10a  27.2   0.0  0.10   0.2   4.0  12:30p     E
 7  54.7  63.2   2:00p  37.3   1:40a  10.3   0.0  0.00   2.2  19.0   1:30p   SSW
 8  62.8  68.4   1:00p  59.2   5:50a   2.6   0.4  0.00   4.4  20.0   3:20p   SSW
 9  49.1  62.4   1:10a  37.5  12:00m  15.9   0.0  0.13   7.9  38.0   9:00a   WNW
10  36.6  42.6   2:10p  32.2   8:10a  28.4   0.0  0.00   1.9  14.0   4:10a     W
11  40.1  48.8   2:30p  34.3   1:50a  24.9   0.0  0.56   3.2  22.0   3:10p   WNW
12  38.0  43.3  11:30a  29.4  12:00m  27.0   0.0  0.01   2.1  15.0   2:40a   WNW
13  32.6  38.2   3:10p  25.1   6:20a  32.4   0.0  0.01   2.0  14.0   4:10p   ESE
14  32.8  34.3   4:10p  31.9   7:20a  32.2   0.0  0.06   1.6  11.0  10:10p   ESE
15  28.3  33.1  12:10a  21.0  12:00m  36.7   0.0  0.04   2.2  15.0   2:20a   WNW
16  23.5  32.2  11:50a  13.1   7:10a  41.5   0.0  0.07   0.3  10.0   2:50p   WNW
17  28.4  35.3   2:30p  20.8   1:40a  36.6   0.0  0.00   2.8  20.0   1:40p   ESE
18  32.4  38.8   6:10a  25.1  11:50p  32.6   0.0  0.07   5.0  28.0   3:40a   WNW
19  25.7  31.6  12:00p  18.3  11:50p  39.3   0.0  0.00   3.7  20.0   5:20p   SSW
20  15.3  18.9   1:30p  11.9   7:40a  49.7   0.0  0.00   5.6  24.0  12:20p   WNW
21  16.4  22.9   2:00p  12.3   4:10a  48.6   0.0  0.00   3.4  21.0   8:00a     W
22  26.2  34.9   8:50p  13.3   3:10a  38.8   0.0  0.00   3.7  27.0  10:10p   SSW
23  22.6  28.7   1:30p  17.3   4:50a  42.4   0.0  0.00   3.4  21.0  12:50p     W
24  19.5  25.6  12:10p  13.6   7:20a  45.5   0.0  0.00   1.5  16.0   9:40p     W
25  22.1  28.5   2:00p  15.9   8:00a  42.9   0.0  0.08   4.3  22.0   5:30p   WNW
26  23.8  29.4   1:40p  21.6   3:40a  41.2   0.0  0.00   1.6  11.0   4:30a     W
27  25.4  31.2   2:50p  15.4   7:00a  39.6   0.0  0.04   0.3   4.0  10:20a     E
28  26.1  34.1   2:20p  18.3  10:00p  38.9   0.0  0.02   0.2   5.0   1:40p     N
29  30.8  38.2  11:40p  18.3  12:50a  34.2   0.0  0.16   1.5   9.0   2:50a     E
30  30.5  47.3   6:50a  22.4  12:00m  34.5   0.0  0.04   8.4  38.0   9:00a   WNW
31  23.4  29.0  12:50p  18.4   7:20a  41.6   0.0  0.00   2.7  18.0   1:00a   WNW
-------------------------------------------------------------------------------------
    29.1  68.4     8    -6.3     3  1112.3   0.4  1.65   2.7  38.0     9     WNW

Max >=  90.0:  0
Max <=  32.0: 12
Min <=  32.0: 25
Min <=   0.0:  1
Max Rain: 0.56 ON 01/11/08
Days of Rain: 14 (>.01 in) 4 (>.1 in) 0 (>1 in)
Heat Base:  65.0  Cool Base:  65.0  Method: Integration