NOAA-Style Climate Reports


NOAA Climate Reports are updated by Weatherlink v6.0.3 once per hour from this station.
2007-2017 Summary

Report for 2008 February
                   MONTHLY CLIMATOLOGICAL SUMMARY for FEB. 2008

NAME: CW6839   CITY: Country Meadow, Clay   STATE: New York 
ELEV:   125 m  LAT:  43° 10' 16" N  LONG:  76° 09' 44" W

                   TEMPERATURE (°F), RAIN  (in), WIND SPEED (mph)

                                      HEAT  COOL        AVG
    MEAN                              DEG   DEG         WIND                 DOM
DAY TEMP  HIGH   TIME   LOW    TIME   DAYS  DAYS  RAIN  SPEED HIGH   TIME    DIR
------------------------------------------------------------------------------------
 1  28.5  33.7  11:30p  23.9   8:10a  36.5   0.0  0.54   2.8  22.0   9:40a     E
 2  32.4  33.5  12:50a  31.0   4:00a  32.6   0.0  0.16   0.1  10.0   6:00p     W
 3  32.2  34.3   1:00p  28.8   6:40a  32.8   0.0  0.17   0.3   9.0   2:10p     W
 4  32.8  35.0  11:50p  30.6   7:30a  32.1   0.0  0.15   1.7  15.0  11:40p   ESE
 5  38.3  44.2   4:30p  34.3  12:50a  26.7   0.0  1.10   1.5  15.0   5:20p     E
 6  33.3  36.6  12:10a  31.3   4:30p  31.7   0.0  0.70   1.4  14.0   9:20a    NW
 7  26.5  34.1   1:00a  21.8   4:50p  38.5   0.0  0.00   1.8  15.0  11:00a   WNW
 8  28.2  33.8   2:50p  23.3  12:10a  36.8   0.0  0.02   0.7   6.0  11:20a   ESE
 9  32.3  37.9   9:00p  25.6   1:50a  32.7   0.0  0.09   1.2  14.0  11:20a    SE
10  22.6  35.0  12:50a   6.3  11:40p  42.4   0.0  0.02   6.5  29.0  12:30p   WNW
11  13.2  20.5   1:30p   6.5  12:10a  51.8   0.0  0.00   6.3  29.0   4:50a   WNW
12  15.7  19.2   3:20p   8.1   7:30a  49.3   0.0  0.00   2.5  15.0   8:10p     E
13  25.3  31.9  11:40a  17.7  11:50p  39.7   0.0  0.00   2.9  16.0   6:10p   WNW
14  25.6  34.0   2:20p  14.6   3:50a  39.4   0.0  0.16   1.3  14.0  12:30p   WNW
15  27.9  35.8   2:10a  18.0  10:50p  37.1   0.0  0.00   4.6  22.0  12:10p   WNW
16  18.6  28.2   2:20p   9.3  12:00m  46.4   0.0  0.03   0.8  11.0   3:10p   WNW
17  30.4  49.5  12:00m   8.1   1:10a  34.6   0.0  0.45   4.9  32.0   7:50p   SSE
18  42.6  55.3   5:20a  33.2  12:00m  22.4   0.0  0.02   4.5  25.0   4:20a   WNW
19  26.8  33.2  12:10a  20.5  11:50p  38.2   0.0  0.00   5.8  28.0   6:20p   WNW
20  21.1  26.6   2:10p  17.5  11:40p  43.9   0.0  0.00   4.5  22.0   8:20a   WNW
21  17.6  24.8  12:40p  10.7   6:10a  47.4   0.0  0.07   1.1  14.0   1:40a   WNW
22  22.9  27.9   2:20p  17.8   1:20a  42.1   0.0  0.00   1.5  10.0   7:20a     E
23  21.9  27.5   3:20p  14.4   8:50p  43.1   0.0  0.03   1.4  14.0   2:50p   WNW
24  27.5  37.6   2:50p  17.5  11:50p  37.5   0.0  0.08   1.2  13.0   3:20p     W
25  26.7  40.1   2:40p  12.1   7:20a  38.3   0.0  0.01   1.1  14.0  11:10a   WNW
26  30.0  32.4   8:40p  25.4  12:40a  34.8   0.0  0.08   0.8  10.0   1:00p    NW
27  17.9  28.8  12:10a  13.5   7:40p  47.1   0.0  0.00   1.5  16.0   2:00p   WNW
28  10.7  15.4   1:40p   5.4   7:10a  54.3   0.0  0.00   1.8  18.0   4:10p   WNW
29  14.8  28.4   4:00p  -4.3   7:10a  50.2   0.0  0.01   2.9  20.0   4:20p    SE
-------------------------------------------------------------------------------------
    25.7  55.3    18    -4.3    29  1140.4   0.0  3.89   2.4  32.0    17     WNW

Max >=  90.0:  0
Max <=  32.0: 11
Min <=  32.0: 27
Min <=   0.0:  1
Max Rain: 1.10 ON 02/05/08
Days of Rain: 17 (>.01 in) 8 (>.1 in) 1 (>1 in)
Heat Base:  65.0  Cool Base:  65.0  Method: Integration