NOAA-Style Climate Reports


NOAA Climate Reports are updated by Weatherlink v6.0.3 once per hour from this station.
2007-2017 Summary

Report for 2008 March
                   MONTHLY CLIMATOLOGICAL SUMMARY for MAR. 2008

NAME: CW6839   CITY: Country Meadow, Clay   STATE: New York 
ELEV:   125 m  LAT:  43° 10' 16" N  LONG:  76° 09' 44" W

                   TEMPERATURE (°F), RAIN  (in), WIND SPEED (mph)

                                      HEAT  COOL        AVG
    MEAN                              DEG   DEG         WIND                 DOM
DAY TEMP  HIGH   TIME   LOW    TIME   DAYS  DAYS  RAIN  SPEED HIGH   TIME    DIR
------------------------------------------------------------------------------------
 1  27.8  35.3  10:50a  23.9   2:10a  37.2   0.0  0.13   4.3  23.0   7:50p   WNW
 2  27.1  35.3   3:00p  11.9   7:00a  37.9   0.0  0.17   1.6  14.0   2:20a   WNW
 3  44.6  61.6   3:00p  24.4   2:50a  20.4   0.0  0.09   4.1  22.0   3:30p     E
 4  34.2  53.1  12:10a  30.9   8:20p  30.8   0.0  0.37   2.5  21.0   2:10a   WNW
 5  31.3  35.6   5:10a  27.2  12:00m  33.7   0.0  0.56   4.2  24.0   1:50p   WNW
 6  31.2  43.6   2:40p  19.9   6:40a  33.8   0.0  0.01   1.1  16.0   4:10p     W
 7  32.4  44.5   1:30p  22.2   6:50a  32.6   0.0  0.15   0.7  11.0   3:30p   ESE
 8  31.3  33.7   1:20p  23.2  12:00m  33.2   0.0  0.77   2.4  31.0   9:40p   NNE
 9  21.6  25.4   3:40p  18.4   8:00a  41.6   0.0  0.03   6.6  26.0   3:40a   WNW
10  22.6  32.1   4:10p  10.5   7:40a  42.4   0.0  0.12   1.8  15.0   3:10p   WNW
11  29.7  38.2   3:10p  20.2   1:30a  35.3   0.0  0.10   1.3  15.0   2:10p   WNW
12  30.5  33.5   4:40p  22.7  12:00m  34.5   0.0  0.10   2.9  24.0   5:00p   WNW
13  25.2  40.2  11:50p  11.6   4:50a  39.8   0.0  0.00   1.9  15.0   2:10p     E
14  40.8  48.5  12:20p  31.0   6:40a  24.2   0.0  0.17   1.5  11.0   3:00a    SE
15  37.5  42.2   2:30p  30.4  11:50p  27.5   0.0  0.01   0.7  10.0  11:10a   WNW
16  32.7  38.5   3:10p  27.3  11:30p  32.3   0.0  0.00   2.4  19.0   3:20p   NNW
17  27.1  36.2   4:40p  18.9   7:40a  37.9   0.0  0.00   2.1  13.0   1:50a     N
18  34.5  46.8  12:30p  23.8  12:10a  30.5   0.0  0.06   3.6  20.0   5:10p    SE
19  37.8  39.5   5:40p  36.3  12:10a  27.2   0.0  0.64   2.0  15.0   2:30a   ENE
20  34.6  37.3   3:20p  28.2  11:40p  30.4   0.0  0.07   8.9  33.0   4:30p   WNW
21  27.8  32.5   4:50p  22.1   7:40a  37.2   0.0  0.00   8.5  27.0   4:00p   WNW
22  27.3  34.3   2:50p  18.8   7:40a  37.7   0.0  0.00   2.9  18.0   4:40p   WNW
23  25.9  33.7   2:00p  16.2   7:20a  39.1   0.0  0.00   2.1  17.0   1:20p   WNW
24  25.6  35.0   2:50p  17.5   5:10a  39.4   0.0  0.00   1.8  16.0   3:20p   WNW
25  32.1  45.7   4:50p  14.6   6:40a  32.9   0.0  0.04   4.1  37.0   9:10p   SSW
26  39.9  45.2   1:10p  30.4  11:50p  25.1   0.0  0.06   4.4  22.0   8:40a   WNW
27  36.5  49.1   1:00p  26.3   3:30a  28.5   0.0  0.07   1.1  16.0   1:50p   WSW
28  31.9  34.0   5:20p  27.6   8:50p  33.1   0.0  0.26   1.3  15.0   5:10p    NW
29  24.5  29.4   1:50a  17.3  11:10p  40.5   0.0  0.10   2.4  15.0  12:40p   WNW
30  29.1  44.9   5:20p  12.1   6:40a  35.9   0.0  0.04   2.6  18.0   5:30p   ESE
31  41.7  48.5   4:50p  33.5   7:00a  23.3   0.0  0.78   3.0  19.0   5:00a   SSE
-------------------------------------------------------------------------------------
    31.5  61.6     3    10.5    10  1035.9   0.0  4.90   2.9  37.0    25     WNW

Max >=  90.0:  0
Max <=  32.0:  2
Min <=  32.0: 29
Min <=   0.0:  0
Max Rain: 0.78 ON 03/31/08
Days of Rain: 22 (>.01 in) 11 (>.1 in) 0 (>1 in)
Heat Base:  65.0  Cool Base:  65.0  Method: Integration