NOAA-Style Climate Reports


NOAA Climate Reports are updated by Weatherlink v6.0.3 once per hour from this station.
2007-2017 Summary

Report for 2008 April
                   MONTHLY CLIMATOLOGICAL SUMMARY for APR. 2008

NAME: CW6839   CITY: Country Meadow, Clay   STATE: New York 
ELEV:   125 m  LAT:  43° 10' 16" N  LONG:  76° 09' 44" W

                   TEMPERATURE (°F), RAIN  (in), WIND SPEED (mph)

                                      HEAT  COOL        AVG
    MEAN                              DEG   DEG         WIND                 DOM
DAY TEMP  HIGH   TIME   LOW    TIME   DAYS  DAYS  RAIN  SPEED HIGH   TIME    DIR
------------------------------------------------------------------------------------
 1  55.1  67.6   3:30p  35.5  12:00m  10.0   0.1  0.09   7.5  34.0   7:10p   SSW
 2  32.1  37.8   3:10p  23.9  12:00m  32.9   0.0  0.00   7.0  32.0  12:10a   WNW
 3  39.6  55.6   4:00p  21.0   7:20a  25.4   0.0  0.00   2.6  21.0   6:30p   SSW
 4  40.2  45.2  12:10a  37.2   8:40a  24.8   0.0  0.23   2.4  15.0  10:00a   ESE
 5  41.6  53.2   3:20p  34.9   3:40a  23.4   0.0  0.01   2.6  15.0   2:20a   WNW
 6  45.6  58.7   3:50p  30.3   6:50a  19.4   0.0  0.00   3.9  21.0   9:00p     E
 7  49.1  61.0   3:20p  39.1   3:50a  15.9   0.0  0.00   6.0  23.0  10:30p    SE
 8  52.4  66.4   4:40p  39.5   6:50a  12.7   0.1  0.00   2.3  18.0  12:10a    SE
 9  58.4  68.8   2:10p  46.2  12:30a   7.1   0.4  0.00   4.5  24.0   6:30p   SSW
10  46.5  55.1   4:00p  39.8   8:00a  18.5   0.0  0.00   3.0  16.0  12:30a   WNW
11  42.7  47.6  12:00m  39.6  12:20a  22.3   0.0  0.47   3.1  18.0  11:40a     E
12  49.6  62.0   3:10a  41.9  11:50p  15.4   0.0  0.26   3.1  24.0   3:20a   WNW
13  39.2  44.5   3:20p  35.5   7:20a  25.8   0.0  0.02   3.3  21.0   2:50p   NNW
14  41.4  50.1   4:30p  31.2  11:50p  23.6   0.0  0.00   2.6  18.0   2:50p   WNW
15  41.2  54.4   3:10p  27.3   6:40a  23.8   0.0  0.00   1.7  18.0   3:50p   WNW
16  48.7  68.3   5:50p  28.4   6:10a  16.6   0.3  0.00   1.1  13.0   3:40p   SSW
17  57.7  77.9   5:30p  35.9   6:40a  10.6   3.3  0.00   0.9  11.0   3:40p     E
18  60.2  79.6   4:20p  40.6   6:10a   8.4   3.7  0.00   0.8  10.0   5:30p   NNW
19  67.3  85.9   5:30p  45.7   6:30a   5.5   7.8  0.00   2.4  15.0  10:40p   ESE
20  67.0  78.6   2:10p  53.1   6:40a   2.2   4.2  0.00   4.6  22.0   2:20p    SE
21  63.7  76.7   5:30p  51.0   5:00a   4.6   3.3  0.00   2.1  15.0   4:50p     E
22  65.1  79.6   4:50p  47.1   5:20a   4.4   4.5  0.00   1.4  18.0   5:10p   SSW
23  64.1  74.9  12:30p  52.8   6:50a   3.8   3.0  0.06   1.9  17.0   9:30a   WNW
24  56.6  68.3   4:30p  43.1   6:10a   8.9   0.5  0.00   1.5  13.0   1:20p   WNW
25  58.2  76.1   2:30p  37.6   6:20a   9.2   2.4  0.00   1.2  12.0   1:20p     E
26  65.4  82.6   4:00p  52.3  10:10p   3.7   4.1  1.04   2.6  22.0   5:50p     E
27  58.0  68.6   5:20p  45.1   6:40a   7.6   0.6  0.00   0.9  11.0   2:50p   ESE
28  49.9  59.3  12:50a  42.6  11:30p  15.1   0.0  0.87   2.9  18.0   2:50a   WNW
29  42.4  49.9   5:10p  38.3   7:00a  22.6   0.0  0.00   3.8  21.0   6:10p   WNW
30  41.2  50.7   5:40p  33.1  11:50p  23.8   0.0  0.00   2.4  18.0  12:40p   WNW
-------------------------------------------------------------------------------------
    51.3  85.9    19    21.0     3   448.0  38.3  3.05   2.9  34.0     1     WNW

Max >=  90.0:  0
Max <=  32.0:  0
Min <=  32.0:  6
Min <=   0.0:  0
Max Rain: 1.04 ON 04/26/08
Days of Rain: 8 (>.01 in) 5 (>.1 in) 1 (>1 in)
Heat Base:  65.0  Cool Base:  65.0  Method: Integration