NOAA-Style Climate Reports


NOAA Climate Reports are updated by Weatherlink v6.0.3 once per hour from this station.
2007-2017 Summary

Report for 2008 June
                   MONTHLY CLIMATOLOGICAL SUMMARY for JUN. 2008

NAME: CW6839   CITY: Country Meadow, Clay   STATE: New York 
ELEV:   125 m  LAT:  43° 10' 16" N  LONG:  76° 09' 44" W

                   TEMPERATURE (°F), RAIN  (in), WIND SPEED (mph)

                                      HEAT  COOL        AVG
    MEAN                              DEG   DEG         WIND                 DOM
DAY TEMP  HIGH   TIME   LOW    TIME   DAYS  DAYS  RAIN  SPEED HIGH   TIME    DIR
------------------------------------------------------------------------------------
 1  60.0  67.1   3:00p  54.2   6:10a   5.1   0.1  0.00   3.1  19.0  11:10a   WNW
 2  65.1  77.9   5:50p  53.1   5:10a   4.0   4.1  0.00   2.6  18.0   4:40p   WNW
 3  62.2  72.7  11:10a  53.3   4:00a   4.0   1.2  0.00   0.5   9.0  11:40a    NE
 4  66.6  74.9   3:40p  60.2   4:30a   1.4   2.9  0.00   2.2  15.0   4:30p   ESE
 5  70.3  79.2   6:50p  59.0   6:10a   1.1   6.5  0.00   2.5  16.0   1:10p     E
 6  77.4  93.4   5:10p  67.3   3:20a   0.0  12.4  0.59   0.9  12.0   2:10p   WNW
 7  79.1  89.9  12:20p  68.3   3:20a   0.0  14.1  0.00   1.5  16.0  10:40a   WNW
 8  77.7  88.2   2:30p  67.8   2:20a   0.0  12.7  0.01   1.7  15.0   3:40p   WNW
 9  82.5  95.4   3:40p  71.8   6:10a   0.0  17.5  0.00   1.4  17.0   2:50p   WNW
10  75.7  89.7  11:20a  63.9  12:00m   0.0  10.7  0.21   2.3  23.0  11:50a   WNW
11  69.9  81.4   3:30p  58.4   6:00a   1.4   6.3  0.00   2.5  19.0   3:50p   WNW
12  64.8  77.6   5:00p  52.5   5:20a   4.0   3.8  0.00   0.6  10.0   1:20p   WNW
13  73.4  90.3   4:20p  54.4   2:30a   2.7  11.1  0.00   2.2  17.0  10:10p   ESE
14  73.7  81.4   9:10a  66.8  11:50p   0.0   8.7  0.00   0.8  10.0   9:20a     W
15  71.1  84.7   3:40p  61.5  11:30p   0.5   6.6  0.05   1.0  15.0   8:50p   WNW
16  68.0  80.5   2:10p  58.0  12:00m   1.6   4.6  0.22   1.2  15.0   8:40p   WNW
17  58.8  66.4   1:50p  54.8  11:20p   6.3   0.1  0.05   2.4  22.0   3:10p     W
18  57.8  67.3   5:40p  51.3  11:00p   7.4   0.1  0.00   1.4  11.0   5:10p     W
19  61.1  68.3   1:10p  52.3  12:10a   4.4   0.5  0.00   1.8  14.0  10:00a     W
20  63.2  73.9   4:40p  53.6  11:50p   3.8   2.0  0.03   1.3  13.0   1:20p     W
21  65.4  83.4   4:00p  52.0   4:30a   4.3   4.7  0.22   1.0  19.0   5:50p   WNW
22  67.1  79.0   2:00p  58.4  12:30a   1.9   3.9  0.08   0.8  12.0   2:40p   ESE
23  66.8  79.4   4:10p  59.2  12:00m   1.8   3.7  0.18   0.8  13.0   5:20p   SSW
24  64.5  72.8   6:00p  57.0   3:30a   2.9   2.5  0.00   2.3  21.0  12:10p   WNW
25  69.1  82.8   5:50p  53.5   5:20a   2.7   6.8  0.00   1.2  13.0   1:50p     W
26  69.9  79.6   6:50p  61.6  12:40a   0.3   5.2  0.16   1.0  12.0  12:50p     W
27  72.8  81.4   6:10p  65.6   3:40a   0.0   7.8  0.13   0.4  15.0  12:40a   WSW
28  72.0  82.4   6:10p  63.2   4:50a   0.1   7.2  0.51   1.0  16.0   5:00p   WNW
29  74.3  84.1   3:10p  62.9  10:30p   0.2   9.6  0.33   2.3  23.0   6:00p   SSW
30  67.8  76.1   1:30p  60.9   5:20a   0.8   3.7  0.03   0.9  14.0  10:10a   WNW
-------------------------------------------------------------------------------------
    68.9  95.4     9    51.3    18    62.7 181.1  2.80   1.5  23.0    10     WNW

Max >=  90.0:  3
Max <=  32.0:  0
Min <=  32.0:  0
Min <=   0.0:  0
Max Rain: 0.59 ON 06/06/08
Days of Rain: 14 (>.01 in) 9 (>.1 in) 0 (>1 in)
Heat Base:  65.0  Cool Base:  65.0  Method: Integration