NOAA-Style Climate Reports


NOAA Climate Reports are updated by Weatherlink v6.0.3 once per hour from this station.
2007-2017 Summary

Report for 2008 July
                   MONTHLY CLIMATOLOGICAL SUMMARY for JUL. 2008

NAME: CW6839   CITY: Country Meadow, Clay   STATE: New York 
ELEV:   410 ft  LAT:  43° 10' 16" N  LONG:  76° 09' 44" W

                   TEMPERATURE (°F), RAIN  (in), WIND SPEED (mph)

                                      HEAT  COOL        AVG
    MEAN                              DEG   DEG         WIND                 DOM
DAY TEMP  HIGH   TIME   LOW    TIME   DAYS  DAYS  RAIN  SPEED HIGH   TIME    DIR
------------------------------------------------------------------------------------
 1  68.0  77.7   2:50p  56.2  12:00m   1.4   4.4  0.00   1.1  12.0  11:10a   WNW
 2  69.4  83.6   5:00p  49.8   6:10a   3.8   8.2  0.00   1.7  16.0   3:50p   SSW
 3  68.9  75.1  11:00a  56.5  12:00m   0.9   4.8  0.10   2.4  19.0   2:40a   SSW
 4  63.8  77.2   4:20p  50.2   6:10a   4.8   3.6  0.00   0.5  10.0   3:00p   NNE
 5  63.9  80.7   4:00p  49.5   5:00a   4.9   3.9  0.00   0.4  10.0   5:00p   NNE
 6  69.3  84.9   2:40p  52.0   4:30a   3.4   7.7  0.00   0.7   9.0   2:40p   ENE
 7  76.4  89.5   4:10p  64.5   3:00a   0.0  11.5  0.00   0.7  10.0   4:40p     W
 8  80.5  90.5   4:00p  67.4   4:50a   0.0  15.5  0.00   2.0  16.0   2:20p   SSW
 9  76.4  82.6   2:40p  66.9  12:00m   0.0  11.4  0.00   2.3  20.0   7:30p     W
10  66.7  75.1   5:10p  56.9  12:00m   1.7   3.4  0.00   2.3  20.0  12:20p   WNW
11  63.6  71.8   6:20p  55.1   4:30a   3.0   1.6  0.20   0.5   7.0   5:10p   ESE
12  75.2  91.0   4:10p  57.8   6:00a   1.6  11.8  0.00   1.6  14.0  11:20p     S
13  73.6  80.9  12:10a  64.0  12:00m   0.0   8.6  1.35   2.3  17.0   3:30a   SSW
14  68.7  79.0   4:00p  60.1   6:20a   1.3   5.0  0.00   1.2  14.0  10:30a     W
15  68.4  80.7   5:10p  55.7   5:50a   2.0   5.4  0.00   1.1  15.0  12:20p     W
16  72.7  88.4   4:10p  56.3   5:30a   2.0   9.7  0.00   0.8  13.0   2:10p    NE
17  72.8  87.2   4:20p  61.6   5:20a   0.6   8.4  0.00   0.6  11.0   4:40p     W
18  78.8  90.3   2:30p  67.3   5:40a   0.0  13.8  0.00   1.2  14.0   2:40p   WNW
19  78.8  88.2   1:40p  67.6   6:00a   0.0  13.8  0.00   1.3  15.0   8:20p     W
20  71.5  83.6   2:40p  68.3   4:20a   0.0   6.5  1.08   0.6  23.0   2:50p     W
21  72.1  80.3   4:40p  64.5   4:50a   0.0   7.1  0.03   0.7  10.0   4:50p   WNW
22  69.0  78.6  10:50a  62.3   3:50a   0.4   4.4  0.83   0.3  15.0   2:40p    NE
23  69.3  75.6   1:10p  64.2   4:00a   0.0   4.3  0.35   1.2  24.0   3:20a    SE
24  66.8  77.0  11:50a  61.0  12:00m   0.5   2.2  0.42   1.5  19.0  12:40p   SSW
25  70.1  83.6   4:00p  55.7   6:10a   2.3   7.4  0.00   1.2  15.0   3:00p     W
26  71.5  82.2  11:20a  60.1   5:50a   1.2   7.6  0.03   1.1  16.0   1:00p   SSW
27  71.5  80.9   5:00p  60.9  11:30p   0.4   6.9  0.25   1.2  20.0  10:20p     W
28  70.9  82.2   2:40p  62.3  12:10a   0.4   6.3  0.17   1.2  22.0   3:20p     W
29  70.4  80.5   2:30p  60.5  12:00m   0.5   5.9  0.00   1.1  15.0   1:40p   WNW
30  70.4  81.8   4:10p  56.5   5:40a   2.1   7.5  0.00   0.7  11.0   7:00p   SSW
31  73.1  81.2   1:10p  65.2  12:00m   0.0   8.1  0.00   1.2  15.0  12:50p   WNW
-------------------------------------------------------------------------------------
    71.0  91.0    12    49.5     5    39.2 226.7  4.81   1.2  24.0    23       W

Max >=  90.0:  3
Max <=  32.0:  0
Min <=  32.0:  0
Min <=   0.0:  0
Max Rain: 1.35 ON 07/13/08
Days of Rain: 11 (>.01 in) 8 (>.1 in) 2 (>1 in)
Heat Base:  65.0  Cool Base:  65.0  Method: Integration