NOAA-Style Climate Reports


NOAA Climate Reports are updated by Weatherlink v6.0.3 once per hour from this station.
2007-2017 Summary

Report for 2008 September
                   MONTHLY CLIMATOLOGICAL SUMMARY for SEP. 2008

NAME: CW6839   CITY: Country Meadow, Clay   STATE: New York 
ELEV:   410 ft  LAT:  43° 10' 16" N  LONG:  76° 09' 44" W

                   TEMPERATURE (°F), RAIN  (in), WIND SPEED (mph)

                                      HEAT  COOL        AVG
    MEAN                              DEG   DEG         WIND                 DOM
DAY TEMP  HIGH   TIME   LOW    TIME   DAYS  DAYS  RAIN  SPEED HIGH   TIME    DIR
------------------------------------------------------------------------------------
 1  65.2  81.2   3:50p  50.4   6:40a   4.9   5.1  0.00   0.3   9.0   5:20p   WNW
 2  67.3  84.0   4:00p  51.7   7:00a   3.8   6.1  0.00   0.6  11.0   5:00p   WNW
 3  68.5  84.5   2:40p  55.0   7:00a   2.8   6.3  0.00   0.5  11.0   3:20p     W
 4  72.0  83.4   2:30p  61.3  12:10a   0.5   7.4  0.00   0.7  11.0   9:10a     W
 5  77.6  91.6   4:00p  65.2   7:10a   0.0  12.6  0.00   2.8  26.0   2:00p   SSW
 6  67.0  71.8  10:40a  62.3  12:00m   0.2   2.2  0.34   0.5  10.0  11:20p   WNW
 7  62.9  72.7   1:50p  58.1  10:20p   3.3   1.2  0.00   0.6  12.0  10:40a   WNW
 8  65.2  77.2   3:30p  54.7   6:30a   3.4   3.7  0.00   1.3  14.0   2:10p     W
 9  61.9  68.4   3:40p  55.6  12:00m   3.3   0.2  0.40   1.8  24.0   9:00a   WNW
10  56.3  68.3   4:20p  45.7  12:00m   8.9   0.2  0.00   0.4  10.0   9:50a    NE
11  57.9  72.7   3:10p  43.1   4:00a   8.6   1.5  0.00   1.0  12.0   2:40p   ESE
12  66.7  70.1  10:20a  63.7  12:30a   0.1   1.8  0.64   1.3  11.0   5:10a   SSW
13  71.4  78.6   2:20p  67.1   1:40a   0.0   6.4  0.01   0.5   9.0   3:00p     W
14  80.3  89.3   3:30p  69.4   2:20a   0.0  15.3  0.33   4.0  27.0  10:40p   SSW
15  64.4  84.1  12:20a  56.0  12:00m   3.2   2.5  0.01   5.1  37.0   2:40a   WNW
16  55.9  66.9   4:00p  46.1   5:30a   9.1   0.0  0.00   0.6  11.0  12:50p   WNW
17  59.4  75.1   4:20p  42.1   6:50a   7.9   2.3  0.00   0.9  11.0   1:40p     W
18  56.4  66.9   3:00p  42.5  12:00m   8.6   0.1  0.00   0.6  17.0   1:00p   NNE
19  53.1  70.8   4:00p  37.8   4:00a  12.7   0.8  0.00   1.3  13.0   2:50p    SE
20  60.1  76.3   4:00p  46.2   6:50a   7.1   2.3  0.00   1.1  10.0  10:10a    SE
21  55.4  62.1  11:40a  48.0  11:10p   9.6   0.0  0.00   0.4   7.0  12:40p   WNW
22  52.5  68.3   3:40p  39.3   7:10a  12.7   0.2  0.00   0.3   9.0   5:10p   WNW
23  52.9  70.9   3:40p  38.5   6:40a  12.8   0.8  0.00   0.3   6.0   3:00p     W
24  58.0  75.4   3:00p  42.8   6:40a   9.1   2.2  0.00   0.5   6.0  12:20p   ENE
25  62.2  74.0   3:20p  52.5   7:10a   5.1   2.3  0.01   1.3  12.0   4:00p   ENE
26  56.9  63.2   2:20p  47.1   6:20a   8.1   0.0  0.05   1.2  11.0   2:50p     E
27  62.6  66.8   4:50p  59.6   4:10a   2.6   0.2  0.31   0.9  10.0   1:50p     E
28  64.1  67.4  12:10p  59.2  12:00m   1.3   0.4  0.00   0.4  10.0   1:00p   WNW
29  55.3  59.2  12:10a  48.5  12:00m   9.7   0.0  0.00   0.2  10.0  12:50a   WNW
30  55.1  63.5   1:20p  46.1   2:50a   9.9   0.0  0.25   1.3  14.0   1:30p   ESE
-------------------------------------------------------------------------------------
    62.2  91.6     5    37.8    19   169.3  84.1  2.35   1.1  37.0    15     WNW

Max >=  90.0:  1
Max <=  32.0:  0
Min <=  32.0:  0
Min <=   0.0:  0
Max Rain: 0.64 ON 09/12/08
Days of Rain: 7 (>.01 in) 6 (>.1 in) 0 (>1 in)
Heat Base:  65.0  Cool Base:  65.0  Method: Integration