NOAA-Style Climate Reports


NOAA Climate Reports are updated by Weatherlink v6.0.3 once per hour from this station.
2007-2017 Summary

Report for 2008 October
                   MONTHLY CLIMATOLOGICAL SUMMARY for OCT. 2008

NAME: CW6839   CITY: Country Meadow, Clay   STATE: New York 
ELEV:   410 ft  LAT:  43° 10' 16" N  LONG:  76° 09' 44" W

                   TEMPERATURE (°F), RAIN  (in), WIND SPEED (mph)

                                      HEAT  COOL        AVG
    MEAN                              DEG   DEG         WIND                 DOM
DAY TEMP  HIGH   TIME   LOW    TIME   DAYS  DAYS  RAIN  SPEED HIGH   TIME    DIR
------------------------------------------------------------------------------------
 1  54.9  60.4  10:20a  46.8  10:50p  10.1   0.0  0.07   0.7  12.0  10:20a     W
 2  49.3  54.1   4:40p  43.8   8:40p  15.7   0.0  0.76   2.5  17.0   1:20p     W
 3  49.4  55.0   3:20p  45.2  12:00p  15.6   0.0  0.18   2.7  24.0   2:10p     W
 4  49.0  58.0   4:10p  42.5  10:00p  16.0   0.0  0.03   0.9  14.0  11:30a   WNW
 5  47.9  60.4   3:30p  40.2   6:20a  17.1   0.0  0.00   0.5  12.0   2:20p   WNW
 6  47.5  58.6   3:10p  36.0  12:00m  17.5   0.0  0.12   0.4  12.0  12:10p   WNW
 7  44.4  61.0   3:10p  30.4   7:30a  20.6   0.0  0.00   0.2   9.0  12:50p   WNW
 8  51.7  67.3   2:10p  35.3   6:20a  13.5   0.2  0.30   2.0  16.0   2:20p    SE
 9  63.1  72.7   4:00p  55.6  12:00m   3.2   1.3  0.01   2.9  19.0   3:30p     W
10  54.7  68.9   2:50p  42.8  11:50p  10.7   0.4  0.00   0.8  12.0   9:50a   WNW
11  51.7  70.3   3:10p  37.8   7:10a  13.9   0.6  0.00   0.2   7.0   3:20p   WNW
12  54.2  73.5   2:30p  40.1   6:50a  12.1   1.3  0.00   0.4   7.0   2:30p    NE
13  59.0  73.5   3:30p  48.6   5:40a   7.7   1.8  0.00   0.2   6.0  11:30a     W
14  58.6  77.6   1:20p  46.0  12:00m   8.4   2.1  0.00   1.4  22.0   4:50p   WNW
15  52.7  64.8   2:50p  41.3   7:30a  12.3   0.0  0.00   0.7  10.0   3:20p     E
16  55.0  58.4   8:00a  48.2  12:00m  10.0   0.0  1.36   1.7  19.0   9:50a   WNW
17  44.9  53.3   1:40p  34.0  11:30p  20.1   0.0  0.00   0.4  10.0   3:50a   NNE
18  39.6  55.0   3:20p  27.9   7:40a  25.4   0.0  0.00   0.3  11.0   3:20p   WNW
19  38.7  55.4   3:20p  26.3   7:20a  26.3   0.0  0.01   0.4   9.0  12:30p   ESE
20  43.2  56.7   3:50p  29.0   4:30a  21.8   0.0  0.00   0.2   5.0  12:00p   ESE
21  44.9  51.1  12:00p  39.1   6:40p  20.1   0.0  0.71   3.1  26.0   1:00p   WNW
22  39.2  44.6  12:10p  34.0  11:40p  25.8   0.0  0.00   0.8  14.0  12:50a   NNE
23  39.0  50.4   3:20p  30.4   8:00a  26.0   0.0  0.00   0.6   9.0  10:20a    NE
24  43.8  58.9   2:00p  28.5   3:50a  21.2   0.0  0.00   1.9  17.0   4:20p     E
25  50.9  56.3   3:20p  46.0  12:00m  14.1   0.0  1.15   2.5  19.0   4:30p   WNW
26  51.9  61.0   2:20p  43.3  11:50p  13.1   0.0  0.05   2.7  20.0  11:20a   SSW
27  46.8  54.4   2:00p  42.3  12:00m  18.2   0.0  0.11   1.0  15.0  12:00p     W
28  38.5  42.5   1:40a  33.1   7:50p  26.5   0.0  1.09   3.7  29.0   9:50p    NW
29  35.8  37.5   2:20a  33.7  12:00p  29.2   0.0  0.08   5.3  27.0  12:10a   WNW
30  36.7  45.4   2:20p  29.5  12:00m  28.3   0.0  0.02   1.2  15.0  12:20p   WNW
31  48.7  67.6   2:40p  28.1   4:30a  16.6   0.3  0.00   1.8  18.0   4:00p     W
-------------------------------------------------------------------------------------
    47.9  77.6    14    26.3    19   537.1   8.0  6.05   1.4  29.0    28     WNW

Max >=  90.0:  0
Max <=  32.0:  0
Min <=  32.0:  8
Min <=   0.0:  0
Max Rain: 1.36 ON 10/16/08
Days of Rain: 14 (>.01 in) 9 (>.1 in) 3 (>1 in)
Heat Base:  65.0  Cool Base:  65.0  Method: Integration