NOAA-Style Climate Reports


NOAA Climate Reports are updated by Weatherlink v6.0.3 once per hour from this station.
2007-2017 Summary

Report for 2008 November
                   MONTHLY CLIMATOLOGICAL SUMMARY for NOV. 2008

NAME: CW6839   CITY: Country Meadow, Clay   STATE: New York 
ELEV:   410 ft  LAT:  43° 10' 16" N  LONG:  76° 09' 44" W

                   TEMPERATURE (°F), RAIN  (in), WIND SPEED (mph)

                                      HEAT  COOL        AVG
    MEAN                              DEG   DEG         WIND                 DOM
DAY TEMP  HIGH   TIME   LOW    TIME   DAYS  DAYS  RAIN  SPEED HIGH   TIME    DIR
------------------------------------------------------------------------------------
 1  43.5  57.8  12:10a  27.3  12:00m  21.5   0.0  0.00   0.9  15.0  12:10a   WNW
 2  34.9  46.0   1:50p  23.0   7:00a  30.1   0.0  0.00   1.4  11.0  11:30a     E
 3  47.8  57.8  12:40p  34.6   2:00a  17.2   0.0  0.01   1.3  12.0   8:20a    SE
 4  50.7  62.3   2:00p  42.1   1:00a  14.3   0.0  0.00   0.9   9.0  10:30a     E
 5  51.7  62.9   2:20p  42.5   5:20a  13.3   0.0  0.00   0.4   5.0  10:10a     E
 6  52.2  68.4   2:30p  39.3   7:20a  13.2   0.4  0.00   0.1   5.0  11:00a   WNW
 7  54.5  67.4   1:10p  43.5   2:10a  10.6   0.1  0.00   0.6  10.0   1:20p    SE
 8  49.9  56.3   5:30a  42.8  11:50p  15.1   0.0  0.32   0.6  15.0   7:10a   WNW
 9  43.9  52.2  12:40p  36.6   6:10a  21.1   0.0  0.03   1.6  20.0  11:50a     W
10  38.2  40.6  12:40a  34.9   7:30a  26.8   0.0  0.16   3.5  20.0  12:00m     W
11  37.4  41.2  11:00a  34.9   3:50a  27.6   0.0  0.17   2.3  17.0  12:10a     W
12  39.8  48.5  12:10p  36.0   6:40a  25.2   0.0  0.00   1.1   9.0  12:20p     E
13  45.6  53.2  12:00m  37.3   1:30a  19.4   0.0  0.16   3.0  19.0   3:20p   SSE
14  52.2  64.0   2:20p  40.5   6:20a  12.8   0.0  0.00   1.3  18.0   2:00p   SSE
15  50.7  53.6  11:50p  44.2  12:20a  14.3   0.0  0.55   0.7  15.0  11:50p   NNE
16  38.1  53.8  12:20a  35.0  12:30p  26.9   0.0  0.22   6.0  29.0   1:50p     W
17  32.7  36.0   1:00p  28.2  11:30p  32.3   0.0  0.05   1.9  17.0   2:20a     W
18  26.8  31.8  12:40p  21.6   7:10a  38.2   0.0  0.02   1.5  18.0  11:50a   WNW
19  25.8  29.1   2:40p  24.2   5:40a  39.2   0.0  0.01   0.5   7.0   1:00a   WNW
20  26.5  31.5   1:50p  23.5   4:00a  38.5   0.0  0.00   1.1  12.0   1:00p   ESE
21  22.2  27.8  12:40p  18.6  12:00m  42.8   0.0  0.07   0.7  14.0   5:40p   WNW
22  19.4  25.4   2:40p  13.1   4:20a  45.6   0.0  0.01   1.5  16.0  12:30p   WNW
23  22.0  33.2   2:00p   6.9   5:10a  43.0   0.0  0.03   0.8  11.0   3:00p     W
24  29.8  37.2   5:20p  18.1   4:10a  35.2   0.0  0.18   2.6  19.0   5:10p     E
25  34.0  36.3   2:00p  32.8   6:40p  31.0   0.0  0.79   0.6   9.0   3:20p     E
26  34.7  37.0  12:40p  32.9  12:10a  30.3   0.0  0.24   2.2  16.0  11:30p   SSW
27  36.4  39.5  12:10p  33.5  11:50p  28.6   0.0  0.00   2.0  17.0  11:00a   SSW
28  38.2  42.2  12:10p  33.5  12:10a  26.8   0.0  0.00   3.0  24.0   9:40p     W
29  34.3  37.8   2:30p  28.5  12:00m  30.7   0.0  0.05   1.0  13.0   1:40a     W
30  30.1  34.6  12:00m  24.5   8:00a  34.9   0.0  0.24   1.5  16.0   3:40p     E
-------------------------------------------------------------------------------------
    38.1  68.4     6     6.9    23   806.5   0.5  3.31   1.6  29.0    16       W

Max >=  90.0:  0
Max <=  32.0:  5
Min <=  32.0: 12
Min <=   0.0:  0
Max Rain: 0.79 ON 11/25/08
Days of Rain: 16 (>.01 in) 10 (>.1 in) 0 (>1 in)
Heat Base:  65.0  Cool Base:  65.0  Method: Integration