NOAA-Style Climate Reports


NOAA Climate Reports are updated by Weatherlink v6.0.3 once per hour from this station.
2007-2017 Summary

Report for 2009 February
                   MONTHLY CLIMATOLOGICAL SUMMARY for FEB. 2009

NAME: CW6839   CITY: Country Meadow, Clay   STATE: New York 
ELEV:   410 ft  LAT:  43° 10' 16" N  LONG:  76° 09' 44" W

                   TEMPERATURE (°F), RAIN  (in), WIND SPEED (mph)

                                      HEAT  COOL        AVG
    MEAN                              DEG   DEG         WIND                 DOM
DAY TEMP  HIGH   TIME   LOW    TIME   DAYS  DAYS  RAIN  SPEED HIGH   TIME    DIR
------------------------------------------------------------------------------------
 1  35.3  44.5   2:50p  17.2  12:10a  29.7   0.0  0.27   3.2  25.0   1:30p   SSW
 2  33.7  41.8  12:40a  20.2  12:00m  31.3   0.0  0.05   1.5  16.0   2:30a   WNW
 3  18.3  30.4   1:00p   7.4   7:10a  46.7   0.0  0.00   1.3  12.0   1:20p   NNW
 4   8.6  16.2   2:00p   2.6   7:20a  56.4   0.0  0.00   1.3  13.0   2:50p   NNW
 5   7.9  16.1   2:40p  -3.1   7:40a  57.1   0.0  0.00   1.6  19.0   1:10p     W
 6  17.6  28.4   3:00p   9.9   1:50a  47.4   0.0  0.00   0.4   7.0   3:10p   SSE
 7  32.3  49.5  10:30p   9.0   1:10a  32.7   0.0  0.00   1.8  16.0  11:10p     E
 8  37.9  48.8  12:10a  30.6  11:10p  27.1   0.0  0.00   6.5  28.0   8:20a   WNW
 9  32.0  38.0   2:00p  27.6   7:00a  33.0   0.0  0.00   1.3  10.0   3:00a     W
10  32.6  39.6   3:20p  27.2   6:10a  32.4   0.0  0.00   2.1  13.0   4:30a     E
11  40.7  50.4  10:20a  32.2  12:10a  24.3   0.0  0.33   1.0   8.0   9:10a     E
12  38.7  49.4   2:40a  32.8  11:40p  26.3   0.0  0.86   6.7  36.0   2:30p   WNW
13  23.5  32.8  12:10a  18.6   7:10p  41.5   0.0  0.03   2.2  14.0  12:30a   WNW
14  23.5  32.4   2:00p  15.9   7:10a  41.5   0.0  0.01   1.1  10.0  11:30a   WNW
15  23.1  32.2   1:30p  13.3   6:50a  41.9   0.0  0.00   2.0  16.0  10:40a   WNW
16  22.5  31.8  12:40p  13.8   7:10a  42.5   0.0  0.00   1.2  16.0   1:00p   WNW
17  23.9  35.5   2:40p  10.7   7:10a  41.1   0.0  0.00   0.7   9.0  12:30p     E
18  29.6  36.9  10:30a  20.8   4:10a  35.4   0.0  0.00   3.6  23.0  11:10a     E
19  29.2  36.6   5:00a  18.4   9:20p  35.8   0.0  0.22   4.2  27.0   2:40p     W
20  21.4  24.5   3:50p  17.5   6:20a  43.6   0.0  0.00   5.7  25.0   3:40a     W
21  26.7  32.5   3:00p  19.5   7:30a  38.3   0.0  0.27   2.7  16.0  12:10a     W
22  29.4  36.0   2:20p  23.8  12:00m  35.6   0.0  0.06   3.7  21.0  11:40p   WNW
23  19.9  23.8  12:10a  17.0   9:30a  45.1   0.0  0.00   6.2  25.0   2:20p   WNW
24  16.8  23.8   2:50p   9.0  10:10p  48.2   0.0  0.05   2.6  15.0   2:30p   WNW
25  24.4  40.5  11:50p   8.4   7:20a  40.6   0.0  0.05   1.7  14.0   2:40p     E
26  38.9  51.3   2:20p  31.6  10:50p  26.1   0.0  0.04   1.2  27.0   1:10a     E
27  42.8  53.1   4:10p  21.9  12:00m  22.2   0.0  0.10   6.9  25.0   9:20a   SSE
28  14.6  21.9  12:10a   9.5   8:00a  50.4   0.0  0.00   2.0  11.0   2:40a   NNW
-------------------------------------------------------------------------------------
    26.6  53.1    27    -3.1     5  1074.2   0.0  2.34   2.7  36.0    12     WNW

Max >=  90.0:  0
Max <=  32.0:  9
Min <=  32.0: 26
Min <=   0.0:  1
Max Rain: 0.86 ON 02/12/09
Days of Rain: 12 (>.01 in) 5 (>.1 in) 0 (>1 in)
Heat Base:  65.0  Cool Base:  65.0  Method: Integration