NOAA-Style Climate Reports


NOAA Climate Reports are updated by Weatherlink v6.0.3 once per hour from this station.
2007-2017 Summary

Report for 2009 March
                   MONTHLY CLIMATOLOGICAL SUMMARY for MAR. 2009

NAME: CW6839   CITY: Country Meadow, Clay   STATE: New York 
ELEV:   410 ft  LAT:  43° 10' 16" N  LONG:  76° 09' 44" W

                   TEMPERATURE (°F), RAIN  (in), WIND SPEED (mph)

                                      HEAT  COOL        AVG
    MEAN                              DEG   DEG         WIND                 DOM
DAY TEMP  HIGH   TIME   LOW    TIME   DAYS  DAYS  RAIN  SPEED HIGH   TIME    DIR
------------------------------------------------------------------------------------
 1  17.0  26.9  12:50p   6.3   7:00a  48.0   0.0  0.00   1.6  17.0   4:30p    NW
 2  14.0  18.6  12:10a  10.9   9:10p  51.0   0.0  0.00   3.6  17.0   7:20a   NNW
 3  15.0  20.5   2:40p   8.6   3:40a  50.0   0.0  0.00   3.7  18.0   4:10p   WNW
 4  21.5  31.3   3:00p  11.6   5:30a  43.5   0.0  0.01   1.9  18.0   1:50p   WNW
 5  30.0  45.8   2:30p  11.6   6:20a  35.0   0.0  0.00   2.1  16.0   4:30p     E
 6  51.5  59.5   4:10p  39.9   2:40a  13.5   0.0  0.04   3.7  20.0   9:30p   SSW
 7  40.9  48.6  12:20p  31.9   6:50a  24.1   0.0  0.97   1.3  13.0   2:10p     W
 8  38.2  41.2  12:20a  36.9   7:50a  25.7   0.0  0.17   1.5  15.0  12:30a   WNW
 9  34.4  40.6  11:10a  29.7   3:20p  30.6   0.0  0.65   3.0  19.0  12:50p   WNW
10  35.3  41.6   4:30p  29.7   4:20a  29.7   0.0  0.12   2.7  20.0  11:00p   ESE
11  42.5  55.3  12:40p  28.4  12:00m  22.5   0.0  0.36   7.1  31.0   7:40p   WNW
12  24.9  29.1   3:30p  21.9   7:10a  40.1   0.0  0.00   5.1  26.0   2:20a   WNW
13  25.0  35.0   4:00p  17.2   7:20a  40.0   0.0  0.00   1.0   9.0   2:00p   WNW
14  32.1  48.5   3:20p  16.9   7:00a  32.9   0.0  0.00   1.0  13.0   4:20p   WNW
15  36.3  53.5   2:50p  21.4   6:50a  28.7   0.0  0.00   0.9  10.0   5:50p     N
16  39.9  56.9   4:30p  23.9   7:20a  25.1   0.0  0.00   0.8   8.0  10:50a   NNE
17  45.3  63.4   4:00p  30.3   7:00a  19.7   0.0  0.00   0.9  10.0   2:40p   ENE
18  51.0  62.4  12:10p  37.3  12:10a  14.0   0.0  0.22   2.0  17.0  10:10p   SSW
19  40.5  49.6  12:30p  31.6  11:10p  24.5   0.0  0.09   2.8  20.0   2:20p   WNW
20  30.1  37.8   3:20p  21.3  12:00m  34.9   0.0  0.00   2.1  15.0   3:20p   NNW
21  31.8  47.1   4:20p  16.7   6:50a  33.2   0.0  0.00   0.8  12.0   2:50p   SSW
22  33.6  40.3   3:30p  23.9  12:00m  31.4   0.0  0.01   2.3  20.0   4:40p   WNW
23  24.8  30.9   4:40p  18.3   7:10a  40.2   0.0  0.00   2.6  19.0   1:20p   NNW
24  28.8  44.9   3:20p  14.6   5:00a  36.2   0.0  0.00   1.1  12.0   2:40p   ESE
25  42.6  57.5   3:40p  24.1   2:50a  22.4   0.0  0.00   5.0  23.0   1:40p    SE
26  46.1  49.4   1:10p  42.1  10:40p  18.9   0.0  0.21   2.0  15.0   1:30a    SE
27  47.2  58.9   4:20p  38.8   7:40a  17.8   0.0  0.01   1.9  13.0   3:00a   WNW
28  51.9  67.3   3:10p  34.3   7:00a  13.2   0.1  0.00   1.3  15.0  11:50p     E
29  49.9  59.0   3:00p  39.6  12:00m  15.1   0.0  0.64   4.0  24.0   5:00p     E
30  36.7  40.1   4:00a  34.6   8:40p  28.3   0.0  0.25   6.0  28.0   5:00p   WNW
31  39.6  46.2   6:20p  34.7   6:00a  25.4   0.0  0.00   2.8  17.0  10:40p   WNW
-------------------------------------------------------------------------------------
    35.4  67.3    28     6.3     1   915.6   0.1  3.75   2.5  31.0    11     WNW

Max >=  90.0:  0
Max <=  32.0:  6
Min <=  32.0: 22
Min <=   0.0:  0
Max Rain: 0.97 ON 03/07/09
Days of Rain: 11 (>.01 in) 9 (>.1 in) 0 (>1 in)
Heat Base:  65.0  Cool Base:  65.0  Method: Integration