NOAA-Style Climate Reports


NOAA Climate Reports are updated by Weatherlink v6.0.3 once per hour from this station.
2007-2017 Summary

Report for 2009 April
                   MONTHLY CLIMATOLOGICAL SUMMARY for APR. 2009

NAME: CW6839   CITY: Country Meadow, Clay   STATE: New York 
ELEV:   410 ft  LAT:  43° 10' 16" N  LONG:  76° 09' 44" W

                   TEMPERATURE (°F), RAIN  (in), WIND SPEED (mph)

                                      HEAT  COOL        AVG
    MEAN                              DEG   DEG         WIND                 DOM
DAY TEMP  HIGH   TIME   LOW    TIME   DAYS  DAYS  RAIN  SPEED HIGH   TIME    DIR
------------------------------------------------------------------------------------
 1  45.8  51.1   6:50p  40.8  12:00m  19.2   0.0  0.13   4.5  24.0   8:40a    SE
 2  50.2  64.3   4:50p  32.1   7:10a  14.8   0.0  0.00   1.7  12.0   2:00p   ESE
 3  53.5  58.1   1:50a  42.2  12:00m  11.5   0.0  0.69   5.2  28.0  12:30p     E
 4  36.5  42.2  12:10a  34.1   6:50p  28.5   0.0  1.05   8.4  32.0   6:10p   WNW
 5  41.5  52.5   5:20p  35.3  12:10a  23.5   0.0  0.04   4.5  23.0   3:20a   WNW
 6  40.9  46.8   5:00p  35.3  12:50a  24.1   0.0  0.32   4.5  23.0   9:10a   ENE
 7  31.4  38.3  12:10a  28.4   9:20a  33.6   0.0  0.02   5.1  23.0  10:30a     W
 8  35.1  42.1   5:50p  29.3   3:50a  29.9   0.0  0.02   2.5  17.0   3:10p     W
 9  43.7  54.2   3:30p  34.6   6:50a  21.3   0.0  0.00   3.0  17.0  11:50a   WNW
10  43.7  58.6   2:50p  27.5   6:50a  21.3   0.0  0.00   1.3  11.0   3:50p   NNW
11  39.5  47.3   3:10p  29.3  11:50p  25.5   0.0  0.00   3.5  23.0   3:20p   NNW
12  33.6  40.3   5:20p  27.2   6:40a  31.4   0.0  0.00   4.1  23.0   2:40p   WNW
13  36.6  47.9   2:30p  22.5   6:40a  28.4   0.0  0.00   1.7  14.0  10:00a   WNW
14  45.4  60.7   5:40p  29.0   4:40a  19.6   0.0  0.00   2.4  19.0   2:20p     E
15  49.6  63.2   4:50p  37.5   6:50a  15.4   0.0  0.00   2.5  16.0  11:50a   WNW
16  46.1  60.4   3:20p  28.8   6:30a  18.9   0.0  0.00   1.6  14.0   4:00p   NNW
17  49.3  65.0   3:20p  28.8   6:40a  15.7   0.0  0.00   3.0  20.0   6:00p   WNW
18  55.1  63.5   2:30p  47.0  12:00m   9.9   0.0  0.00   2.4  18.0  10:20a    NW
19  49.9  60.9   5:40p  38.9   7:30a  15.1   0.0  0.02   2.1  14.0  12:10p   ENE
20  45.4  51.6  11:10a  41.5   6:50p  19.6   0.0  0.26   6.8  34.0  12:00p   ESE
21  50.1  63.4   4:50p  41.1   2:10a  14.9   0.0  0.06   3.4  19.0   8:20p   ENE
22  46.6  54.8  12:20p  40.3  10:40p  18.4   0.0  0.07   2.6  17.0   1:10p   WNW
23  42.2  50.5   5:50p  37.3   7:00a  22.8   0.0  0.21   5.9  26.0   1:40p   WNW
24  57.0  78.6   5:50p  31.2   5:00a  12.0   4.0  0.00   3.6  20.0   6:30p    SE
25  72.1  88.2   5:40p  51.7   6:50a   2.4   9.5  0.06   3.6  26.0   8:40p   WNW
26  66.1  79.4   4:20p  56.6  12:00m   2.1   3.2  0.02   1.7  13.0   5:40p   WNW
27  69.6  91.2   2:30p  52.8   3:30a   3.7   8.4  0.00   1.7  19.0   3:10p     E
28  59.0  83.4  12:00p  42.2  12:00m   8.3   2.3  0.12   2.4  24.0  11:10a    NW
29  48.2  63.5   5:00p  35.3   6:20a  16.8   0.0  0.00   1.3  13.0   1:40p   NNW
30  53.1  66.6   2:00p  38.6   2:30a  12.0   0.0  0.24   4.1  29.0  11:30p   SSE
-------------------------------------------------------------------------------------
    47.9  91.2    27    22.5    13   540.6  27.4  3.33   3.4  34.0    20     WNW

Max >=  90.0:  1
Max <=  32.0:  0
Min <=  32.0: 10
Min <=   0.0:  0
Max Rain: 1.05 ON 04/04/09
Days of Rain: 16 (>.01 in) 8 (>.1 in) 1 (>1 in)
Heat Base:  65.0  Cool Base:  65.0  Method: Integration