NOAA-Style Climate Reports


NOAA Climate Reports are updated by Weatherlink v6.0.3 once per hour from this station.
2007-2017 Summary

Report for 2009 May
                   MONTHLY CLIMATOLOGICAL SUMMARY for MAY. 2009

NAME: CW6839   CITY: Country Meadow, Clay   STATE: New York 
ELEV:   410 ft  LAT:  43° 10' 16" N  LONG:  76° 09' 44" W

                   TEMPERATURE (°F), RAIN  (in), WIND SPEED (mph)

                                      HEAT  COOL        AVG
    MEAN                              DEG   DEG         WIND                 DOM
DAY TEMP  HIGH   TIME   LOW    TIME   DAYS  DAYS  RAIN  SPEED HIGH   TIME    DIR
------------------------------------------------------------------------------------
 1  63.8  74.9   4:30p  48.9  12:00m   3.4   2.2  0.23   5.4  25.0   5:30a   WNW
 2  50.8  61.8   4:10p  40.6   6:20a  14.2   0.0  0.05   1.8  15.0   1:00a   WNW
 3  54.4  67.4   3:50p  41.5   6:40a  10.8   0.2  0.00   0.9  13.0   4:30p     W
 4  54.4  66.6   3:20p  42.5   6:20a  10.7   0.1  0.00   0.5   9.0   4:50p   NNW
 5  51.1  61.6   1:30p  38.2   4:50a  13.9   0.0  0.00   3.2  22.0   3:00p   ESE
 6  58.6  68.4   2:40p  50.1   5:30a   6.8   0.4  0.04   2.3  12.0   4:10p    SE
 7  56.7  63.1   6:50p  53.3  11:30p   8.3   0.0  0.30   2.1  16.0  11:00a   WNW
 8  62.0  77.6   3:30p  52.3   6:10a   5.3   2.3  0.14   1.1  21.0   5:40p     W
 9  61.8  77.9   2:10p  48.2  11:30p   5.5   2.2  0.45   4.5  34.0   6:30p   WNW
10  48.0  52.9   5:00p  45.1  10:50a  17.0   0.0  0.05   6.5  28.0   1:30p   WNW
11  48.6  59.3   4:40p  36.8   5:10a  16.4   0.0  0.00   1.5  14.0  12:40p   WNW
12  49.7  64.0   2:40p  33.1   5:50a  15.3   0.0  0.00   1.2  16.0   3:00p   WNW
13  57.4  73.7   5:40p  35.5   5:20a   9.8   2.2  0.00   3.4  23.0   1:50p    SE
14  61.3  69.4   6:20p  52.3  12:00m   4.2   0.5  0.28   5.8  31.0  11:50a   SSE
15  56.9  69.9   3:40p  42.5   6:10a   8.7   0.7  0.00   0.6  11.0   2:40p   WNW
16  61.4  79.2  12:50p  50.1  12:00m   5.4   1.7  0.97   3.0  26.0  12:40p   WNW
17  46.9  54.5   4:50p  41.3  12:00m  18.1   0.0  0.00   4.4  24.0   2:10p   WNW
18  46.9  55.7   4:30p  37.2  12:00m  18.1   0.0  0.00   1.5  17.0  12:10p   WNW
19  54.5  74.6   5:50p  31.6   5:20a  12.5   2.0  0.00   1.7  15.0   2:30p     W
20  66.5  84.5   6:10p  44.2   6:20a   5.6   7.1  0.00   1.3  15.0   3:40p   SSW
21  72.0  89.5   5:10p  51.6   5:50a   2.6   9.5  0.00   1.8  16.0   4:30p     W
22  64.9  74.9   2:30p  53.6   5:50a   3.1   3.0  0.00   1.1  13.0  12:20p   WNW
23  63.9  77.0   5:30p  51.7   5:30a   4.0   2.9  0.00   0.9  10.0   5:30p   WNW
24  62.7  75.1   4:20p  47.7  12:00m   4.6   2.3  0.00   0.9  16.0   4:30p   WNW
25  56.5  69.3   2:00p  43.1   5:20a   9.1   0.6  0.00   0.8  11.0   1:10p   WNW
26  53.0  63.7   3:00p  38.9   5:50a  12.0   0.0  0.28   2.7  15.0   9:10a   ENE
27  58.8  72.5   4:40p  51.7   6:20a   6.8   0.6  0.10   2.4  13.0   3:30p   ENE
28  67.4  76.0   3:20p  59.6   3:30a   1.7   4.1  0.06   2.5  20.0   9:40p   ENE
29  61.7  69.3  12:10a  50.2  12:00m   3.4   0.2  0.26   1.1  13.0   8:40a   WNW
30  58.9  67.8   5:20p  50.4  12:10a   6.4   0.3  0.00   1.8  17.0   7:50a   WNW
31  52.6  58.0  12:10a  38.8  12:00m  12.4   0.0  0.05   3.7  32.0   3:20p   WNW
-------------------------------------------------------------------------------------
    57.6  89.5    21    31.6    19   276.1  45.1  3.26   2.3  34.0     9     WNW

Max >=  90.0:  0
Max <=  32.0:  0
Min <=  32.0:  1
Min <=   0.0:  0
Max Rain: 0.97 ON 05/16/09
Days of Rain: 14 (>.01 in) 8 (>.1 in) 0 (>1 in)
Heat Base:  65.0  Cool Base:  65.0  Method: Integration