NOAA-Style Climate Reports


NOAA Climate Reports are updated by Weatherlink v6.0.3 once per hour from this station.
2007-2017 Summary

Report for 2009 July
                   MONTHLY CLIMATOLOGICAL SUMMARY for JUL. 2009

NAME: CW6839   CITY: Country Meadow, Clay   STATE: New York 
ELEV:   410 ft  LAT:  43° 10' 16" N  LONG:  76° 09' 44" W

                   TEMPERATURE (°F), RAIN  (in), WIND SPEED (mph)

                                      HEAT  COOL        AVG
    MEAN                              DEG   DEG         WIND                 DOM
DAY TEMP  HIGH   TIME   LOW    TIME   DAYS  DAYS  RAIN  SPEED HIGH   TIME    DIR
------------------------------------------------------------------------------------
 1  67.4  76.8   2:00p  58.1   4:50a   1.9   4.3  0.01   0.8  10.0   3:20p   ESE
 2  65.8  73.2   1:40p  59.9  11:50p   0.8   1.6  0.18   0.7   9.0   2:50p   WNW
 3  66.1  72.1   6:40p  60.2  12:10a   1.1   2.2  0.01   2.4  15.0   8:50p   WNW
 4  63.6  69.4   4:50p  55.4  12:00m   2.2   0.7  0.02   4.0  24.0   1:20p   WNW
 5  63.9  76.3   5:10p  51.0   2:50a   4.8   3.7  0.00   1.0  12.0  12:00p   WNW
 6  64.7  77.0   2:20p  54.4   1:20a   3.2   2.9  0.11   0.6  16.0   5:50p   WNW
 7  63.2  72.7  11:40a  55.9  11:30p   3.1   1.4  0.20   0.8  15.0  12:00p   WNW
 8  63.0  72.8   5:10p  55.7  11:50p   3.7   1.7  0.01   0.9  12.0   1:30p   WNW
 9  63.1  76.5   5:20p  51.1   5:20a   4.7   2.8  0.00   0.7  11.0   1:40p    NE
10  69.9  83.6   6:20p  55.7   4:00a   2.4   7.3  0.00   0.9   9.0   9:40a    NE
11  71.4  80.3  11:10a  64.3   1:50a   0.0   6.4  0.75   2.3  16.0  10:40a   SSW
12  62.7  71.3   3:10p  52.9   6:00a   3.7   1.3  0.00   1.7  18.0   3:40p     W
13  62.4  73.3   3:30p  50.2   4:10a   4.7   2.2  0.00   2.6  25.0   4:10p   WNW
14  61.4  71.5   2:00p  48.5   5:50a   5.5   1.9  0.00   2.0  19.0  12:10p   WNW
15  65.9  79.4   4:50p  50.8   4:30a   4.0   4.9  0.00   0.7  10.0   9:40a     W
16  71.4  83.4   1:20p  61.3  12:00m   0.6   7.0  0.00   1.7  19.0   3:40p   WNW
17  67.0  75.3  10:50a  60.2   5:10a   1.2   3.2  0.08   0.7  13.0   8:50a   ESE
18  66.6  76.0   2:40p  58.6  10:50p   1.4   3.0  0.00   1.5  16.0   2:30p     W
19  64.9  74.4   2:10p  56.9   6:00a   2.7   2.6  0.00   1.0  11.0   8:30a     W
20  66.2  79.6   4:10p  53.1   5:40a   3.5   4.6  0.00   0.6   7.0   9:30a    NE
21  66.2  75.6   3:10p  58.9   6:00a   1.9   3.1  0.07   0.8  13.0   6:10p   ENE
22  69.2  81.6   3:20p  59.5   5:10a   1.4   5.6  0.00   0.6   9.0   3:00p   ENE
23  72.4  82.8   1:00p  65.3   3:30a   0.0   7.4  0.05   2.3  18.0   7:40p    SE
24  68.3  74.9   2:10p  62.9  12:00m   0.1   3.4  0.75   0.8  15.0   2:40p    SE
25  71.7  84.1   5:10p  58.6   5:00a   1.5   8.2  0.16   2.1  19.0   8:10p    SE
26  73.1  82.6   2:30p  64.5  11:30p   0.0   8.1  1.23   1.8  19.0   6:40p   SSW
27  70.7  79.9   3:10p  62.3   5:40a   0.4   6.1  0.04   1.6  15.0   2:40p     W
28  74.7  87.6   4:10p  58.3   5:20a   1.4  11.1  0.00   1.1  11.0   1:40p   SSW
29  73.5  84.3  12:40p  66.1   6:10a   0.0   8.5  0.13   0.7  11.0   1:40p   SSW
30  71.4  81.4   4:30p  62.7   6:40a   0.1   6.5  0.01   0.9  11.0  12:00p   WNW
31  67.4  75.3   6:40p  62.0  11:50p   0.2   2.6  0.34   0.4   9.0   4:10p   SSW
-------------------------------------------------------------------------------------
    67.4  87.6    28    48.5    14    62.2 136.3  4.15   1.3  25.0    13     WNW

Max >=  90.0:  0
Max <=  32.0:  0
Min <=  32.0:  0
Min <=   0.0:  0
Max Rain: 1.23 ON 07/26/09
Days of Rain: 14 (>.01 in) 9 (>.1 in) 1 (>1 in)
Heat Base:  65.0  Cool Base:  65.0  Method: Integration