NOAA-Style Climate Reports


NOAA Climate Reports are updated by Weatherlink v6.0.3 once per hour from this station.
2007-2017 Summary

Report for 2009 November
                   MONTHLY CLIMATOLOGICAL SUMMARY for NOV. 2009

NAME: CW6839   CITY: Country Meadow, Clay   STATE: New York 
ELEV:   410 ft  LAT:  43° 10' 16" N  LONG:  76° 09' 44" W

                   TEMPERATURE (°F), RAIN  (in), WIND SPEED (mph)

                                      HEAT  COOL        AVG
    MEAN                              DEG   DEG         WIND                 DOM
DAY TEMP  HIGH   TIME   LOW    TIME   DAYS  DAYS  RAIN  SPEED HIGH   TIME    DIR
------------------------------------------------------------------------------------
 1  44.4  52.2  10:50a  32.2  11:50p  20.6   0.0  0.00   1.9  19.0  12:20a   WNW
 2  41.9  56.9   2:30p  28.8   5:50a  23.1   0.0  0.01   0.8  12.0  10:10a    SE
 3  46.0  52.3  10:50a  38.9  11:30p  19.0   0.0  0.02   3.0  20.0  11:20a   WNW
 4  38.6  43.2  11:20a  34.1   7:20a  26.4   0.0  0.02   0.5  12.0   4:10a     W
 5  37.2  47.0  12:10p  27.9   7:00a  27.8   0.0  0.16   1.3  17.0   4:40p   SSW
 6  33.3  36.3   4:20a  25.7  12:00m  31.7   0.0  0.13   1.2  14.0   2:40a   WNW
 7  43.0  57.6   2:20p  24.7   2:40a  22.0   0.0  0.01   2.6  16.0   3:30p   SSW
 8  52.2  64.8   1:40p  39.1  12:00m  12.8   0.0  0.00   0.7  10.0  12:50a   WNW
 9  56.3  71.1  12:20p  38.2   6:00a   9.9   1.2  0.00   1.6  15.0  11:20a   SSW
10  49.2  59.8  12:10a  40.3  11:40p  15.8   0.0  0.00   1.2  11.0   1:20a   NNW
11  39.7  51.3   2:20p  30.6  12:00m  25.3   0.0  0.00   0.6  12.0   1:40p     N
12  35.0  50.5   2:20p  24.7   7:00a  30.0   0.0  0.00   0.8  12.0  10:30a   NNE
13  41.0  60.5   2:10p  22.9   6:40a  24.0   0.0  0.01   2.1  20.0   2:20p   ESE
14  50.2  56.6   2:20p  39.2  12:10a  14.8   0.0  0.00   1.8  19.0   8:40a   ENE
15  52.1  64.3   1:10p  40.2   7:10a  12.9   0.0  0.00   1.5  16.0  11:20p   WNW
16  40.0  47.7  12:40p  28.5  11:10p  25.0   0.0  0.00   1.2  10.0   1:00p   WNW
17  33.5  48.8   2:00p  23.0   6:30a  31.5   0.0  0.00   0.3   7.0  11:40a   ENE
18  39.2  53.5   2:30p  26.4  12:10a  25.8   0.0  0.01   1.7  14.0  10:50a   ESE
19  46.2  53.9   5:00p  35.2   5:40a  18.8   0.0  0.75   1.6  11.0   9:40a   ENE
20  47.5  51.0   3:30p  44.2  10:30p  17.5   0.0  0.18   3.0  19.0   3:10a     W
21  45.0  48.2   2:10p  40.2   2:30a  20.0   0.0  0.00   0.9  10.0  11:20a     W
22  43.6  51.0   2:40p  33.4  11:20p  21.4   0.0  0.00   0.4   9.0   3:20p   ESE
23  39.1  47.9   2:20p  33.5  12:20a  25.9   0.0  0.00   2.4  16.0  12:10p   ESE
24  45.4  50.1   2:40p  40.8  12:10a  19.6   0.0  0.00   1.4   9.0  10:00a   ESE
25  49.4  55.6  11:50a  43.5  12:00m  15.6   0.0  0.13   2.3  20.0  11:40a     E
26  46.0  56.6   2:00p  37.5   3:20a  19.0   0.0  0.20   0.5  13.0  12:30p   SSE
27  39.4  43.2  12:10a  36.5   6:10a  25.6   0.0  0.49   2.9  25.0  12:00m   WNW
28  41.6  43.2   2:10p  37.5  11:40p  23.4   0.0  0.00   6.8  27.0   9:10a   WNW
29  42.4  57.2  10:00p  30.0   7:10a  22.6   0.0  0.01   1.2  17.0  10:00p    SE
30  38.5  48.5  12:30a  28.4  12:00m  26.5   0.0  0.51   1.7  15.0   3:50a   WNW
-------------------------------------------------------------------------------------
    43.2  71.1     9    22.9    13   654.3   1.2  2.64   1.7  27.0    28     WNW

Max >=  90.0:  0
Max <=  32.0:  0
Min <=  32.0: 12
Min <=   0.0:  0
Max Rain: 0.75 ON 11/19/09
Days of Rain: 10 (>.01 in) 8 (>.1 in) 0 (>1 in)
Heat Base:  65.0  Cool Base:  65.0  Method: Integration