NOAA-Style Climate Reports


NOAA Climate Reports are updated by Weatherlink v6.0.3 once per hour from this station.
2007-2017 Summary

Report for 2009 December
                   MONTHLY CLIMATOLOGICAL SUMMARY for DEC. 2009

NAME: CW6839   CITY: Country Meadow, Clay   STATE: New York 
ELEV:   410 ft  LAT:  43° 10' 16" N  LONG:  76° 09' 44" W

                   TEMPERATURE (°F), RAIN  (in), WIND SPEED (mph)

                                      HEAT  COOL        AVG
    MEAN                              DEG   DEG         WIND                 DOM
DAY TEMP  HIGH   TIME   LOW    TIME   DAYS  DAYS  RAIN  SPEED HIGH   TIME    DIR
------------------------------------------------------------------------------------
 1  37.5  44.8   2:40p  27.5  12:20a  27.5   0.0  0.01   1.5  17.0  12:40p   WNW
 2  42.9  58.6   1:50p  29.8   6:30a  22.1   0.0  0.23   2.7  21.0  10:10p     E
 3  48.0  57.3  10:50a  43.3  12:00m  17.0   0.0  0.10   4.2  27.0  12:30p   WNW
 4  36.5  45.1  11:20a  24.7  11:50p  28.5   0.0  0.00   1.3  14.0  10:10a   WNW
 5  30.4  35.3  12:10p  24.7  12:10a  34.6   0.0  0.00   0.2   9.0  10:00p   NNW
 6  32.0  37.8   1:40p  28.1   8:10p  33.0   0.0  0.00   2.3  18.0  11:20a     W
 7  30.1  33.7  11:50a  26.1   7:30a  34.9   0.0  0.00   0.9  13.0  12:10p    SE
 8  31.3  37.6  12:10p  26.3   7:40p  33.7   0.0  0.04   1.1  14.0  11:50p     W
 9  33.0  39.3   7:30p  27.0   5:00a  32.0   0.0  0.38   5.2  31.0   9:00a   ESE
10  29.7  38.0  12:10a  18.6  11:30p  35.3   0.0  0.03   7.0  34.0   7:30p     W
11  20.2  25.4   1:20p  17.0   5:00a  44.8   0.0  0.00   5.7  33.0   1:30a     W
12  24.1  33.2   2:10p  18.9  12:00m  40.9   0.0  0.01   2.3  18.0   4:40a     W
13  31.0  38.0   7:20p  18.9  12:10a  34.0   0.0  0.60   1.5  23.0   9:20a    SE
14  36.6  39.6   3:40p  34.4   6:40a  28.4   0.0  0.05   1.0  10.0   4:00p     W
15  36.1  42.1   6:00a  27.0  11:20p  28.9   0.0  0.03   2.9  18.0   2:00p   WNW
16  23.5  27.6  12:10a  21.0  11:20p  41.5   0.0  0.00   3.7  26.0   8:50p   WNW
17  12.6  21.6  12:40a   7.0  11:20p  52.4   0.0  0.01   1.7  20.0   3:50a    NW
18  11.2  19.9   1:00p   2.2   7:20a  53.8   0.0  0.00   0.6   8.0  10:00a   ENE
19  16.4  22.4   3:50p   7.7   5:40a  48.6   0.0  0.00   0.7  10.0  10:40a   NNW
20  21.6  29.3   2:50p  15.4   6:50a  43.4   0.0  0.00   1.6  16.0   2:00p    NW
21  23.5  30.3   1:10p  16.7  11:00p  41.5   0.0  0.00   0.7   9.0   1:00p   WNW
22  17.2  22.7   2:30p   8.6   7:50a  47.8   0.0  0.00   2.3  16.0  10:40a   WNW
23  19.3  23.3  11:10p  15.9   3:50a  45.7   0.0  0.00   2.2  17.0  10:20a   WNW
24  24.2  29.4  12:30p  17.8  10:00p  40.8   0.0  0.00   0.5   9.0   1:00p     E
25  27.2  32.8   1:30p  18.0  12:30a  37.8   0.0  0.00   3.2  20.0   6:30p     E
26  35.4  38.2   1:20p  32.8  12:10a  29.6   0.0  0.28   3.3  21.0  11:20a     E
27  36.2  44.3  12:10p  30.1   9:40p  28.8   0.0  0.05   0.9  12.0  12:30p   WNW
28  28.9  32.9   2:30a  21.1  12:00m  36.1   0.0  0.03   3.5  26.0  10:20p   WNW
29  12.4  21.1  12:10a   7.4   8:00a  52.6   0.0  0.00   4.8  25.0   1:30a    NW
30  20.5  26.9   1:30p  15.1   3:20a  44.5   0.0  0.00   0.7   8.0   1:40p     E
31  27.8  31.9   2:30p  20.3  12:30a  37.2   0.0  0.01   0.9   8.0  12:10p     E
-------------------------------------------------------------------------------------
    27.7  58.6     2     2.2    18  1157.7   0.0  1.86   2.3  34.0    10     WNW

Max >=  90.0:  0
Max <=  32.0: 13
Min <=  32.0: 28
Min <=   0.0:  0
Max Rain: 0.60 ON 12/13/09
Days of Rain: 11 (>.01 in) 4 (>.1 in) 0 (>1 in)
Heat Base:  65.0  Cool Base:  65.0  Method: Integration