NOAA-Style Climate Reports


NOAA Climate Reports are updated by Weatherlink v6.0.3 once per hour from this station.
2007-2017 Summary

Report for 2010
                            ANNUAL CLIMATOLOGICAL SUMMARY

NAME: CW6839  CITY: Country Meadow, Clay   STATE: New York  
ELEV:   410 ft  LAT:  43° 10' 16" N  LONG:  76° 09' 44" W

               TEMPERATURE (°F), HEAT BASE 65.0, COOL BASE 65.0
                          DEP.  HEAT  COOL                                          
        MEAN  MEAN        FROM  DEG   DEG                        MAX  MAX  MIN  MIN 
 YR MO  MAX   MIN   MEAN  NORM  DAYS  DAYS  HI  DATE  LOW  DATE  >=90 <=32 <=32 <=0 
------------------------------------------------------------------------------------
 10  1  30.1  16.0  23.4   0.0  1291     0  51.7  25 -11.7   10    0   16   28    4
 10  2  31.6  20.2  26.5   0.0  1078     0  41.1  26   4.1    6    0   17   27    0
 10  3  49.6  31.5  40.2   0.0   767     0  66.8  18  16.5   27    0    0   16    0
 10  4  63.3  39.5  51.3   0.0   436    25  86.7   3  29.1   23    0    0    4    0
 10  5  72.9  48.6  60.9   0.0   239   113  91.4  31  29.7   11    1    0    1    0
 10  6  76.3  57.2  66.7   0.0    81   132  86.5  19  47.0    9    0    0    0    0
 10  7  84.4  63.0  73.6   0.0    26   293  94.7   8  49.6    3    6    0    0    0
 10  8  80.9  61.1  70.6   0.0    40   212  91.2  31  50.5   27    1    0    0    0
 10  9  72.5  53.1  62.4   0.0   158    81  91.6   1  40.3   21    4    0    0    0
 10 10  59.9  42.5  50.6   0.0   451     6  74.0  26  31.8   13    0    0    1    0
 10 11  49.2  31.4  40.0   0.0   751     0  66.1  14  22.2   28    0    0   15    0
 10 12  31.0  19.7  25.7   0.0  1218     0  62.4   1   1.7   19    0   22   30    0
------------------------------------------------------------------------------------
        58.6  40.4  49.5   0.0  6535   863  94.7 JUL -11.7  JAN   12   55  122    4

                                PRECIPITATION (in)

               DEP.   MAX        DAYS OF RAIN 
               FROM   OBS.          OVER
 YR MO  TOTAL  NORM   DAY  DATE .01   .1   1
---------------------------------------------
 10  1  1.78   0.00  0.57   25    9    6    0
 10  2  1.97   0.00  0.79   26    8    6    0
 10  3  2.16   0.00  0.62   23   10    6    0
 10  4  1.41   0.00  0.79   16    9    3    0
 10  5  2.98   0.00  0.67    8   12    8    0
 10  6  6.41   0.00  1.28   28   15   10    1
 10  7  3.98   0.00  1.81   23    7    3    2
 10  8  4.89   0.00  2.73   22   12    7    1
 10  9  4.38   0.00  2.16   30   14    7    1
 10 10  3.89   0.00  0.90   15   15    9    0
 10 11  3.41   0.00  0.53   22   15   11    0
 10 12  2.18   0.00  1.13    1   10    5    1
---------------------------------------------
       39.44  0.00  2.73  AUG  136   81    6

                                WIND SPEED (mph)
                          DOM
 YR MO   AVG.  HI   DATE  DIR
---------------------------------
 10  1   1.8  33.0   28   WNW
 10  2   2.4  25.0   19   WNW
 10  3   2.7  37.0   13   WNW
 10  4   2.5  29.0   10   WNW
 10  5   1.8  45.0    8   WNW
 10  6   1.4  22.0   24   WNW
 10  7   1.0  25.0   12   WNW
 10  8   1.0  19.0    6     W
 10  9   1.3  32.0    4   WNW
 10 10   1.4  30.0    7   WNW
 10 11   1.9  35.0   17   WNW
 10 12   2.1  32.0    1   WNW
---------------------------------
         1.8  45.0  MAY  WNW