NOAA-Style Climate Reports


NOAA Climate Reports are updated by Weatherlink v6.0.3 once per hour from this station.
2007-2017 Summary

Report for 2010 March
                   MONTHLY CLIMATOLOGICAL SUMMARY for MAR. 2010

NAME: CW6839   CITY: Country Meadow, Clay   STATE: New York 
ELEV:   410 ft  LAT:  43° 10' 16" N  LONG:  76° 09' 44" W

                   TEMPERATURE (°F), RAIN  (in), WIND SPEED (mph)

                                      HEAT  COOL        AVG
    MEAN                              DEG   DEG         WIND                 DOM
DAY TEMP  HIGH   TIME   LOW    TIME   DAYS  DAYS  RAIN  SPEED HIGH   TIME    DIR
------------------------------------------------------------------------------------
 1  34.5  38.3  11:40a  31.9  12:10a  30.5   0.0  0.01   2.3  14.0   9:50a   WNW
 2  34.7  41.9   2:20p  31.9   7:00a  30.3   0.0  0.01   1.4  13.0   3:40p   WNW
 3  34.1  40.5  12:30p  28.5   7:00a  30.9   0.0  0.00   1.6  13.0   6:00p   NNW
 4  32.4  38.5  12:20p  27.3   7:00a  32.6   0.0  0.00   2.3  16.0   2:30p   NNW
 5  30.7  37.9  12:00p  22.5  12:00m  34.3   0.0  0.00   2.0  18.0   2:10p   NNW
 6  31.1  43.9   3:20p  16.9   6:40a  33.9   0.0  0.00   1.6  15.0   3:20p   WNW
 7  39.3  49.8   2:20p  29.7   1:20a  25.7   0.0  0.00   2.2  14.0   2:00p     W
 8  40.3  48.9   1:50p  27.2   5:00a  24.7   0.0  0.00   2.3  18.0   2:50p   WNW
 9  38.7  50.8   3:40p  27.6   7:00a  26.3   0.0  0.00   0.6   8.0   3:00p     W
10  41.0  56.0   2:20p  25.6   5:50a  24.0   0.0  0.00   1.4  13.0   1:40p     E
11  46.3  56.5   2:30p  40.5   7:00a  18.7   0.0  0.00   3.4  18.0   2:50p     E
12  45.0  49.6  12:30p  41.2   4:50a  20.0   0.0  0.00   5.4  21.0  11:00a     E
13  42.6  44.5   3:50p  39.6   8:10p  22.4   0.0  0.06   9.2  37.0  12:20p   ESE
14  45.8  51.9   3:10p  39.5  12:30a  18.4   0.0  0.03   5.6  30.0   1:40p     E
15  43.4  52.9   3:20p  36.5   5:40a  21.6   0.0  0.05   2.4  17.0   5:50p   NNW
16  42.9  59.5   3:50p  27.6   7:30a  22.1   0.0  0.00   1.3  14.0   3:30p   WNW
17  43.7  60.7   4:30p  25.6   6:40a  21.3   0.0  0.00   1.5  14.0   4:20p   WNW
18  53.6  66.8   4:20p  42.2   4:30a  11.4   0.1  0.00   2.9  22.0   2:10p     W
19  51.3  65.2   4:00p  33.2   7:30a  13.7   0.0  0.00   1.4  14.0   9:50a     W
20  46.2  55.0   1:50p  36.0  10:10p  18.8   0.0  0.00   2.1  14.0   6:00p   WNW
21  42.2  57.6   3:20p  33.1   5:50a  22.8   0.0  0.00   1.1  11.0   6:00p   WNW
22  41.5  46.8   4:50p  35.0   4:00a  23.5   0.0  0.29   2.0  18.0  11:50p   WNW
23  42.6  47.3   2:00a  34.1   9:10p  22.4   0.0  0.62   3.8  18.0   6:10p   ENE
24  41.7  52.2   4:40p  34.6  12:10a  23.3   0.0  0.01   4.3  18.0  10:40a   WNW
25  39.5  52.3   1:00p  29.8   5:40a  25.5   0.0  0.22   1.2  11.0   1:20p   WNW
26  26.9  36.5  12:10a  20.2  11:40p  38.1   0.0  0.00   3.5  18.0   3:10p   NNW
27  30.2  42.2   4:40p  16.5   7:00a  34.8   0.0  0.00   1.6  13.0  11:40a     E
28  40.8  47.6   4:30p  32.9  12:10a  24.2   0.0  0.16   5.4  21.0   9:40a   SSE
29  42.9  49.2  11:00a  40.1  11:20p  22.1   0.0  0.02   2.1  14.0   2:00p   NNW
30  38.6  43.6   1:50p  31.9   6:00a  26.4   0.0  0.52   2.3  15.0   2:00p   NNW
31  42.8  53.9   5:40p  37.2  12:00m  22.2   0.0  0.16   2.3  13.0  10:10a   WNW
-------------------------------------------------------------------------------------
    40.2  66.8    18    16.5    27   766.9   0.1  2.16   2.7  37.0    13     WNW

Max >=  90.0:  0
Max <=  32.0:  0
Min <=  32.0: 16
Min <=   0.0:  0
Max Rain: 0.62 ON 03/23/10
Days of Rain: 10 (>.01 in) 6 (>.1 in) 0 (>1 in)
Heat Base:  65.0  Cool Base:  65.0  Method: Integration