NOAA-Style Climate Reports


NOAA Climate Reports are updated by Weatherlink v6.0.3 once per hour from this station.
2007-2017 Summary

Report for 2010 April
                   MONTHLY CLIMATOLOGICAL SUMMARY for APR. 2010

NAME: CW6839   CITY: Country Meadow, Clay   STATE: New York 
ELEV:   410 ft  LAT:  43° 10' 16" N  LONG:  76° 09' 44" W

                   TEMPERATURE (°F), RAIN  (in), WIND SPEED (mph)

                                      HEAT  COOL        AVG
    MEAN                              DEG   DEG         WIND                 DOM
DAY TEMP  HIGH   TIME   LOW    TIME   DAYS  DAYS  RAIN  SPEED HIGH   TIME    DIR
------------------------------------------------------------------------------------
 1  51.4  72.5   5:30p  31.8   7:00a  14.9   1.3  0.00   1.8  12.0   2:30p     E
 2  66.0  86.5   3:40p  47.9   6:20a   5.3   6.3  0.00   2.0  15.0   4:00p     E
 3  70.3  86.7   3:20p  54.4   5:10a   2.5   7.8  0.00   4.1  25.0  10:20p   SSE
 4  56.6  65.0   3:50p  43.8  12:00m   8.4   0.0  0.00   3.0  28.0  12:20a   WNW
 5  57.3  75.3   4:00p  39.5   4:00a   9.6   1.9  0.00   2.0  21.0   3:40p   ENE
 6  52.3  59.0   1:50p  45.4   4:40a  12.7   0.0  0.16   1.3  11.0  11:20a   ESE
 7  59.7  77.4  12:20p  45.1   5:20a   7.5   2.1  0.06   1.9  28.0   2:10p   WNW
 8  60.3  83.4   4:30p  45.4  11:50p   8.1   3.4  0.12   3.7  26.0   6:00p   ESE
 9  41.4  45.5  12:10a  36.2  11:20p  23.6   0.0  0.01   3.5  25.0  10:00p   WNW
10  44.7  56.2   4:30p  36.5  12:10a  20.3   0.0  0.00   5.5  29.0   9:20a   WNW
11  51.2  60.7   4:00p  42.5  11:10p  13.8   0.0  0.00   3.6  18.0   8:00a   WNW
12  46.3  54.7   1:40p  33.5   6:40a  18.7   0.0  0.00   2.3  20.0  12:40p   WNW
13  47.8  60.4   2:50p  37.2   7:20a  17.2   0.0  0.00   1.2  17.0   3:30p   NNW
14  47.3  62.9   3:00p  29.4   6:10a  17.7   0.0  0.00   1.3  15.0   2:10p   WNW
15  50.8  64.5   2:10p  35.0   5:00a  14.2   0.0  0.00   1.0   8.0  12:00p   ESE
16  52.4  61.6  12:10p  47.0   7:10a  12.6   0.0  0.79   2.7  15.0   7:10a     E
17  42.4  48.3  12:50a  38.9  11:10a  22.4   0.0  0.07   4.6  21.0  12:10p   WNW
18  45.0  55.3   5:10p  37.2   4:20a  20.0   0.0  0.07   4.1  20.0   5:30p   WNW
19  49.7  59.9   3:10p  39.8  12:00m  15.3   0.0  0.00   2.2  16.0   3:50p   WNW
20  50.4  66.6   3:50p  34.1   6:30a  14.7   0.1  0.00   1.3  13.0   1:30p   WNW
21  52.7  70.1   3:10p  37.3   6:20a  12.9   0.6  0.00   1.1  12.0   3:30p   WNW
22  44.1  49.4   5:10p  33.4  12:00m  20.9   0.0  0.00   2.2  16.0   1:00p   WNW
23  43.6  55.9   5:00p  29.1   6:30a  21.4   0.0  0.00   1.7  17.0   1:10p   WNW
24  51.2  68.3   2:20p  31.0   6:10a  14.1   0.3  0.00   0.9  11.0   2:40p   ENE
25  54.7  58.4   6:40p  48.2   4:40a  10.3   0.0  0.03   1.5  12.0   1:10a    SE
26  52.4  59.2   2:50p  46.4  12:00m  12.6   0.0  0.01   0.9  11.0   2:50p    NE
27  40.5  47.1  12:40a  36.8   8:30a  24.5   0.0  0.05   2.2  21.0   7:40a    NW
28  46.7  55.4   4:10p  38.2  12:30a  18.3   0.0  0.04   5.6  25.0   4:50p   WNW
29  51.2  61.8   5:10p  37.6   6:30a  13.8   0.0  0.00   4.3  22.0   2:20p   WNW
30  59.1  72.3   3:30p  45.4   6:50a   7.3   1.4  0.00   0.8  10.0   3:30p   WSW
-------------------------------------------------------------------------------------
    51.3  86.7     3    29.1    23   435.6  25.2  1.41   2.5  29.0    10     WNW

Max >=  90.0:  0
Max <=  32.0:  0
Min <=  32.0:  4
Min <=   0.0:  0
Max Rain: 0.79 ON 04/16/10
Days of Rain: 9 (>.01 in) 3 (>.1 in) 0 (>1 in)
Heat Base:  65.0  Cool Base:  65.0  Method: Integration