NOAA-Style Climate Reports


NOAA Climate Reports are updated by Weatherlink v6.0.3 once per hour from this station.
2007-2017 Summary

Report for 2010 May
                   MONTHLY CLIMATOLOGICAL SUMMARY for MAY. 2010

NAME: CW6839   CITY: Country Meadow, Clay   STATE: New York 
ELEV:   410 ft  LAT:  43° 10' 16" N  LONG:  76° 09' 44" W

                   TEMPERATURE (°F), RAIN  (in), WIND SPEED (mph)

                                      HEAT  COOL        AVG
    MEAN                              DEG   DEG         WIND                 DOM
DAY TEMP  HIGH   TIME   LOW    TIME   DAYS  DAYS  RAIN  SPEED HIGH   TIME    DIR
------------------------------------------------------------------------------------
 1  67.5  85.7   3:20p  55.7   2:20a   2.9   5.4  0.02   1.2  19.0   4:20p   ESE
 2  72.1  84.0   4:40p  57.2   6:10a   1.4   8.5  0.00   1.3  16.0   4:40p   SSW
 3  68.8  73.7  12:10a  53.2  12:00m   1.2   5.0  0.16   3.0  23.0   1:20p   WNW
 4  58.3  67.9   5:40p  49.4  12:40p   7.0   0.2  0.48   1.9  32.0  12:30p   WNW
 5  63.6  81.8   5:00p  42.3   6:00a   7.4   6.0  0.21   2.5  19.0   2:50p   SSW
 6  57.5  64.3  10:20a  46.7  12:00m   7.5   0.0  0.41   4.5  28.0   5:00p   WNW
 7  51.1  60.2   1:00p  38.8   5:50a  13.9   0.0  0.05   1.1  11.0  10:50p   WNW
 8  48.4  61.6   1:00p  35.0  11:10p  16.6   0.0  0.67   6.0  45.0   5:30p   WNW
 9  37.2  41.8   7:40p  32.9   6:30a  27.8   0.0  0.12   5.0  24.0  10:10a   WNW
10  43.3  53.1   4:50p  33.5   6:10a  21.7   0.0  0.00   2.1  19.0   2:50p   WNW
11  45.8  56.6   3:40p  29.7   5:30a  19.2   0.0  0.02   1.9  13.0   1:40p    SE
12  45.4  54.7   6:00p  38.5  12:00m  19.6   0.0  0.14   2.5  15.0   5:30a   ESE
13  49.8  63.1   2:20p  33.2   5:50a  15.2   0.0  0.66   1.2  13.0   9:30p   ESE
14  60.6  77.9   3:50p  49.9   1:40a   6.3   2.0  0.01   1.8  17.0   6:40p   WNW
15  54.0  59.6  12:10a  49.5   6:20a  11.0   0.0  0.00   3.5  23.0   9:10a   WNW
16  57.4  69.8   4:50p  44.6  12:00m   8.3   0.8  0.00   1.3  13.0  11:20a   WNW
17  57.4  73.5   3:00p  39.6   5:50a   9.6   2.0  0.00   0.6   9.0   2:40p    NE
18  56.0  63.5  12:20p  52.3  12:50a   9.0   0.0  0.03   0.6  10.0   3:10p   ENE
19  59.4  69.3   3:40p  51.0   6:20a   6.1   0.5  0.00   1.5  17.0  12:00p   WNW
20  63.5  78.8   3:30p  46.2   5:50a   5.9   4.4  0.00   0.9  13.0   5:00p   WNW
21  67.9  84.0   3:50p  49.8   6:20a   3.8   6.7  0.00   0.4   7.0  12:30p    NE
22  72.1  84.5   2:10p  60.2   5:50a   0.7   7.8  0.00   3.1  24.0   3:00p    SE
23  68.9  81.8   5:30p  59.6   4:40a   1.2   5.1  0.00   1.7  12.0   1:50p   ENE
24  70.8  83.4   5:10p  56.3   5:50a   1.9   7.6  0.00   0.7   9.0  12:20p     E
25  72.4  85.7   5:20p  57.8   5:10a   1.5   8.9  0.00   0.6   9.0  12:30p   WNW
26  73.8  87.6   2:20p  59.2   5:00a   1.3  10.0  0.00   1.3  12.0   3:40p   WNW
27  71.9  83.6   5:00p  59.9   5:30a   0.7   7.7  0.00   0.6   9.0   1:50p   WNW
28  65.7  74.9   4:00p  56.9   5:20a   2.5   3.2  0.00   1.0  10.0   1:00p    NE
29  67.3  80.1   1:50p  56.3   1:40a   2.9   5.2  0.00   1.1  15.0   4:20p   WNW
30  67.7  80.5   5:30p  54.1   5:50a   3.2   5.9  0.00   1.0  14.0   3:30p   WNW
31  73.7  91.4   5:20p  56.5   6:00a   1.8  10.5  0.00   1.0  12.0   8:10p   SSW
-------------------------------------------------------------------------------------
    60.9  91.4    31    29.7    11   239.1 113.4  2.98   1.8  45.0     8     WNW

Max >=  90.0:  1
Max <=  32.0:  0
Min <=  32.0:  1
Min <=   0.0:  0
Max Rain: 0.67 ON 05/08/10
Days of Rain: 12 (>.01 in) 8 (>.1 in) 0 (>1 in)
Heat Base:  65.0  Cool Base:  65.0  Method: Integration