NOAA-Style Climate Reports


NOAA Climate Reports are updated by Weatherlink v6.0.3 once per hour from this station.
2007-2017 Summary

Report for 2010 June
                   MONTHLY CLIMATOLOGICAL SUMMARY for JUN. 2010

NAME: CW6839   CITY: Country Meadow, Clay   STATE: New York 
ELEV:   410 ft  LAT:  43° 10' 16" N  LONG:  76° 09' 44" W

                   TEMPERATURE (°F), RAIN  (in), WIND SPEED (mph)

                                      HEAT  COOL        AVG
    MEAN                              DEG   DEG         WIND                 DOM
DAY TEMP  HIGH   TIME   LOW    TIME   DAYS  DAYS  RAIN  SPEED HIGH   TIME    DIR
------------------------------------------------------------------------------------
 1  69.6  77.6   5:30p  59.2  12:00m   0.4   5.0  0.48   1.2  15.0   1:30p   WNW
 2  72.0  86.1   3:10p  53.5   5:50a   2.6   9.6  0.03   1.4  12.0   8:40p   SSE
 3  68.5  76.5   5:40p  63.9   8:20a   0.1   3.6  0.21   1.2  15.0   6:40a   WNW
 4  69.1  78.3   4:40p  62.0   3:20a   0.7   4.8  0.00   0.4   9.0   1:00p   WNW
 5  70.4  81.1  12:40p  61.5  12:00m   0.2   5.6  0.75   1.6  17.0  11:40a   WNW
 6  58.3  66.8  10:30a  49.9  12:00m   6.7   0.0  0.77   1.4  19.0   9:00a   WNW
 7  59.2  68.9   1:10p  47.7   2:20a   6.5   0.7  0.00   2.3  18.0  12:20p   WNW
 8  58.8  67.6   4:50p  48.0  11:50p   6.6   0.3  0.00   1.3  16.0   1:30p   WNW
 9  52.5  57.3  12:50p  47.0   3:00a  12.5   0.0  0.28   1.4  13.0   1:40p   ESE
10  61.1  68.3   5:50p  53.9  12:00m   4.3   0.4  0.00   1.6  17.0   4:20p   WNW
11  63.5  77.9   4:20p  48.6   5:40a   5.2   3.7  0.00   0.6  10.0  12:10p     W
12  63.1  68.1   4:20p  56.9  12:20a   2.3   0.4  0.70   1.4   9.0  10:00a   ENE
13  66.9  77.0   5:20p  62.9   6:20a   0.8   2.6  0.01   0.5   8.0   5:40p   WNW
14  66.8  78.3   2:30p  57.8  12:00m   1.8   3.6  0.00   0.8  12.0   2:20p   WNW
15  63.8  78.3   3:40p  49.6   5:00a   5.0   3.8  0.00   0.4   7.0   2:50p   NNE
16  64.5  76.3   2:10p  55.0  12:40a   2.9   2.4  0.81   1.6  15.0   2:10p   ESE
17  61.3  71.5   5:10p  54.8  11:50p   4.7   1.0  0.12   2.0  19.0   4:20a   WNW
18  67.2  84.0   5:00p  50.8   5:00a   4.0   6.1  0.00   0.7  11.0   2:40p     W
19  74.5  86.5   2:00p  60.9   5:10a   0.8  10.3  0.03   1.7  15.0  12:40p   SSW
20  75.0  81.8   3:10p  66.0  12:00m   0.0  10.0  0.00   1.6  16.0   2:30p   WNW
21  69.7  79.8   3:30p  61.2  12:00m   0.8   5.5  0.00   0.8  11.0   4:20p   WNW
22  67.6  75.8  11:20a  58.9   4:50a   1.5   4.1  0.83   1.2  12.0  11:30p   ENE
23  74.6  86.1   5:40p  66.6   9:50a   0.0   9.6  0.00   1.6  14.0   8:10a   WNW
24  75.1  80.3   3:10p  65.6  11:50p   0.0  10.1  0.02   2.8  22.0  10:30a   WNW
25  68.8  77.6   3:30p  58.6  12:00m   0.9   4.6  0.00   1.0  11.0   9:40a   WNW
26  65.1  74.4  12:20p  56.0   5:40a   2.6   2.6  0.02   0.4   9.0   3:10p     W
27  73.2  84.7   2:40p  61.8   4:30a   0.7   8.9  0.07   0.6  14.0  12:00m    SE
28  75.4  83.2   1:10p  69.6  12:00m   0.0  10.4  1.28   2.0  16.0   6:40a     W
29  65.8  70.4   3:30p  57.0  12:00m   0.9   1.7  0.00   2.8  19.0   5:10p   WNW
30  60.1  68.8   4:50p  50.1   5:50a   5.4   0.5  0.00   2.3  17.0   8:40a     W
-------------------------------------------------------------------------------------
    66.7  86.5    19    47.0     9    80.9 131.9  6.41   1.4  22.0    24     WNW

Max >=  90.0:  0
Max <=  32.0:  0
Min <=  32.0:  0
Min <=   0.0:  0
Max Rain: 1.28 ON 06/28/10
Days of Rain: 15 (>.01 in) 10 (>.1 in) 1 (>1 in)
Heat Base:  65.0  Cool Base:  65.0  Method: Integration