NOAA-Style Climate Reports


NOAA Climate Reports are updated by Weatherlink v6.0.3 once per hour from this station.
2007-2017 Summary

Report for 2010 November
                   MONTHLY CLIMATOLOGICAL SUMMARY for NOV. 2010

NAME: CW6839   CITY: Country Meadow, Clay   STATE: New York 
ELEV:   410 ft  LAT:  43° 10' 16" N  LONG:  76° 09' 44" W

                   TEMPERATURE (°F), RAIN  (in), WIND SPEED (mph)

                                      HEAT  COOL        AVG
    MEAN                              DEG   DEG         WIND                 DOM
DAY TEMP  HIGH   TIME   LOW    TIME   DAYS  DAYS  RAIN  SPEED HIGH   TIME    DIR
------------------------------------------------------------------------------------
 1  36.0  39.8   4:00p  32.5   1:20a  29.0   0.0  0.00   0.3   9.0   4:10p   NNE
 2  37.5  49.6   2:30p  27.3   8:10a  27.5   0.0  0.00   0.5  11.0   3:10p   WNW
 3  40.2  54.8   3:00p  27.0   7:10a  24.8   0.0  0.00   1.0  13.0   3:00p    SE
 4  42.1  45.2   1:40p  37.2   2:30a  22.9   0.0  0.28   0.5   9.0   3:50p   ENE
 5  40.2  42.8   2:30p  37.6  12:00m  24.8   0.0  0.17   1.3  15.0   5:00p   WNW
 6  36.8  41.6   3:00p  33.2   7:30a  28.2   0.0  0.00   0.5   9.0   3:00p   NNW
 7  35.6  46.0   2:20p  25.3   7:10a  29.4   0.0  0.00   0.3   6.0   2:20p   WNW
 8  39.3  46.1   1:10p  30.7  12:30a  25.7   0.0  0.03   2.4  20.0   2:40p   NNW
 9  41.7  44.6   2:30p  38.5   1:00a  23.3   0.0  0.00   1.2   9.0  10:20a   NNW
10  40.9  52.3  12:20p  30.7  11:40p  24.1   0.0  0.01   1.0  12.0   1:10p   WNW
11  37.4  56.3   2:20p  25.8   7:00a  27.6   0.0  0.00   0.3   8.0   1:10p     E
12  39.1  60.9   2:30p  24.8   7:00a  25.9   0.0  0.00   0.3  10.0   1:20p   ESE
13  40.3  62.7  12:40p  25.7   6:20a  24.7   0.0  0.00   0.3   7.0  12:50p   ENE
14  50.9  66.1   1:40p  33.5   1:20a  14.1   0.0  0.05   2.1  17.0  11:30a     E
15  44.4  53.5   1:20p  37.2   8:00p  20.6   0.0  0.10   0.5  10.0   1:20a   ESE
16  46.2  55.3   2:10p  37.2   7:40a  18.8   0.0  0.37   2.4  18.0   9:20p     E
17  48.1  53.9   9:00a  43.3   5:10p  16.9   0.0  0.44   6.3  35.0   4:50p   WNW
18  40.9  44.6  12:10a  34.7  10:50p  24.1   0.0  0.11   1.7  15.0  12:10a   WNW
19  34.5  41.1   1:00p  30.4   8:40p  30.5   0.0  0.12   0.8  10.0   1:00p   WNW
20  41.8  47.4   9:30a  33.1  12:10a  23.2   0.0  0.00   4.3  28.0   3:10p   WNW
21  33.8  45.4  11:50p  24.2   7:20a  31.2   0.0  0.00   2.0  16.0  11:20p   ESE
22  49.8  53.3   4:50p  44.6  12:10a  15.2   0.0  0.53   1.8  15.0   2:30a    SE
23  50.7  65.0   1:20p  38.6  12:00m  14.3   0.0  0.29   4.9  26.0   9:50p   WNW
24  34.1  39.9  11:50a  27.5  11:50p  30.9   0.0  0.15   2.6  23.0   1:20a    NW
25  31.5  36.9   5:40p  23.8   3:30a  33.5   0.0  0.00   2.1  15.0   6:30p   ESE
26  35.4  41.8   5:50a  32.1   5:50p  29.6   0.0  0.34   3.2  23.0   9:00a   WNW
27  32.2  39.1  12:20p  23.3  12:00m  32.8   0.0  0.02   4.0  28.0  12:20p   WNW
28  34.2  41.3   1:00p  22.2   1:00a  30.8   0.0  0.00   1.0  17.0   1:20p   WNW
29  36.6  49.8  12:20p  25.8   3:40a  28.4   0.0  0.00   1.7  12.0  10:00a    SE
30  46.6  58.1  12:00m  33.4  12:30a  18.4   0.0  0.40   4.7  28.0  10:20p    SE
-------------------------------------------------------------------------------------
    40.0  66.1    14    22.2    28   751.2   0.0  3.41   1.9  35.0    17     WNW

Max >=  90.0:  0
Max <=  32.0:  0
Min <=  32.0: 15
Min <=   0.0:  0
Max Rain: 0.53 ON 11/22/10
Days of Rain: 15 (>.01 in) 11 (>.1 in) 0 (>1 in)
Heat Base:  65.0  Cool Base:  65.0  Method: Integration