NOAA-Style Climate Reports


NOAA Climate Reports are updated by Weatherlink v6.0.3 once per hour from this station.
2007-2017 Summary

Report for 2010 December
                   MONTHLY CLIMATOLOGICAL SUMMARY for DEC. 2010

NAME: CW6839   CITY: Country Meadow, Clay   STATE: New York 
ELEV:   410 ft  LAT:  43° 10' 16" N  LONG:  76° 09' 44" W

                   TEMPERATURE (°F), RAIN  (in), WIND SPEED (mph)

                                      HEAT  COOL        AVG
    MEAN                              DEG   DEG         WIND                 DOM
DAY TEMP  HIGH   TIME   LOW    TIME   DAYS  DAYS  RAIN  SPEED HIGH   TIME    DIR
------------------------------------------------------------------------------------
 1  44.6  62.4   6:20a  32.9   1:50p  20.4   0.0  1.13   5.8  32.0   4:10a    SE
 2  32.7  36.6   2:00p  29.5   7:20a  32.3   0.0  0.16   1.9  17.0  12:40p   SSW
 3  31.7  36.0  12:10p  27.0   7:40a  33.3   0.0  0.04   0.9  12.0   3:50p   WNW
 4  28.2  30.4  12:10a  25.7   5:40a  36.8   0.0  0.04   1.1  13.0   7:00p   WNW
 5  25.7  26.9   3:00p  23.8   3:30a  39.3   0.0  0.00   3.2  18.0   1:40p   WNW
 6  24.2  25.6  12:10a  22.7   6:50a  40.8   0.0  0.00   3.9  18.0   2:50p   WNW
 7  24.8  27.0   7:30p  23.3   6:50a  40.2   0.0  0.00   4.1  20.0   9:50p   WNW
 8  21.5  24.2  12:10a  19.2   8:10a  43.5   0.0  0.00   2.0  15.0  12:10a   WNW
 9  15.5  21.9   1:00p   6.1  11:50p  49.5   0.0  0.01   0.6  13.0   2:10p   WNW
10  20.5  32.8  12:00m   2.4   2:20a  44.5   0.0  0.00   2.0  16.0   2:40p   ESE
11  35.1  39.9   1:20p  28.7  11:00p  29.9   0.0  0.25   1.1  12.0   1:00a   SSW
12  36.9  44.5   8:10p  30.1  12:10a  28.1   0.0  0.24   3.7  24.0   1:10p     E
13  24.9  40.8  12:10a  14.8   6:30p  40.1   0.0  0.00   3.9  22.0   1:20p   WNW
14  15.3  16.7   1:30p  12.9   7:40a  49.7   0.0  0.00   2.7  15.0  12:30p   WNW
15  18.7  21.6  10:50p  14.6   5:00a  46.3   0.0  0.00   2.8  16.0  11:20a   WNW
16  23.9  28.2   2:00p  19.2  12:50a  41.1   0.0  0.01   1.5  16.0   1:10p     W
17  26.1  30.4   7:10p  18.4   6:40a  38.9   0.0  0.00   0.6  10.0   7:30p     W
18  24.2  30.9  11:00a   9.2  12:00m  40.8   0.0  0.07   0.8  13.0  10:30a   WSW
19  15.9  28.7   1:30p   1.7   5:30a  49.1   0.0  0.04   0.1   6.0   1:40p    NE
20  26.2  30.4   1:50p  21.6  12:10a  38.8   0.0  0.01   1.0  12.0   8:50p   WNW
21  25.1  26.9  12:20p  23.5  11:40p  39.9   0.0  0.00   1.3  15.0   1:00p   WNW
22  26.0  27.5  11:20p  23.5  12:10a  39.0   0.0  0.00   1.6  13.0  12:10p   WNW
23  26.3  27.2  12:10a  25.7   3:20a  38.7   0.0  0.00   3.4  17.0  12:30p    NW
24  25.3  26.4   1:20p  23.8  11:10p  39.7   0.0  0.00   1.9  14.0   9:50a   WNW
25  20.8  25.0   1:10p  16.1  12:00m  44.2   0.0  0.00   1.1   9.0   1:10p   NNW
26  16.4  22.2  11:50a  13.6   9:10p  48.6   0.0  0.00   2.5  18.0  10:10p   NNW
27  18.6  23.5   3:00p  11.6   7:20a  46.4   0.0  0.00   4.5  22.0   2:30p    NW
28  27.3  30.3   4:30p  20.5   3:00a  37.7   0.0  0.00   3.4  20.0  12:20p   WNW
29  29.7  30.9   8:50a  25.1  11:50p  35.3   0.0  0.00   2.0  13.0   1:00a     W
30  26.8  38.5   1:40p  12.3   8:00a  38.2   0.0  0.06   0.6   7.0  10:20a   ESE
31  38.3  46.5   4:00p  30.0  12:40a  26.7   0.0  0.12   0.4   6.0   3:00a   ESE
-------------------------------------------------------------------------------------
    25.7  62.4     1     1.7    19  1217.8   0.0  2.18   2.1  32.0     1     WNW

Max >=  90.0:  0
Max <=  32.0: 22
Min <=  32.0: 30
Min <=   0.0:  0
Max Rain: 1.13 ON 12/01/10
Days of Rain: 10 (>.01 in) 5 (>.1 in) 1 (>1 in)
Heat Base:  65.0  Cool Base:  65.0  Method: Integration