NOAA-Style Climate Reports


NOAA Climate Reports are updated by Weatherlink v6.0.3 once per hour from this station.
2007-2017 Summary

Report for 2011 May
                   MONTHLY CLIMATOLOGICAL SUMMARY for MAY. 2011

NAME: CW6839   CITY: Country Meadow, Clay   STATE: New York 
ELEV:   410 ft  LAT:  43° 10' 16" N  LONG:  76° 09' 44" W

                   TEMPERATURE (°F), RAIN  (in), WIND SPEED (mph)

                                      HEAT  COOL        AVG
    MEAN                              DEG   DEG         WIND                 DOM
DAY TEMP  HIGH   TIME   LOW    TIME   DAYS  DAYS  RAIN  SPEED HIGH   TIME    DIR
------------------------------------------------------------------------------------
 1  58.0  71.6   5:30p  39.8   2:00a   8.5   1.5  0.00   2.5  14.0   5:40p   ESE
 2  57.4  65.5   4:10p  49.5  12:00m   7.6   0.0  0.04   2.2  15.0   5:40p   SSE
 3  47.0  49.5  12:10a  43.9  12:00m  18.0   0.0  1.01   0.6  11.0  12:00m   WNW
 4  43.2  46.4   5:00p  40.8   4:30a  21.8   0.0  0.04   3.0  15.0  12:20p   WNW
 5  50.0  58.4   5:40p  39.9   6:40a  15.0   0.0  0.01   3.9  22.0  11:10a   WNW
 6  56.6  68.6   5:00p  44.6   5:50a   8.8   0.4  0.00   2.1  17.0   9:40a     W
 7  55.0  65.2   2:40p  43.5  12:00m  10.0   0.0  0.00   1.4  15.0   4:50p   WNW
 8  53.0  65.8   2:00p  39.8   5:20a  12.0   0.0  0.00   1.0  12.0   1:10p   WNW
 9  55.7  65.2   5:20p  43.9   6:30a   9.3   0.0  0.00   1.6  17.0   3:40p   NNW
10  55.3  70.1   3:10p  38.8   5:10a  10.6   0.9  0.00   0.6  11.0   3:40p   WNW
11  59.7  74.6   4:40p  44.1   6:00a   7.5   2.2  0.00   1.2  13.0   8:40a    NE
12  64.4  79.2   3:10p  49.9   6:00a   4.5   3.9  0.00   1.2  10.0   1:10p   ENE
13  65.5  73.0   3:50p  59.0   7:40a   1.5   2.0  0.00   2.8  19.0   5:00p   ENE
14  63.3  66.9   2:20p  59.5   6:40a   1.8   0.1  0.17   1.0  10.0  11:30p   ESE
15  57.1  62.0  12:10a  51.1  11:50p   7.9   0.0  0.67   0.9  13.0   6:30p    NE
16  50.7  52.8   3:40p  49.1  11:40p  14.3   0.0  0.41   0.5   7.0   5:00p     W
17  56.6  64.8   6:30p  48.6   1:10a   8.4   0.0  0.01   2.7  19.0   1:30p   ENE
18  62.8  71.3   4:20p  58.3   8:20a   3.0   0.8  0.03   4.2  20.0   4:40p   ENE
19  63.5  71.1  11:50a  58.6  12:00m   2.5   1.0  0.66   1.1  12.0  11:00a   ENE
20  62.8  72.3   3:40p  56.5   2:50a   3.8   1.6  0.02   0.5  12.0   1:50p     W
21  64.5  78.3   4:50p  56.3   1:00a   3.4   2.9  0.00   0.4   8.0   4:10p     W
22  66.5  79.8   2:20p  56.9   3:50a   2.2   3.7  0.00   2.1  14.0   6:50p    SE
23  67.7  76.5   3:20p  63.2   2:30a   0.5   3.2  0.08   3.9  18.0  10:10a   SSE
24  66.6  74.0  12:40p  53.6  12:00m   1.4   2.9  0.04   2.4  20.0  11:50a   WNW
25  61.3  75.6   5:30p  49.9   5:50a   5.5   1.8  0.00   0.7   9.0   4:10p   WNW
26  72.8  88.4   3:40p  62.1   6:10a   0.4   8.2  0.39   2.2  20.0   3:00p   SSW
27  67.2  77.4  12:00p  62.9   4:30a   0.6   2.8  0.37   0.5   7.0  10:40a   WNW
28  69.4  80.9   5:20p  62.1   5:20a   0.7   5.0  0.03   1.2  13.0   5:20p   SSW
29  75.1  87.0   6:30p  61.8  12:50a   0.4  10.5  0.00   1.0  14.0  12:40p   SSW
30  71.5  83.4   4:20p  63.2  12:00m   0.1   6.6  0.71   0.4  14.0  12:30a     W
31  75.9  91.8   5:20p  60.9   4:00a   0.9  11.8  0.00   0.6  10.0   4:00p     W
-------------------------------------------------------------------------------------
    61.2  91.8    31    38.8    10   192.9  73.8  4.69   1.6  22.0     5     WNW

Max >=  90.0:  1
Max <=  32.0:  0
Min <=  32.0:  0
Min <=   0.0:  0
Max Rain: 1.01 ON 05/03/11
Days of Rain: 15 (>.01 in) 8 (>.1 in) 1 (>1 in)
Heat Base:  65.0  Cool Base:  65.0  Method: Integration