NOAA-Style Climate Reports


NOAA Climate Reports are updated by Weatherlink v6.0.3 once per hour from this station.
2007-2017 Summary

Report for 2011 July
                   MONTHLY CLIMATOLOGICAL SUMMARY for JUL. 2011

NAME: CW6839   CITY: Country Meadow, Clay   STATE: New York 
ELEV:   410 ft  LAT:  43° 10' 16" N  LONG:  76° 09' 44" W

                   TEMPERATURE (°F), RAIN  (in), WIND SPEED (mph)

                                      HEAT  COOL        AVG
    MEAN                              DEG   DEG         WIND                 DOM
DAY TEMP  HIGH   TIME   LOW    TIME   DAYS  DAYS  RAIN  SPEED HIGH   TIME    DIR
------------------------------------------------------------------------------------
 1  67.4  80.5   3:50p  52.2   3:50a   3.5   5.9  0.00   0.6  12.0   2:30p     W
 2  72.1  87.6   5:10p  54.8   5:50a   2.4   9.5  0.00   0.7  11.0   3:10p    SE
 3  74.6  84.1   5:20p  63.9  11:20p   0.0   9.6  0.00   0.8  20.0   3:50p   WNW
 4  71.0  83.6   5:00p  57.6  12:00m   1.5   7.5  0.00   0.9  14.0   1:50p   WNW
 5  70.6  85.1   3:30p  55.6   4:00a   2.5   8.1  0.00   0.5   9.0   1:20p     W
 6  73.6  89.0   1:10p  61.8   6:10a   0.5   9.2  0.01   1.0  16.0   2:00p     W
 7  70.2  81.4   2:20p  61.0   6:00a   0.8   6.0  0.00   0.3   9.0  12:50p   NNE
 8  70.3  83.2  12:40p  59.8   4:10a   1.2   6.5  0.00   0.7  11.0   2:50p   ESE
 9  68.6  78.5   5:30p  59.0   6:00a   1.6   5.2  0.00   0.6  13.0  12:00p   WNW
10  72.6  89.5   4:00p  57.0   5:40a   1.9   9.5  0.00   0.7  13.0   3:50p   SSW
11  78.3  92.7   2:20p  64.7   5:10a   0.0  13.3  0.00   1.1  16.0   5:50p     W
12  78.9  87.6   3:00p  72.3  12:00m   0.0  13.9  0.00   2.0  18.0   4:00p   WNW
13  69.8  80.1   1:30p  59.5  12:00m   0.6   5.4  0.00   0.9  20.0   3:40p   WNW
14  68.7  82.6   3:30p  54.4   6:00a   3.0   6.6  0.00   0.4   9.0   3:10p   WNW
15  69.8  85.7   4:30p  54.4   5:50a   2.8   7.6  0.00   0.4   8.0   2:20p   NNE
16  72.9  89.9   6:30p  55.9   6:00a   2.2  10.2  0.00   0.3   9.0   5:00p     W
17  77.9  92.1   5:00p  59.6   6:00a   0.5  13.4  0.00   0.9  12.0   1:40p     W
18  76.4  86.7   4:30p  70.3   8:50a   0.0  11.4  0.48   1.1  16.0   8:00a     W
19  73.7  84.5   2:20p  65.6  12:00m   0.0   8.7  0.00   0.1   7.0   3:40p    NE
20  77.6  92.1   6:10p  62.6   5:10a   0.4  13.0  0.00   0.5  10.0   1:10p     W
21  87.1  98.2   2:20p  72.8   2:30a   0.0  22.1  0.00   2.0  20.0   1:20p     W
22  83.6  92.3   3:50p  73.5  12:00m   0.0  18.6  0.00   0.8  12.0  11:20a     W
23  80.4  91.8   3:40p  70.6   6:00a   0.0  15.4  0.00   0.7  12.0   8:30a     W
24  77.0  85.9   1:10p  64.5  12:00m   0.0  12.0  0.00   0.4  10.0   1:30p     W
25  68.3  78.3   4:30p  60.7   5:00a   0.8   4.1  0.02   0.8  14.0  10:20a    SE
26  71.2  80.1   2:20p  62.7   6:10a   0.2   6.4  0.08   1.5  31.0   4:30p     W
27  71.2  81.1   2:10p  62.4   3:40a   0.4   6.6  0.00   0.6  14.0   2:00p   WNW
28  71.6  81.1   2:30p  62.4   1:20a   0.6   7.2  0.00   0.8   9.0   5:30p    SE
29  72.8  79.8   3:30p  68.4   1:30a   0.0   7.8  0.94   0.6  11.0   6:20p   ESE
30  73.9  84.1   3:00p  64.5  12:00m   0.0   8.9  0.00   0.6  16.0   2:10p     W
31  73.1  88.0   2:20p  59.2   6:10a   1.0   9.1  0.00   0.5  11.0   1:40p     W
-------------------------------------------------------------------------------------
    73.7  98.2    21    52.2     1    28.4 298.7  1.53   0.8  31.0    26       W

Max >=  90.0:  6
Max <=  32.0:  0
Min <=  32.0:  0
Min <=   0.0:  0
Max Rain: 0.94 ON 07/29/11
Days of Rain: 4 (>.01 in) 2 (>.1 in) 0 (>1 in)
Heat Base:  65.0  Cool Base:  65.0  Method: Integration