NOAA-Style Climate Reports


NOAA Climate Reports are updated by Weatherlink v6.0.3 once per hour from this station.
2007-2017 Summary

Report for 2011 August
                   MONTHLY CLIMATOLOGICAL SUMMARY for AUG. 2011

NAME: CW6839   CITY: Country Meadow, Clay   STATE: New York 
ELEV:   410 ft  LAT:  43° 10' 16" N  LONG:  76° 09' 44" W

                   TEMPERATURE (°F), RAIN  (in), WIND SPEED (mph)

                                      HEAT  COOL        AVG
    MEAN                              DEG   DEG         WIND                 DOM
DAY TEMP  HIGH   TIME   LOW    TIME   DAYS  DAYS  RAIN  SPEED HIGH   TIME    DIR
------------------------------------------------------------------------------------
 1  76.6  88.2   3:20p  67.6   3:00a   0.0  11.6  0.00   0.9  14.0   4:10p   WNW
 2  72.9  84.5   3:00p  63.4   5:10a   0.3   8.2  0.00   1.0  14.0  12:40p   WNW
 3  67.9  76.3  12:10p  62.0   2:40a   0.5   3.4  1.00   0.6  11.0   6:00p     E
 4  72.5  84.5   4:20p  64.8  12:00m   0.0   7.5  0.00   0.6   9.0   1:00p   ENE
 5  72.7  84.3   3:20p  60.9   5:20a   0.8   8.5  0.00   0.2   6.0   2:30p    NE
 6  71.8  78.8  11:50a  67.6   6:20a   0.0   6.8  0.17   0.7   9.0  12:10p     E
 7  74.3  83.0   1:00p  66.4   6:20a   0.0   9.3  0.01   0.4  10.0   5:10p     E
 8  75.0  83.4   2:10p  66.3  12:00m   0.0  10.0  0.00   0.3  10.0   2:20p     W
 9  67.8  73.9   6:20p  62.1   4:30a   0.3   3.1  1.10   0.9  15.0   4:30p     W
10  69.6  80.5   1:10p  63.2   4:40a   0.2   4.8  0.10   1.4  19.0   4:10p     W
11  65.4  74.2   5:10p  58.7   5:50a   2.0   2.5  0.00   1.7  17.0   3:40p     W
12  69.5  81.4   4:00p  58.7   6:50a   1.6   6.0  0.00   0.5  11.0  12:00p     W
13  70.8  84.5   1:50p  57.3   5:10a   2.0   7.9  0.00   1.3  13.0   5:10p    SE
14  69.3  77.7  11:30a  64.5   4:00a   0.0   4.3  0.09   0.3   9.0  12:30p     E
15  66.9  70.9   1:10p  63.9   6:40a   0.1   2.0  0.23   0.2   8.0   1:10a    NE
16  70.5  81.2   3:50p  62.9  12:00m   0.2   5.7  0.10   0.4  14.0   4:00p   WNW
17  71.6  86.3   4:40p  58.6   5:10a   1.5   8.0  0.00   0.3   8.0   1:10p     W
18  73.0  85.9   3:10p  62.1   4:30a   0.6   8.5  0.00   0.6  14.0   3:00p     W
19  71.9  84.9   3:10p  61.3   6:40a   0.6   7.4  0.00   0.1   5.0   9:20a     W
20  72.3  87.8   3:40p  58.1   6:00a   1.5   8.7  0.00   0.3   9.0   2:50p     W
21  68.6  77.0   2:00p  61.6  11:50p   0.2   3.9  0.84   0.8  15.0   8:40p     W
22  64.0  73.0   3:20p  56.6  12:00m   2.8   1.7  0.18   1.5  16.0   1:30p     W
23  65.0  77.6   3:30p  53.8   2:00a   3.7   3.8  0.10   0.6  13.0  12:30p     W
24  70.4  81.8   4:20p  56.0   5:30a   2.4   7.7  0.00   2.3  22.0   4:00p   SSW
25  72.2  80.9   4:10p  64.8   5:40a   0.0   7.2  0.60   1.1  23.0   3:50a   WNW
26  68.5  79.2   5:10p  60.2   6:40a   0.9   4.4  0.00   0.1   8.0   2:20p     W
27  69.4  79.6   4:10p  59.2   7:00a   1.5   5.8  0.00   0.3   7.0  12:00p    NE
28  63.4  69.4   4:30a  59.6   5:20p   2.4   0.7  0.84   0.6  15.0   2:20p   WNW
29  61.8  74.6   3:50p  49.6   6:50a   5.6   2.4  0.00   0.5  10.0  10:00a     W
30  65.7  81.2   3:10p  51.0   6:40a   4.6   5.4  0.00   0.7  12.0  12:10p     W
31  67.2  80.5   3:10p  56.2   5:10a   2.6   4.7  0.00   0.2   7.0  12:00p   ENE
-------------------------------------------------------------------------------------
    69.6  88.2     1    49.6    29    38.9 181.9  5.36   0.7  23.0    25       W

Max >=  90.0:  0
Max <=  32.0:  0
Min <=  32.0:  0
Min <=   0.0:  0
Max Rain: 1.10 ON 08/09/11
Days of Rain: 12 (>.01 in) 8 (>.1 in) 1 (>1 in)
Heat Base:  65.0  Cool Base:  65.0  Method: Integration