NOAA-Style Climate Reports


NOAA Climate Reports are updated by Weatherlink v6.0.3 once per hour from this station.
2007-2017 Summary

Report for 2011 December
                   MONTHLY CLIMATOLOGICAL SUMMARY for DEC. 2011

NAME: CW6839   CITY: Country Meadow, Clay   STATE: New York 
ELEV:   410 ft  LAT:  43° 10' 16" N  LONG:  76° 09' 44" W

                   TEMPERATURE (°F), RAIN  (in), WIND SPEED (mph)

                                      HEAT  COOL        AVG
    MEAN                              DEG   DEG         WIND                 DOM
DAY TEMP  HIGH   TIME   LOW    TIME   DAYS  DAYS  RAIN  SPEED HIGH   TIME    DIR
------------------------------------------------------------------------------------
 1  33.3  45.7   1:40p  25.0   7:40a  31.7   0.0  0.00   0.1   8.0  11:30a   WNW
 2  32.7  39.3  12:20p  26.1   2:20a  32.3   0.0  0.07   0.6  14.0  12:30p     W
 3  33.0  43.5   1:50p  23.6   6:40a  32.0   0.0  0.01   0.9  10.0  11:10a    SE
 4  47.2  56.3   1:20p  38.5   2:20a  17.8   0.0  0.00   3.7  18.0  10:00a   SSE
 5  47.2  50.2  11:40a  45.1   5:20a  17.8   0.0  0.24   0.0   4.0   5:40a     E
 6  40.4  46.5   3:20a  36.9   5:30p  24.6   0.0  0.23   1.1   9.0  10:40a   WNW
 7  36.5  37.9   3:00a  32.8  11:50p  28.5   0.0  0.07   0.4  11.0   8:00p   WNW
 8  35.1  40.1   1:30p  31.8   4:30a  29.9   0.0  0.06   2.5  19.0   1:00p   WNW
 9  37.2  40.6   2:30p  32.7   8:10a  27.8   0.0  0.01   1.9  14.0   6:30p   SSW
10  29.6  36.0  12:10a  24.1  12:00m  35.4   0.0  0.00   2.9  18.0   2:50p   WNW
11  29.8  39.8   2:00p  22.2   7:10a  35.2   0.0  0.00   0.8  11.0  10:40a   SSW
12  29.4  44.2  12:30p  20.8  12:00m  35.6   0.0  0.00   0.3   8.0   1:40p     E
13  30.4  43.2   2:50p  19.5   7:40a  34.6   0.0  0.00   0.1   6.0  11:40a     W
14  39.9  49.8   1:10p  29.4  12:10a  25.1   0.0  0.02   1.7  20.0  11:00p   SSE
15  49.4  55.6   3:40p  42.8   2:50a  15.6   0.0  0.40   4.7  27.0   5:30p   SSW
16  38.6  49.5  12:10a  36.3   7:30a  26.4   0.0  0.10   5.2  30.0   3:20a   WNW
17  24.1  36.3  12:10a  10.7  11:50p  40.9   0.0  0.03   1.1  13.0  12:50a   NNW
18  18.0  27.6   2:40p   6.1   5:50a  47.0   0.0  0.00   0.5   7.0   9:20a   ESE
19  39.1  46.5   1:10p  25.8  12:10a  25.9   0.0  0.10   2.3  19.0   9:00a     W
20  30.8  39.3  12:10a  24.4   8:20a  34.2   0.0  0.00   0.5  11.0  12:50a   NNW
21  40.3  51.6  11:00p  31.3  12:10a  24.7   0.0  0.36   1.3  27.0  11:40p   ENE
22  42.8  44.9  12:10a  39.8  12:00m  22.2   0.0  0.16   1.5  20.0  12:20a   WNW
23  32.1  39.8  12:10a  21.4  11:50p  32.9   0.0  0.28   1.9  21.0   3:10p   WNW
24  20.3  25.3   2:40p  17.0   9:20p  44.7   0.0  0.00   0.4   7.0  11:10p    NW
25  35.0  42.2   3:40p  20.3  12:10a  30.1   0.0  0.01   2.1  18.0   7:20p   SSE
26  32.9  36.8   3:10a  26.0  10:10p  32.1   0.0  0.07   0.8  15.0  12:30a   NNW
27  34.2  42.8   1:20p  25.8  12:10a  30.8   0.0  0.33   1.4  14.0   5:20p     E
28  27.1  39.2  12:10a  17.8  11:50p  37.9   0.0  0.08   6.1  30.0   7:40a   WNW
29  21.0  26.1   3:00p  16.4   8:00a  44.0   0.0  0.04   1.3  10.0  12:10a     W
30  31.2  36.8   3:20p  24.5   1:40a  33.8   0.0  0.05   2.0  10.0   2:30a     E
31  38.3  42.9   8:00p  34.7   4:50a  26.7   0.0  0.10   1.1  14.0   9:30p     E
-------------------------------------------------------------------------------------
    34.1  56.3     4     6.1    18   958.2   0.0  2.82   1.7  30.0    16     WNW

Max >=  90.0:  0
Max <=  32.0:  3
Min <=  32.0: 22
Min <=   0.0:  0
Max Rain: 0.40 ON 12/15/11
Days of Rain: 19 (>.01 in) 7 (>.1 in) 0 (>1 in)
Heat Base:  65.0  Cool Base:  65.0  Method: Integration