NOAA-Style Climate Reports


NOAA Climate Reports are updated by Weatherlink v6.0.3 once per hour from this station.
2007-2017 Summary

Report for 2012
                            ANNUAL CLIMATOLOGICAL SUMMARY

NAME: CW6839  CITY: Country Meadow, Clay   STATE: New York  
ELEV:   410 ft  LAT:  43° 10' 16" N  LONG:  76° 09' 44" W

               TEMPERATURE (°F), HEAT BASE 65.0, COOL BASE 65.0
                          DEP.  HEAT  COOL                                          
        MEAN  MEAN        FROM  DEG   DEG                        MAX  MAX  MIN  MIN 
 YR MO  MAX   MIN   MEAN  NORM  DAYS  DAYS  HI  DATE  LOW  DATE  >=90 <=32 <=32 <=0 
------------------------------------------------------------------------------------
 12  1  37.9  21.3  28.9   0.0  1118     0  53.5  31  -9.1   15    0    8   23    3
 12  2  40.1  24.1  32.3   0.0   660     0  54.1   1  12.8   26    0    0   19    0
 12  3  56.5  35.4  45.7   0.0   616    20  81.9  18  12.4    5    0    1   11    0
 12  4  56.2  34.0  45.2   0.0   611    18  88.0  16  24.4   28    0    0   14    0
 12  5  74.8  52.0  63.1   0.0   167   109  91.2  29  37.0   18    2    0    0    0
 12  6  78.5  57.0  67.8   0.0    85   170  93.6  20  45.5    5    3    0    0    0
 12  7  86.3  62.0  74.0   0.0    23   303  98.2  17  53.5   11    7    0    0    0
 12  8  83.1  59.0  70.4   0.0    57   223  94.3   4  48.5   30    4    0    0    0
 12  9  73.6  51.2  61.9   0.0   181    88  86.7  13  37.8   24    0    0    0    0
 12 10  61.7  44.8  52.9   0.0   384    10  76.8  25  27.0   13    0    0    2    0
 12 11  46.3  30.4  37.6   0.0   825     2  73.2  11  21.6   16    0    0   22    0
 12 12  40.9  27.9  34.4   0.0   948     1  70.3   4   8.1   26    0    6   21    0
------------------------------------------------------------------------------------
        61.9  42.1  51.7   0.0  5674   942  98.2 JUL  -9.1  JAN   16   15  112    3

                                PRECIPITATION (in)

               DEP.   MAX        DAYS OF RAIN 
               FROM   OBS.          OVER
 YR MO  TOTAL  NORM   DAY  DATE .01   .1   1
---------------------------------------------
 12  1  3.38   0.00  1.02   27   13    7    1
 12  2  1.02   0.00  0.24   24    9    5    0
 12  3  2.94   0.00  0.95   16   13    5    0
 12  4  2.11   0.00  0.71   23   10    5    0
 12  5  3.79   0.00  1.28    8   10    7    1
 12  6  2.58   0.00  0.93   12   11    6    0
 12  7  2.95   0.00  1.71   26   10    5    1
 12  8  2.63   0.00  0.95    9    8    7    0
 12  9  4.08   0.00  1.37   18   13    7    1
 12 10  3.62   0.00  0.83   19   17   10    0
 12 11  1.59   0.00  0.45   12   12    5    0
 12 12  5.47   0.00  1.17   10   18   12    2
---------------------------------------------
       36.16  0.00  1.71  JUL  144   81    6

                                WIND SPEED (mph)
                          DOM
 YR MO   AVG.  HI   DATE  DIR
---------------------------------
 12  1   2.6  39.0   17   WNW
 12  2   2.2  37.0   24   WNW
 12  3   2.3  33.0    3   WNW
 12  4   2.3  33.0    9   WNW
 12  5   1.1  23.0   21   WNW
 12  6   1.0  24.0   27     W
 12  7   0.6  23.0   17     W
 12  8   0.6  23.0    5     W
 12  9   0.8  26.0    8     W
 12 10   1.2  26.0   29     W
 12 11   1.5  32.0   24   WNW
 12 12   2.3  30.0   22   WNW
---------------------------------
         1.5  39.0  JAN  WNW