NOAA-Style Climate Reports


NOAA Climate Reports are updated by Weatherlink v6.0.3 once per hour from this station.
2007-2017 Summary

Report for 2012 January
                   MONTHLY CLIMATOLOGICAL SUMMARY for JAN. 2012

NAME: CW6839   CITY: Country Meadow, Clay   STATE: New York 
ELEV:   410 ft  LAT:  43° 10' 16" N  LONG:  76° 09' 44" W

                   TEMPERATURE (°F), RAIN  (in), WIND SPEED (mph)

                                      HEAT  COOL        AVG
    MEAN                              DEG   DEG         WIND                 DOM
DAY TEMP  HIGH   TIME   LOW    TIME   DAYS  DAYS  RAIN  SPEED HIGH   TIME    DIR
------------------------------------------------------------------------------------
 1  43.3  51.3   4:30p  37.5   5:00a  21.7   0.0  0.12   3.7  24.0   3:10p    SE
 2  31.5  39.8  12:10a  21.9  11:50p  33.5   0.0  0.00   5.0  24.0   2:30a   WNW
 3  12.4  21.9  12:10a   8.3   6:40p  52.6   0.0  0.00   1.5  16.0   1:00a   NNW
 4  18.1  28.7  11:20p   7.7   4:00a  46.9   0.0  0.01   1.0  11.0  11:10a   SSW
 5  29.5  32.2   9:00a  27.0   9:30p  35.5   0.0  0.00   2.3  22.0  12:20p     W
 6  37.1  50.4   1:00p  27.9  12:10a  27.9   0.0  0.22   0.4   9.0   9:10a   SSW
 7  40.1  52.2   1:50p  33.1   7:10a  24.9   0.0  0.00   2.5  22.0   2:10p   WNW
 8  29.8  38.0  12:10a  20.8   9:50p  35.2   0.0  0.01   2.9  18.0  12:50p   WNW
 9  34.1  44.1   2:00p  22.9  12:30a  30.9   0.0  0.00   1.4  14.0   7:40p   SSW
10  38.5  43.8  12:40p  34.9  11:50p  26.5   0.0  0.00   2.7  23.0   2:40p   WNW
11  36.5  48.0   2:00p  25.7   6:00a  28.5   0.0  0.06   1.9  14.0   2:20p    SE
12  36.5  39.5   3:10p  34.1   1:00a  28.5   0.0  0.67   3.6  23.0   5:20a     E
13  28.7  38.3   3:00a  21.9   2:30p  36.3   0.0  0.57   4.4  26.0  11:10a     W
14  14.4  25.4  12:10a  -0.6  11:40p  50.6   0.0  0.00   2.2  19.0   1:00a   WNW
15   1.3  14.4   2:50p  -9.1   7:20a  63.7   0.0  0.03   0.3   6.0  12:50p   WNW
16  17.7  36.3  10:20p  -3.3   1:10a  47.3   0.0  0.00   2.3  18.0  12:40p   SSE
17  36.8  48.5   8:50p  32.7   3:20a  28.2   0.0  0.19   2.3  39.0  10:40p   ENE
18  23.8  36.6  12:10a  14.0  12:00m  41.2   0.0  0.00   5.5  38.0   1:10a   WNW
19  21.0  29.4   9:00p  10.5   6:40a  44.0   0.0  0.00   3.8  23.0  11:20a   SSE
20  18.3  23.3  12:10a  15.1   6:40p  46.7   0.0  0.00   2.7  21.0  12:20a   WNW
21  15.8  24.5   2:50p   6.5  12:00m  49.2   0.0  0.01   2.0  13.0   1:10a     E
22  16.7  32.7  12:00m   3.0   4:10a  48.3   0.0  0.00   1.7  18.0  12:00m   ESE
23  42.9  49.4   9:30p  32.8  12:10a  22.1   0.0  0.04   4.2  32.0  11:40a    SE
24  36.3  48.2  12:10a  33.4   4:50p  28.7   0.0  0.05   2.6  22.0   9:30p   WNW
25  31.8  34.0  12:10a  31.0  10:50p  33.2   0.0  0.00   2.5  19.0  12:40a     W
26  31.4  34.0   1:10p  28.1   4:30a  33.6   0.0  0.09   1.8  14.0   4:00p     E
27  36.7  43.1  12:30p  33.5  12:10a  28.3   0.0  1.02   4.1  24.0  12:50p   WNW
28  36.7  42.9   5:00p  30.6  12:00m  28.3   0.0  0.01   3.7  27.0   5:50p     W
29  32.5  38.5   1:00p  29.1   3:20a  32.5   0.0  0.00   2.1  18.0  12:30a   SSW
30  27.3  31.2  12:10a  23.8   6:40a  37.7   0.0  0.10   1.4  14.0   9:40a   WNW
31  39.9  53.5  11:30p  25.8  12:10a  25.1   0.0  0.18   1.0  13.0  12:00p   SSW
-------------------------------------------------------------------------------------
    28.9  53.5    31    -9.1    15  1117.6   0.0  3.38   2.6  39.0    17     WNW

Max >=  90.0:  0
Max <=  32.0:  8
Min <=  32.0: 23
Min <=   0.0:  3
Max Rain: 1.02 ON 01/27/12
Days of Rain: 13 (>.01 in) 7 (>.1 in) 1 (>1 in)
Heat Base:  65.0  Cool Base:  65.0  Method: Integration