NOAA-Style Climate Reports


NOAA Climate Reports are updated by Weatherlink v6.0.3 once per hour from this station.
2007-2017 Summary

Report for 2012 February
                   MONTHLY CLIMATOLOGICAL SUMMARY for FEB. 2012

NAME: CW6839   CITY: Country Meadow, Clay   STATE: New York 
ELEV:   410 ft  LAT:  43° 10' 16" N  LONG:  76° 09' 44" W

                   TEMPERATURE (°F), RAIN  (in), WIND SPEED (mph)

                                      HEAT  COOL        AVG
    MEAN                              DEG   DEG         WIND                 DOM
DAY TEMP  HIGH   TIME   LOW    TIME   DAYS  DAYS  RAIN  SPEED HIGH   TIME    DIR
------------------------------------------------------------------------------------
 1  46.5  54.1   3:10a  37.5  12:00m  18.5   0.0  0.15   4.0  27.0  12:40p   WNW
 2  30.7  37.5  12:10a  20.6  12:00m  34.3   0.0  0.00   1.2  12.0   6:00p   NNW
 3  29.6  35.9   2:10p  19.1   6:50a  35.4   0.0  0.00   0.6  11.0  11:40a     W
 4  31.8  38.3  12:40p  20.6  11:40p  33.2   0.0  0.01   0.9  10.0  11:00a   WNW
 5  26.7  36.2   2:00p  17.8   2:40a  38.3   0.0  0.00   0.5  11.0   1:30p     W
 6  39.7  51.1   2:40p  29.7  12:40a  25.3   0.0  0.00   2.2  18.0  12:00p     W
 7  31.4  39.3  12:10a  18.1  12:00m  33.6   0.0  0.00   1.2  11.0   2:20p   NNW
 8  25.9  32.7  10:50a  16.5   7:00a  39.1   0.0  0.00   0.5  10.0   1:00p     W
 9
10
11
12
13
14
15
16
17  32.3  32.9   7:00p  31.5  11:50p   7.0   0.0  0.00   1.5   9.0   7:20p     W
18  31.5  42.6   3:30p  23.3   6:30a  33.5   0.0  0.06   1.0  15.0   3:40p   WNW
19  29.7  32.9  12:30p  24.4   4:10a  35.3   0.0  0.02   0.8  12.0   1:40p   WNW
20  27.3  35.9   2:40p  19.5  12:00m  37.7   0.0  0.00   1.1  13.0   2:30p   WNW
21  31.8  42.1  11:40a  18.3   2:20a  33.2   0.0  0.00   3.0  22.0   5:00p   SSE
22  41.9  51.4  11:40a  35.8  12:00m  23.1   0.0  0.11   2.1  19.0  10:20a   SSW
23  35.1  44.3   2:10p  28.5  10:20p  29.9   0.0  0.16   1.3  16.0  12:10p     W
24  35.3  41.5   6:20p  30.1  12:10a  29.7   0.0  0.24   3.4  37.0   9:40p   ESE
25  29.9  37.0  12:10a  24.4  12:00m  35.1   0.0  0.05   8.4  33.0  12:30a   WNW
26  24.7  34.6   2:40p  12.8   6:20a  40.3   0.0  0.18   1.7  15.0  11:40a   WNW
27  35.0  51.3   3:40p  24.4   2:30a  30.0   0.0  0.04   3.3  30.0   5:40p   WNW
28  31.7  37.3   2:50p  26.3  10:10p  33.3   0.0  0.00   3.6  24.0   1:50a   WNW
29  30.7  33.1  11:50p  27.9  12:10a  34.3   0.0  0.00   3.8  19.0   4:20p     E
-------------------------------------------------------------------------------------
    32.3  54.1     1    12.8    26   660.1   0.0  1.02   2.2  37.0    24     WNW

Max >=  90.0:  0
Max <=  32.0:  0
Min <=  32.0: 19
Min <=   0.0:  0
Max Rain: 0.24 ON 02/24/12
Days of Rain: 9 (>.01 in) 5 (>.1 in) 0 (>1 in)
Heat Base:  65.0  Cool Base:  65.0  Method: Integration