NOAA-Style Climate Reports


NOAA Climate Reports are updated by Weatherlink v6.0.3 once per hour from this station.
2007-2017 Summary

Report for 2012 April
                   MONTHLY CLIMATOLOGICAL SUMMARY for APR. 2012

NAME: CW6839   CITY: Country Meadow, Clay   STATE: New York 
ELEV:   410 ft  LAT:  43° 10' 16" N  LONG:  76° 09' 44" W

                   TEMPERATURE (°F), RAIN  (in), WIND SPEED (mph)

                                      HEAT  COOL        AVG
    MEAN                              DEG   DEG         WIND                 DOM
DAY TEMP  HIGH   TIME   LOW    TIME   DAYS  DAYS  RAIN  SPEED HIGH   TIME    DIR
------------------------------------------------------------------------------------
 1  38.9  41.6  10:20a  36.8   5:10a  26.1   0.0  0.15   0.4   8.0  10:20p   WNW
 2  40.5  50.1   3:20p  29.1   6:40a  24.5   0.0  0.01   2.6  19.0   3:50p   WNW
 3  40.0  51.9   3:50p  25.4   6:50a  25.0   0.0  0.00   1.2  15.0   2:00p   WNW
 4  43.2  55.1   1:10p  30.6   6:10a  21.8   0.0  0.00   3.0  25.0   2:50p   WNW
 5  37.0  43.2   4:40p  28.7  11:10p  28.0   0.0  0.00   2.0  17.0   2:30p   NNW
 6  37.4  48.9   5:00p  27.0   4:30a  27.6   0.0  0.00   2.2  17.0  10:40a   NNW
 7  41.0  53.6   5:30p  26.7   6:40a  24.0   0.0  0.00   2.6  19.0   3:20p   WNW
 8  46.3  58.1   4:10p  31.0   7:10a  18.7   0.0  0.00   4.1  27.0  10:20p   WNW
 9  45.8  52.0   5:00p  40.6   7:40a  19.2   0.0  0.00   8.6  33.0   7:10p   WNW
10  43.8  49.9   1:00p  38.8  11:30p  21.2   0.0  0.00   4.1  23.0   3:00p   WNW
11  41.3  50.1   3:50p  36.5   5:40a  23.7   0.0  0.07   2.5  17.0   5:00p   WNW
12  44.9  53.6   4:00p  33.7  11:50p  20.1   0.0  0.00   2.3  20.0   2:50p   WNW
13  44.6  59.5   4:20p  29.0   6:30a  20.4   0.0  0.00   1.6  14.0   2:00p   WNW
14  51.9  68.4   4:10p  31.0   5:50a  13.3   0.2  0.00   0.7  13.0   9:10p   SSW
15  59.6  65.2   3:40p  53.5   6:00a   5.4   0.0  0.05   0.9  10.0  11:30a   SSW
16  71.2  88.0   4:30p  52.6   5:20a   3.0   9.2  0.00   2.9  23.0   4:40p   SSW
17  50.5  65.8  12:10a  37.6  12:00m  14.5   0.0  0.00   3.8  22.0   1:00a   WNW
18  41.7  58.0   5:30p  29.8   5:50a  23.3   0.0  0.00   0.5   7.0   9:40a     W
19  54.5  74.9   3:30p  33.4   3:00a  12.7   2.2  0.00   1.1  21.0   3:10p   WNW
20  65.5  80.3   4:20p  46.2   6:30a   5.7   6.1  0.00   2.8  20.0  12:10p   SSW
21  48.5  67.1  12:10a  39.3  11:50p  16.5   0.1  0.50   1.4  15.0   1:20a   WNW
22  41.0  47.0   3:40p  37.8  11:40p  24.0   0.0  0.19   1.3  10.0   4:50p   NNW
23  38.6  43.3   3:10p  34.0   5:50a  26.4   0.0  0.71   1.6  13.0  10:40p   SSW
24  40.9  47.7   1:10p  37.0   1:10a  24.1   0.0  0.08   3.4  22.0   2:00p   SSW
25  41.6  49.6   6:10p  33.2  12:00m  23.4   0.0  0.07   2.4  16.0   8:50a   WNW
26  44.4  58.7   1:40p  30.3   3:20a  20.6   0.0  0.23   2.0  20.0  11:40p   WNW
27  38.2  43.5  12:10a  33.2   8:00a  26.8   0.0  0.01   4.2  21.0   4:00p    NW
28  37.3  48.5   4:00p  24.4   6:10a  27.7   0.0  0.00   1.2  12.0   9:40a   WNW
29  40.6  52.9   2:20p  26.1   5:00a  24.4   0.0  0.00   2.0  19.0   1:30p   WNW
30  46.2  58.4   5:30p  27.9   5:30a  18.8   0.0  0.04   1.0  11.0   1:30p   ENE
-------------------------------------------------------------------------------------
    45.2  88.0    16    24.4    28   610.9  17.8  2.11   2.3  33.0     9     WNW

Max >=  90.0:  0
Max <=  32.0:  0
Min <=  32.0: 14
Min <=   0.0:  0
Max Rain: 0.71 ON 04/23/12
Days of Rain: 10 (>.01 in) 5 (>.1 in) 0 (>1 in)
Heat Base:  65.0  Cool Base:  65.0  Method: Integration