NOAA-Style Climate Reports


NOAA Climate Reports are updated by Weatherlink v6.0.3 once per hour from this station.
2007-2017 Summary

Report for 2012 May
                   MONTHLY CLIMATOLOGICAL SUMMARY for MAY. 2012

NAME: CW6839   CITY: Country Meadow, Clay   STATE: New York 
ELEV:   410 ft  LAT:  43° 10' 16" N  LONG:  76° 09' 44" W

                   TEMPERATURE (°F), RAIN  (in), WIND SPEED (mph)

                                      HEAT  COOL        AVG
    MEAN                              DEG   DEG         WIND                 DOM
DAY TEMP  HIGH   TIME   LOW    TIME   DAYS  DAYS  RAIN  SPEED HIGH   TIME    DIR
------------------------------------------------------------------------------------
 1  51.8  56.6   4:10p  49.8  12:30a  13.2   0.0  0.46   0.5   9.0   1:10a   WNW
 2  58.4  69.4   4:00p  49.8   2:30a   7.0   0.5  0.07   2.4  16.0  12:50p    NE
 3  62.9  76.1   5:20p  52.6   3:30a   4.8   2.8  0.02   0.9  13.0  12:00m   ENE
 4  64.7  73.5   2:20p  58.1  10:40p   2.3   2.0  0.36   1.3  12.0  11:30a   WNW
 5  57.2  66.1   3:30p  47.6  11:50p   7.8   0.0  0.00   0.9  12.0   6:00p   WNW
 6  55.1  70.3   3:10p  39.2   6:00a  10.9   1.0  0.00   0.7  12.0   2:30p   WNW
 7  58.4  71.5   3:10p  48.0   6:10a   7.4   0.8  0.36   2.0  16.0   4:20p     E
 8  57.7  63.5   5:50p  54.2   4:50a   7.3   0.0  1.28   1.1   9.0   2:10a    SE
 9  60.3  69.4   1:30p  52.6  12:00m   5.2   0.5  0.02   0.8  18.0   7:10p   WNW
10  49.0  54.7   5:50p  44.6   9:20a  16.0   0.0  0.00   2.1  17.0   6:00p   WNW
11  54.2  65.3   6:10p  41.2   3:50a  10.8   0.0  0.00   2.3  18.0  11:40a   WNW
12  62.2  79.6   4:10p  41.3   4:40a   7.0   4.1  0.00   1.0  16.0   4:30p   WNW
13  63.4  73.7   2:10p  52.8   6:20a   3.8   2.2  0.00   0.5  12.0   1:40p   WNW
14  64.2  72.0   2:30p  56.7   5:50a   2.9   2.1  0.00   0.8   9.0  12:00p   SSW
15  64.8  75.3   6:00p  57.3   5:50a   2.6   2.4  0.00   0.3   5.0  11:30a     E
16  60.9  76.7  12:50p  49.1  11:50p   6.1   1.9  0.01   1.6  15.0   2:10p   WNW
17  51.8  62.6   4:00p  38.9   6:10a  13.2   0.0  0.00   0.7  12.0  10:40a   WNW
18  55.6  72.3   5:00p  37.0   5:50a  10.7   1.3  0.00   0.6  11.0  11:50a    NE
19  65.3  84.3   4:20p  46.2   6:10a   5.9   6.2  0.00   0.3   8.0   1:20p   ENE
20  70.2  87.4   3:50p  48.8   5:20a   4.3   9.5  0.00   0.9  12.0   6:50p   ENE
21  69.3  80.7   1:10p  57.3   5:20a   0.9   5.2  0.13   2.1  23.0   3:00p    SE
22  67.7  78.8   5:00p  61.5   1:30a   1.1   3.8  0.00   0.6  11.0   7:00p   ENE
23  68.1  79.4   2:40p  60.2   2:20a   1.5   4.6  0.00   0.2   7.0  11:40a   WSW
24  71.0  82.0   4:10p  58.9   2:30a   1.4   7.4  0.00   2.2  17.0   7:10p    SE
25  76.1  85.9   4:40p  64.7   4:10a   0.0  11.1  0.00   3.0  20.0   5:10p   SSW
26  72.2  81.8  12:40p  60.9  12:00m   0.3   7.6  0.00   0.3  11.0   3:10p     W
27  68.9  84.7   4:40p  53.2   5:40a   2.8   6.7  0.00   0.4  10.0   2:00p    NE
28  72.7  91.0   5:30p  56.9   5:50a   1.6   9.3  0.40   0.8  14.0   2:20p     W
29  76.3  91.2  12:30p  67.6   3:00p   0.0  11.3  0.68   1.6  16.0   2:30p   SSW
30  67.2  75.6   2:00p  54.5  12:00m   1.7   3.9  0.00   0.7  11.0   1:40p     W
31  59.3  67.6   3:30p  49.6  12:00m   6.1   0.4  0.00   0.7  12.0  12:50p     W
-------------------------------------------------------------------------------------
    63.1  91.2    29    37.0    18   166.6 108.6  3.79   1.1  23.0    21     WNW

Max >=  90.0:  2
Max <=  32.0:  0
Min <=  32.0:  0
Min <=   0.0:  0
Max Rain: 1.28 ON 05/08/12
Days of Rain: 10 (>.01 in) 7 (>.1 in) 1 (>1 in)
Heat Base:  65.0  Cool Base:  65.0  Method: Integration