NOAA-Style Climate Reports


NOAA Climate Reports are updated by Weatherlink v6.0.3 once per hour from this station.
2007-2017 Summary

Report for 2012 August
                   MONTHLY CLIMATOLOGICAL SUMMARY for AUG. 2012

NAME: CW6839   CITY: Country Meadow, Clay   STATE: New York 
ELEV:   410 ft  LAT:  43° 10' 16" N  LONG:  76° 09' 44" W

                   TEMPERATURE (°F), RAIN  (in), WIND SPEED (mph)

                                      HEAT  COOL        AVG
    MEAN                              DEG   DEG         WIND                 DOM
DAY TEMP  HIGH   TIME   LOW    TIME   DAYS  DAYS  RAIN  SPEED HIGH   TIME    DIR
------------------------------------------------------------------------------------
 1  71.5  82.6   2:40p  62.7   5:30a   0.2   6.7  0.01   0.4  11.0   2:10p     W
 2  74.6  87.6   1:50p  62.0   6:10a   0.5  10.1  0.00   0.4  11.0   1:50p     W
 3  77.8  91.2   3:30p  67.8   3:30a   0.0  12.8  0.00   0.3  10.0  12:50p     W
 4  81.9  94.3   3:50p  68.3   6:10a   0.0  16.9  0.00   2.2  16.0   2:10p   SSW
 5  79.8  88.4   1:00p  70.1  11:50p   0.0  14.8  0.14   3.5  23.0   3:00p   SSW
 6  68.3  76.5   4:30p  58.4  11:50p   1.0   4.3  0.00   0.5  12.0   2:50p   WNW
 7  69.6  86.3   4:50p  53.8   5:20a   3.2   7.8  0.00   0.6  12.0   2:40p     W
 8  73.1  90.1   3:50p  57.0   4:50a   1.9  10.0  0.00   0.4  16.0  12:40p     W
 9  73.8  86.3   3:00p  63.9   6:10a   0.0   8.8  0.95   0.3  17.0  11:30p    NE
10  69.8  78.3   3:20p  65.5   5:30a   0.0   4.8  0.18   1.0  12.0  11:20a    SE
11  73.7  85.5   3:00p  65.5   6:20a   0.0   8.7  0.01   1.0  16.0   5:30p     W
12  69.4  79.2   2:10p  60.1   6:50a   0.6   5.0  0.01   0.8  11.0   9:40a     W
13  70.1  82.0   4:50p  63.1   6:40a   0.2   5.3  0.01   0.5  12.0   3:20p     W
14  68.3  78.3   4:20p  63.7   6:10a   0.2   3.5  0.54   0.2  13.0   7:20p   ESE
15  69.3  79.9   3:20p  62.0  12:00m   0.5   4.8  0.10   0.3  12.0   4:00p     W
16  69.4  82.6   3:00p  58.6   6:30a   1.8   6.2  0.00   0.6  12.0   1:30p     W
17  68.6  76.5   4:20p  61.6  12:10a   0.5   4.1  0.01   0.7  14.0  11:00a     W
18  63.6  74.4   2:50p  52.2  12:00m   4.0   2.6  0.01   0.4  12.0   2:40p   WNW
19  61.4  75.4   2:50p  48.6   6:40a   6.2   2.6  0.00   0.2   7.0   4:20p   ENE
20  62.8  76.8   1:40p  52.9   6:20a   4.4   2.2  0.20   0.1   9.0   2:50p     W
21  63.7  78.3   3:50p  51.0   6:30a   5.2   3.9  0.00   0.2   8.0   2:40p     W
22  66.2  82.6   3:20p  50.1   6:40a   4.7   5.9  0.00   0.2   8.0   3:50p     W
23  68.7  84.5   4:50p  54.1   6:20a   3.2   6.9  0.00   0.3  10.0  12:10p     W
24  70.4  86.1   3:50p  55.9   6:10a   2.5   8.0  0.00   0.2   7.0   1:40p   ENE
25  73.2  87.2   6:00p  59.5   5:10a   1.2   9.5  0.00   0.4   9.0   5:50p   ENE
26  76.0  88.8   3:30p  61.3   6:40a   0.4  11.4  0.00   1.0  14.0   2:20p   SSE
27  73.6  86.1   2:20p  66.0   5:30a   0.0   8.6  0.21   0.6  12.0  12:30p    SE
28  71.4  80.9   4:00p  58.4  12:00m   0.3   6.7  0.25   0.7  19.0   4:40p     W
29  61.8  74.9   2:50p  50.8  12:00m   5.7   2.4  0.00   0.2   8.0  10:50a     W
30  64.8  83.0   6:20p  48.5   4:50a   5.8   5.5  0.00   0.7  12.0  12:00p     W
31  74.5  92.3   4:30p  54.8   6:00a   2.7  12.2  0.00   1.2  16.0   4:10p     W
-------------------------------------------------------------------------------------
    70.4  94.3     4    48.5    30    56.9 223.0  2.63   0.6  23.0     5       W

Max >=  90.0:  4
Max <=  32.0:  0
Min <=  32.0:  0
Min <=   0.0:  0
Max Rain: 0.95 ON 08/09/12
Days of Rain: 8 (>.01 in) 7 (>.1 in) 0 (>1 in)
Heat Base:  65.0  Cool Base:  65.0  Method: Integration