NOAA-Style Climate Reports


NOAA Climate Reports are updated by Weatherlink v6.0.3 once per hour from this station.
2007-2017 Summary

Report for 2012 September
                   MONTHLY CLIMATOLOGICAL SUMMARY for SEP. 2012

NAME: CW6839   CITY: Country Meadow, Clay   STATE: New York 
ELEV:   410 ft  LAT:  43° 10' 16" N  LONG:  76° 09' 44" W

                   TEMPERATURE (°F), RAIN  (in), WIND SPEED (mph)

                                      HEAT  COOL        AVG
    MEAN                              DEG   DEG         WIND                 DOM
DAY TEMP  HIGH   TIME   LOW    TIME   DAYS  DAYS  RAIN  SPEED HIGH   TIME    DIR
------------------------------------------------------------------------------------
 1  72.5  85.1   1:50p  58.1  12:00m   0.6   8.1  0.00   0.3  10.0   4:20p     W
 2  67.4  84.7   3:50p  52.9   5:20a   3.9   6.4  0.00   0.2   7.0   1:00p   ENE
 3  69.7  79.4  11:40a  58.9  12:10a   1.1   5.8  0.00   1.5  14.0   4:30p    SE
 4  73.1  82.6   1:50p  65.6   5:20a   0.0   8.1  0.28   1.0  15.0  10:20p     E
 5  70.8  82.2   3:00p  63.2  11:40p   0.1   5.9  0.00   0.1   8.0   1:20a   WNW
 6  72.1  86.1   2:40p  61.6   2:40a   0.6   7.8  0.00   0.2  10.0  12:20p     W
 7  71.4  82.8   1:20p  59.8   6:50a   0.9   7.3  0.00   0.3   8.0  12:40p     E
 8  68.8  76.5   1:50a  54.4  11:30p   1.5   5.3  0.10   3.0  26.0   1:10p     W
 9  59.9  70.1   3:40p  52.9   6:20a   5.7   0.6  0.11   0.3  12.0  10:00a     W
10  55.7  67.8   4:10p  46.0   6:40a   9.4   0.1  0.00   0.3  12.0   1:10p   WNW
11  57.3  76.1   5:00p  41.3   5:30a  10.2   2.5  0.00   0.2   8.0   1:20p     W
12  64.4  84.3   3:10p  47.3   6:00a   6.6   5.9  0.00   0.4   9.0   3:20p   SSW
13  68.4  86.7   4:10p  51.7   6:40a   3.8   7.2  0.00   0.4  10.0   2:00p   SSW
14  67.6  85.5   3:00p  57.0  12:00m   3.0   5.5  0.75   0.9  18.0   6:40p   SSW
15  58.6  68.6   2:50p  52.0   7:20a   6.7   0.3  0.00   0.7  14.0   3:00p     W
16  57.3  69.3   2:10p  45.4   6:10a   8.3   0.6  0.00   0.3  13.0   1:10p     W
17  63.1  79.8   1:50p  48.2   6:40a   6.0   4.1  0.00   0.6  13.0   3:50p   SSW
18  63.7  72.5   2:00p  54.7  12:00m   2.0   0.8  1.37   1.5  21.0   1:50p     W
19  52.9  61.8   4:00p  44.1  12:00m  12.1   0.0  0.07   0.4   8.0   8:30a     W
20  56.7  71.1   3:50p  41.2   3:50a   9.5   1.2  0.00   2.0  18.0  10:40a    SE
21  62.6  71.1   3:10p  57.0  10:30p   3.3   0.9  0.02   0.6  11.0   5:20a    SE
22  61.4  70.4   2:00p  52.9  10:30p   4.0   0.4  0.69   1.9  21.0   8:30a     W
23  52.8  62.9   3:30p  42.6  12:00m  12.2   0.0  0.04   1.4  21.0  11:10a     W
24  49.3  63.2   2:40p  37.8   7:20a  15.7   0.0  0.00   0.6  16.0   3:30p     W
25  61.0  73.7   3:20p  43.5   1:20a   5.7   1.8  0.02   2.1  16.0  12:40p   SSW
26  62.1  69.3  12:50p  55.6   4:00a   3.9   0.9  0.09   0.5  12.0  12:40p   SSW
27  56.4  67.1   3:10p  45.4  11:30p   8.7   0.1  0.00   0.2   8.0  12:10p     W
28  51.5  55.4   1:40p  45.8  12:10a  13.5   0.0  0.21   0.4  10.0   8:10a   ENE
29  55.8  66.4   2:50p  50.5   7:30a   9.2   0.0  0.00   0.1   9.0   2:50p   WNW
30  52.1  56.0   2:20p  49.2   3:20a  12.9   0.0  0.33   0.1   8.0  10:10p   WNW
-------------------------------------------------------------------------------------
    61.9  86.7    13    37.8    24   181.1  87.6  4.08   0.8  26.0     8       W

Max >=  90.0:  0
Max <=  32.0:  0
Min <=  32.0:  0
Min <=   0.0:  0
Max Rain: 1.37 ON 09/18/12
Days of Rain: 13 (>.01 in) 7 (>.1 in) 1 (>1 in)
Heat Base:  65.0  Cool Base:  65.0  Method: Integration