NOAA-Style Climate Reports


NOAA Climate Reports are updated by Weatherlink v6.0.3 once per hour from this station.
2007-2017 Summary

Report for 2012 October
                   MONTHLY CLIMATOLOGICAL SUMMARY for OCT. 2012

NAME: CW6839   CITY: Country Meadow, Clay   STATE: New York 
ELEV:   410 ft  LAT:  43° 10' 16" N  LONG:  76° 09' 44" W

                   TEMPERATURE (°F), RAIN  (in), WIND SPEED (mph)

                                      HEAT  COOL        AVG
    MEAN                              DEG   DEG         WIND                 DOM
DAY TEMP  HIGH   TIME   LOW    TIME   DAYS  DAYS  RAIN  SPEED HIGH   TIME    DIR
------------------------------------------------------------------------------------
 1  57.7  68.9   4:00p  51.7  10:50p   7.6   0.3  0.01   1.8  19.0   3:30a     W
 2  58.7  64.8   3:00p  50.5   2:50a   6.3   0.0  0.00   0.1   6.0   6:40p   ENE
 3  63.1  67.9   4:30p  59.2   1:50a   2.5   0.6  0.03   0.1   5.0  12:10a     E
 4  63.8  74.2   3:50p  55.9  12:00m   2.7   1.5  0.00   0.1  10.0   4:10p     W
 5  61.3  74.2   1:50p  50.2   7:10a   5.6   1.8  0.01   0.3  10.0   2:20p     W
 6  53.3  60.2  12:10a  45.5  12:00m  11.7   0.0  0.57   1.5  20.0   5:40p     W
 7  47.2  55.4   2:10p  42.8   7:10a  17.8   0.0  0.24   0.5  10.0   1:40a     W
 8  46.4  56.7   3:00p  38.8  12:00m  18.6   0.0  0.01   0.5   9.0   1:20a    SE
 9  47.2  61.0   2:20p  34.1   6:10a  17.8   0.0  0.00   0.6  10.0  12:00p   ESE
10  50.2  59.9  11:20a  42.8   6:10a  14.8   0.0  0.02   1.9  19.0   4:40p     W
11  47.3  56.2   3:20p  40.5   8:00a  17.7   0.0  0.11   2.1  19.0  11:20a     W
12  43.6  54.1   1:20a  30.0  12:00m  21.4   0.0  0.40   0.8  17.0   1:20a   WNW
13  41.1  53.1   2:20p  27.0   6:40a  23.9   0.0  0.14   0.7  11.0  12:50p    SE
14  58.4  72.8   4:00p  43.5  12:30a   8.2   1.6  0.59   1.6  15.0   9:20p    SE
15  60.3  66.9   9:00a  48.2  12:00m   4.8   0.1  0.05   2.8  21.0  11:40p     W
16  44.9  49.9   2:00p  36.8  10:00p  20.1   0.0  0.03   0.8  17.0   1:30a   WNW
17  49.2  65.8   2:00p  34.6   7:30a  15.8   0.0  0.00   0.6   9.0   1:10p   ENE
18  57.5  68.6   2:20p  46.1   5:20a   7.8   0.4  0.00   3.4  22.0  11:20a    SE
19  56.1  62.9   1:50p  50.4   5:00a   8.9   0.0  0.83   0.8  13.0  11:30a   ENE
20  52.9  60.7   3:20p  46.2   7:30a  12.1   0.0  0.00   0.9  15.0   2:30p     W
21  53.7  61.0  12:40p  47.7   8:00a  11.3   0.0  0.00   2.7  23.0   1:10p     W
22  52.0  63.7   1:30p  43.1  12:00m  13.0   0.0  0.00   0.8  16.0   2:20p     W
23  48.3  52.9   5:00p  40.2   4:40a  16.7   0.0  0.21   0.1   6.0   2:00p   ENE
24  52.1  53.2   5:10p  50.8   8:50a  12.9   0.0  0.02   1.0  10.0   1:10a   ENE
25  60.4  76.8   3:00p  51.7   4:50a   6.2   1.6  0.00   2.0  13.0   4:40p   ENE
26  62.3  74.2   3:20p  52.6   7:10a   4.8   2.1  0.00   1.3  13.0  11:30a    SE
27  56.4  62.3   2:30p  50.1  12:00m   8.6   0.0  0.01   0.2   8.0  12:10a     W
28  46.8  50.1  12:10a  45.4  10:20a  18.2   0.0  0.02   0.0   8.0   4:40a   WNW
29  50.6  58.6   9:40p  45.2  12:10a  14.4   0.0  0.06   2.9  26.0   9:50p   NNW
30  54.5  59.8   2:50a  46.2  12:00m  10.5   0.0  0.13   4.2  24.0   3:40a    SE
31  43.9  47.0   1:00p  42.3   7:20a  21.1   0.0  0.13   0.7  10.0   4:20p   SSW
-------------------------------------------------------------------------------------
    52.9  76.8    25    27.0    13   383.8  10.0  3.62   1.2  26.0    29       W

Max >=  90.0:  0
Max <=  32.0:  0
Min <=  32.0:  2
Min <=   0.0:  0
Max Rain: 0.83 ON 10/19/12
Days of Rain: 17 (>.01 in) 10 (>.1 in) 0 (>1 in)
Heat Base:  65.0  Cool Base:  65.0  Method: Integration