NOAA-Style Climate Reports


NOAA Climate Reports are updated by Weatherlink v6.0.3 once per hour from this station.
2007-2017 Summary

Report for 2012 December
                   MONTHLY CLIMATOLOGICAL SUMMARY for DEC. 2012

NAME: CW6839   CITY: Country Meadow, Clay   STATE: New York 
ELEV:   410 ft  LAT:  43° 10' 16" N  LONG:  76° 09' 44" W

                   TEMPERATURE (°F), RAIN  (in), WIND SPEED (mph)

                                      HEAT  COOL        AVG
    MEAN                              DEG   DEG         WIND                 DOM
DAY TEMP  HIGH   TIME   LOW    TIME   DAYS  DAYS  RAIN  SPEED HIGH   TIME    DIR
------------------------------------------------------------------------------------
 1  31.9  39.3  12:00m  25.4   2:40a  33.1   0.0  0.02   3.0  16.0   7:40a     E
 2  48.1  52.6   8:30p  39.1  12:10a  16.9   0.0  0.25   2.6  18.0   5:20a    SE
 3  44.0  50.5  12:10a  37.6   7:50p  21.0   0.0  0.00   0.9  14.0  12:10a   WNW
 4  53.9  70.3   2:50p  40.2  12:10a  12.0   0.9  0.43   2.4  23.0   1:50p   SSW
 5  37.5  49.2  12:10a  29.3  11:50p  27.5   0.0  0.13   3.8  20.0  11:30a   WNW
 6  30.3  35.8   2:50p  25.0   7:50a  34.7   0.0  0.00   1.3  10.0   1:10p     E
 7  36.7  43.3  10:30a  31.3   2:50a  28.3   0.0  0.05   0.7   9.0  12:50p    SE
 8  40.6  47.6   6:00p  34.1  12:30a  24.4   0.0  0.08   1.7  17.0  10:20p     E
 9  38.1  40.6   8:10p  34.6   8:10a  26.9   0.0  0.26   1.9  18.0   8:20p   WNW
10  44.1  56.0  12:20p  37.8   1:00a  20.9   0.0  1.17   2.1  19.0   9:20a   WNW
11  31.8  37.8  12:10a  24.8  11:50p  33.2   0.0  0.00   1.7  16.0  12:20p   WNW
12  35.2  42.6   2:10p  24.5  12:30a  29.8   0.0  0.01   0.8  12.0  10:10a     W
13  36.4  46.1   1:00p  27.6   9:40p  28.6   0.0  0.00   0.3  10.0   1:40p   SSW
14  35.2  45.2  12:20p  23.8   7:40a  29.8   0.0  0.00   1.1  18.0  10:20a   WNW
15  36.4  41.6  12:30p  31.2   7:30a  28.6   0.0  0.00   1.6  16.0   9:00p     E
16  36.1  45.8   3:10p  32.8   1:50a  28.9   0.0  0.08   3.8  17.0   8:50a     E
17  38.9  43.2   2:40p  35.8  12:10a  26.1   0.0  0.49   3.2  14.0   8:40p     E
18  40.2  44.9  12:50p  38.3   9:20p  24.8   0.0  0.82   2.4  17.0   1:10a   WNW
19  38.0  43.6  12:50p  27.8  11:40p  27.0   0.0  0.00   3.3  20.0   1:30p   WNW
20  31.8  38.3   8:10p  21.8   7:40a  33.2   0.0  0.06   3.0  19.0   8:00p   ESE
21  35.4  37.5  12:20a  33.1  10:10a  29.6   0.0  1.01   3.5  22.0   2:30a     W
22  29.0  33.5  12:10a  25.8   8:30a  36.0   0.0  0.02   8.0  30.0   2:50p   WNW
23  32.0  36.3  12:50p  29.5   4:10a  33.0   0.0  0.20   2.4  20.0   1:50p     W
24  30.7  36.9  12:50p  28.1  12:00m  34.3   0.0  0.11   1.6  15.0  12:10a     E
25  24.7  30.6   1:40p  11.9  10:00p  40.3   0.0  0.12   1.0  11.0  12:10p   NNW
26  20.1  28.5   6:30p   8.1   5:10a  44.9   0.0  0.00   2.5  19.0   7:30p   ENE
27  23.5  28.4  12:20a  18.3   4:20a  41.5   0.0  0.00   2.8  13.0  12:40p   WNW
28  26.9  28.4   2:30p  25.1   9:00a  38.1   0.0  0.00   1.8  12.0   1:00p     W
29  26.5  29.3   2:00p  20.8  11:40p  38.5   0.0  0.00   0.9  12.0   9:40p    NE
30  22.5  25.6   3:00p  17.3   3:40a  42.5   0.0  0.00   3.3  22.0  12:30p   WNW
31  31.4  37.6   2:50p  24.2  12:10a  33.6   0.0  0.16   2.8  14.0   2:30a     W
-------------------------------------------------------------------------------------
    34.4  70.3     4     8.1    26   948.0   0.9  5.47   2.3  30.0    22     WNW

Max >=  90.0:  0
Max <=  32.0:  6
Min <=  32.0: 21
Min <=   0.0:  0
Max Rain: 1.17 ON 12/10/12
Days of Rain: 18 (>.01 in) 12 (>.1 in) 2 (>1 in)
Heat Base:  65.0  Cool Base:  65.0  Method: Integration